NOAA style reports

NOAA-style Climate Reports

Select NOAA data to display

Select a Year or Month report
2019 > Jan Feb Mar Apr May Jun Jul Aug Sep Oct Nov Dec
2018 > Jan Feb Mar Apr May Jun Jul Aug Sep Oct Nov Dec
2017 > Jan Feb Mar Apr May Jun Jul Aug Sep Oct Nov Dec

Report for 2019 02

Daily noaa report



                            MONTHLY CLIMATOLOGICAL SUMMARY for FEB. 2019

NAME: Home Weather Station VP2   CITY: Pointe-Claire STATE: Quebec, Canada
ELEV: 157 LAT: 045:28:02 LONG: 0073:48:18

                            TEMPERATURE ( C), RAIN (mm), WIND SPEED (kmh)

                                               HEAT     COOL           AVG
      MEAN                                     DEG      DEG            WIND                       DOM
DAY   TEMP    HIGH   TIME     LOW    TIME      DAYS     DAYS    RAIN   SPEED    HIGH    TIME      DIR
--------------------------------------------------------------------------------------------------------
01   -14.4   -11.5   16:04   -17.2   07:54     32.7     00.0    00.0   11.7     40.7    10:39      SW
02   -10.5   -06.7   18:03   -15.5   04:39     28.8     00.0    02.4   06.2     35.1    11:22      SW
03   -11.9   -09.6   00:01   -12.9   08:51     30.2     00.0    00.0   09.9     33.3    16:51      NE
04   -05.8   -03.4   17:42   -11.0   00:12     24.1     00.0    02.2   03.2     16.6    20:58     NNE
05   -00.6    06.3   08:02   -08.3   00:00     18.9     00.0    04.8   07.1     48.1    10:00     WSW
06   -09.1   -06.4   22:53   -10.9   07:59     27.4     00.0    00.8   11.9     35.1    17:56     NNE
07   -04.3    00.6   00:00   -06.8   00:48     22.6     00.0    02.0   08.0     25.9    14:41     NNE
08    00.2    06.3   07:47   -08.5   00:00     18.1     00.0    00.8   18.4     66.6    17:09      SW
09   -09.5   -06.8   15:27   -11.5   08:02     27.8     00.0    00.0   14.7     66.6    01:47     WSW
10   -09.6   -06.1   16:24   -13.1   07:53     27.9     00.0    00.0   07.6     33.3    15:35      SW
11   -10.8   -07.7   15:59   -13.3   00:00     29.1     00.0    00.0   03.5     27.8    23:52      NE
12   -13.0   -06.9   23:47   -16.4   07:14     31.3     00.0    00.2   14.8     37.0    12:44     ENE
13   -04.2   -00.7   14:32   -07.6   00:51     22.5     00.0    01.2   11.3     40.7    16:34      SW
14   -06.2   -03.9   16:00   -08.1   22:27     24.5     00.0    00.0   09.3     42.5    10:28     WSW
15   -00.8    03.6   15:46   -07.1   04:18     19.1     00.0    01.8   10.7     51.8    20:29     SSW
16   -04.3   -01.4   00:06   -10.0   00:00     22.6     00.0    00.0   09.7     40.7    00:35     WSW
17   -11.0   -07.6   15:10   -14.7   07:22     29.3     00.0    00.0   00.9     18.5    11:48     SSE
18   -10.7   -06.5   16:19   -13.4   05:30     29.0     00.0    00.0   08.7     37.0    09:12      NE
19   -12.7   -08.9   16:41   -17.0   07:15     31.0     00.0    00.0   07.8     38.9    14:46     WSW
20   -09.6   -04.9   23:05   -16.1   07:12     27.9     00.0    00.0   02.5     22.2    23:32     ESE
21   -02.7    02.8   15:43   -07.8   06:29     21.0     00.0    06.8   08.8     40.7    15:18      W 
22   -03.3   -00.4   16:07   -06.4   06:55     21.6     00.0    00.0   05.2     35.1    16:40     WSW
--------------------------------------------------------------------------------------------------------
-7.5 (-7.6)   06.3  day 08    -17.2  day 01   567.3    000.0   023.2   08.7     66.6   day 08     WSW
Max <=   0: 17
Min <=   0: 22
Max <=  -5: 11
Min <=  -5: 22
Max <= -10: 1
Min <= -10: 14
Min <= -15: 5
Max Rain: 6.8 ON 21-02-19
Days of Rain: 10 (> .2mm) 4 (> 2mm) 0 (> 20mm)