NOAA style reports

NOAA-style Climate Reports

Select NOAA data to display

Select a Year or Month report
2018 > Jan Feb Mar Apr May Jun Jul Aug Sep Oct Nov Dec
2017 > Jan Feb Mar Apr May Jun Jul Aug Sep Oct Nov Dec

Report for 2017 Dec

Daily noaa report



                            MONTHLY CLIMATOLOGICAL SUMMARY for DEC. 2017

NAME: Home Weather Station VP2   CITY: Pointe-Claire STATE: Quebec, Canada
ELEV: 157 LAT: 045:28:02 LONG: 0073:48:18

                            TEMPERATURE ( C), RAIN (mm), WIND SPEED (kmh)

                                               HEAT     COOL           AVG
      MEAN                                     DEG      DEG            WIND                       DOM
DAY   TEMP    HIGH   TIME     LOW    TIME      DAYS     DAYS    RAIN   SPEED    HIGH    TIME      DIR
--------------------------------------------------------------------------------------------------------
01    03.1    05.0   02:22    00.0   23:03     15.2     00.0    00.0   03.9     24.1    02:52      SW
02    01.6    03.4   14:19    00.1   00:00     16.7     00.0    00.0   00.6     11.1    14:18     ENE
03    00.5    02.0   16:57   -01.0   07:51     17.8     00.0    00.2   05.3     18.5    13:43      NE
04    01.7    05.5   23:53   -01.9   07:52     16.6     00.0    00.0   04.1     24.1    23:45      NE
05    07.1    09.3   22:23    05.2   00:19     11.2     00.0    10.2   03.6     46.3    22:35     SSW
06    02.2    05.8   01:12    00.3   09:02     16.1     00.0    00.0   12.8     46.3    14:38      SW
07    00.3    01.2   00:11   -01.4   21:10     18.0     00.0    00.0   08.8     29.6    23:22      SW
08   -00.7    00.7   18:52   -02.3   06:51     19.0     00.0    00.0   09.6     44.4    18:48     SSW
09   -01.2    00.8   12:52   -03.8   00:00     19.5     00.0    00.0   04.4     27.8    01:11      E 
10   -03.3   -01.3   23:09   -04.4   18:40     21.6     00.0    00.0   05.3     35.1    13:36      SW
11   -08.8   -02.7   00:03   -12.0   09:04     27.1     00.0    01.6   03.2     20.4    01:43      NE
12   -08.6   -06.8   23:57   -10.6   06:17     26.9     00.0    02.2   08.9     33.3    05:33      NE
13   -11.1   -06.9   00:16   -15.3   00:00     29.4     00.0    00.6   11.4     44.4    14:10      SW
14   -15.8   -14.4   15:49   -18.4   08:14     34.1     00.0    00.0   12.9     38.9    15:05      SW
15   -13.5   -09.2   16:12   -18.4   08:09     31.8     00.0    00.0   03.8     22.2    03:31     SSE
16   -10.8   -07.7   16:07   -13.2   00:00     29.1     00.0    00.4   03.5     18.5    16:10      NE
17   -14.5   -11.5   14:10   -18.3   08:17     32.8     00.0    00.0   00.7     09.3    15:28      S 
18   -11.9   -10.1   00:00   -14.1   05:42     30.2     00.0    01.6   05.1     18.5    05:38      NE
19   -03.2    03.4   16:48   -10.1   00:22     21.5     00.0    06.8   05.9     48.1    16:40      SW
20   -03.3    01.5   01:20   -10.6   00:00     21.6     00.0    00.0   07.7     37.0    05:37      SW
21   -11.9   -10.1   15:10   -13.7   05:20     30.2     00.0    00.0   03.9     18.5    16:49     SSW
22   -13.2   -11.9   19:02   -14.6   08:50     31.5     00.0    00.0   09.7     38.9    16:25      NE
23   -08.1   -05.3   20:49   -12.2   00:16     26.4     00.0    08.6   08.1     29.6    23:56     NNE
24   -07.1   -05.4   14:12   -08.1   08:38     25.4     00.0    01.8   05.4     35.1    23:58     SSW
25   -08.1   -06.7   00:00   -09.7   13:38     26.4     00.0    01.2   10.6     40.7    00:01      NE
26   -12.1   -06.7   00:26   -17.2   00:00     30.4     00.0    00.0   10.5     38.9    13:54      SW
27   -19.8   -17.2   00:16   -22.9   00:00     38.1     00.0    00.0   06.1     29.6    16:38      SW
28   -23.0   -20.3   15:46   -26.0   08:01     41.3     00.0    00.0   09.9     33.3    14:01      SW
29   -20.7   -18.1   16:19   -23.1   05:27     39.0     00.0    00.0   04.3     25.9    16:44      SW
30   -19.3   -16.7   15:18   -22.0   06:58     37.6     00.0    00.0   02.4     18.5    12:41     ENE
31   -20.6   -18.6   15:45   -22.3   23:37     38.9     00.0    00.0   07.2     29.6    16:18      SW
--------------------------------------------------------------------------------------------------------
-8.2 (-8.2)   09.3  day 05    -26.0  day 28   821.5    000.0   035.2   06.4     48.1   day 19      SW
Max <=   0: 20
Min <=   30: 31
Min <= -18: 8
Max <=  -5: 18
Min <=  -5: 21
Max <= -10: 10
Min <= -10: 19
Max <= -15: 5
Min <= -15: 10
Max <= -20: 1
Min <= -20: 5
Min <= -25: 1
Max Rain: 10.2 ON 5-12-18
Days of Rain: 11 (> .2mm) 4 (> 2mm) 0 (> 20mm)