NOAA style reports

NOAA-style Climate Reports

Select NOAA data to display

Select a Year or Month report
2018 > Jan Feb Mar Apr May Jun Jul Aug Sep Oct Nov Dec
2017 > Jan Feb Mar Apr May Jun Jul Aug Sep Oct Nov Dec

Report for 2018 Feb

Daily noaa report



                            MONTHLY CLIMATOLOGICAL SUMMARY for FEB. 2018

NAME: Home Weather Station VP2   CITY: Pointe-Claire STATE: Quebec, Canada
ELEV: 157 LAT: 045:28:02 LONG: 0073:48:18

                            TEMPERATURE ( C), RAIN (mm), WIND SPEED (kmh)

                                               HEAT     COOL           AVG
      MEAN                                     DEG      DEG            WIND                       DOM
DAY   TEMP    HIGH   TIME     LOW    TIME      DAYS     DAYS    RAIN   SPEED    HIGH    TIME      DIR
--------------------------------------------------------------------------------------------------------
01   -03.9    05.0   15:42   -11.4   01:42     22.2     00.0    00.2   03.5     50.0    18:44      S 
02   -14.2   -06.5   00:02   -17.7   23:48     32.5     00.0    00.0   06.2     35.1    12:53      SW
03   -13.2   -06.8   00:00   -20.3   05:53     31.5     00.0    00.2   01.2     18.5    13:24      S 
04   -03.0   -00.6   16:41   -06.8   00:57     21.3     00.0    09.8   02.3     18.5    15:22     SSE
05   -08.4   -00.8   04:17   -12.3   12:09     26.7     00.0    01.2   08.1     38.9    11:13      S 
06   -07.3   -04.6   16:21   -09.9   00:42     25.6     00.0    01.2   05.6     29.6    12:02     SSW
07   -11.5   -09.7   22:24   -13.1   05:18     29.8     00.0    04.0   05.0     22.2    16:18     NNE
08   -10.6   -06.3   16:11   -16.1   06:27     28.9     00.0    00.0   05.0     27.8    23:58     SSW
09   -08.9   -05.8   14:27   -14.2   07:22     27.2     00.0    00.2   03.7     24.1    00:21     SSW
10   -06.4   -04.6   23:25   -09.0   07:13     24.7     00.0    05.2   01.4     09.3    09:01     NNE
11   -04.0    00.2   22:54   -07.1   08:46     22.3     00.0    01.0   06.4     38.9    23:08     NNE
12   -05.5   -00.7   00:03   -10.2   00:00     23.8     00.0    00.0   05.6     37.0    00:29      SW
13   -10.2   -05.8   15:38   -17.0   07:48     28.5     00.0    00.0   02.8     24.1    13:59     SSW
14   -01.7    04.8   16:16   -11.1   01:41     20.0     00.0    00.0   05.9     40.7    12:42     SSW
15    02.3    05.6   16:23   -02.7   05:28     16.0     00.0    00.4   04.1     33.3    15:01     SSW
16   -00.3    03.8   00:31   -07.8   00:00     18.6     00.0    05.2   01.3     16.6    19:04     SSW
17   -06.5   -02.8   15:02   -12.9   06:37     24.8     00.0    00.0   02.5     25.9    11:49      S 
18   -01.8    02.9   16:09   -05.1   07:32     20.1     00.0    00.0   03.8     29.6    10:45     SSW
19    01.3    06.3   14:12   -03.4   00:02     17.0     00.0    00.6   01.0     18.5    08:30      SE
20    01.6    02.4   14:30    00.6   23:26     16.7     00.0    09.2   06.2     24.1    10:56     NNE
21    03.0    09.2   12:05   -01.4   00:00     15.3     00.0    01.2   04.1     33.3    15:21     WSW
22   -04.8   -01.5   00:05   -07.0   00:00     23.1     00.0    00.0   01.5     18.5    09:32     ENE
23   -02.9    01.9   00:00   -07.9   07:35     21.2     00.0    02.8   02.7     22.2    10:01     ENE
24    02.0    03.5   10:47   -02.2   23:58     16.3     00.0    00.0   05.2     29.6    06:14     SSW
25    00.4    05.2   22:30   -03.2   06:30     17.9     00.0    04.8   08.2     37.0    23:58      E 
26    02.8    05.1   15:06   -00.6   22:06     15.5     00.0    00.0   09.1     38.9    10:30      SW
27    03.3    07.9   16:21   -02.3   07:02     15.0     00.0    00.0   07.1     29.6    22:31     SSW
28    04.2    08.5   13:28    01.2   23:37     14.1     00.0    00.0   05.0     31.4    16:14      NE
--------------------------------------------------------------------------------------------------------
-3.7 (-3.8)   09.2  day 21    -20.3  day 03   616.7    000.0   047.2   04.5     50.0   day 26     SSW
Max <=   0: 13
Min <=   30: 28
Min <= -18: 1
Max <=  -5: 6
Min <=  -5: 19
Min <= -10: 11
Min <= -15: 4
Min <= -20: 1
Max Rain: 9.8 ON 4-02-18
Days of Rain: 16 (> .2mm) 7 (> 2mm) 0 (> 20mm)