NOAA style reports

NOAA-style Climate Reports

Select NOAA data to display

Select a Year or Month report
2018 > Jan Feb Mar Apr May Jun Jul Aug Sep Oct Nov Dec
2017 > Jan Feb Mar Apr May Jun Jul Aug Sep Oct Nov Dec

Report for 2018 Mar

Daily noaa report



                            MONTHLY CLIMATOLOGICAL SUMMARY for MAR. 2018

NAME: Home Weather Station VP2   CITY: Pointe-Claire STATE: Quebec, Canada
ELEV: 157 LAT: 045:28:02 LONG: 0073:48:18

                            TEMPERATURE ( C), RAIN (mm), WIND SPEED (kmh)

                                               HEAT     COOL           AVG
      MEAN                                     DEG      DEG            WIND                       DOM
DAY   TEMP    HIGH   TIME     LOW    TIME      DAYS     DAYS    RAIN   SPEED    HIGH    TIME      DIR
--------------------------------------------------------------------------------------------------------
01    01.4    03.2   13:22   -00.7   00:00     16.9     00.0    00.0   05.5     35.1    00:00     NNE
02   -00.3    01.6   15:09   -02.1   07:28     18.6     00.0    01.0   11.3     44.4    11:13     NNE
03    02.6    06.0   16:23    00.0   06:36     15.7     00.0    00.0   02.4     25.9    19:46     NNE
04    01.1    02.8   12:30   -00.5   00:00     17.2     00.0    03.8   00.8     20.4    13:09     ENE
05    00.4    02.6   14:11   -01.5   02:51     17.9     00.0    00.0   05.9     33.3    12:10     NNE
06   -00.4    02.1   16:42   -02.6   06:39     18.7     00.0    00.0   08.9     27.8    21:49     NNE
07   -00.5    01.3   11:48   -01.7   03:24     18.8     00.0    00.4   08.0     29.6    17:05      NE
08   -01.5   -00.6   00:10   -02.2   23:46     19.8     00.0    01.4   10.3     33.3    08:20     NNE
09   -00.7    03.4   16:30   -02.7   06:01     19.0     00.0    01.0   01.8     18.5    23:31      S 
10   -01.2    01.9   14:14   -04.6   07:07     19.5     00.0    02.4   06.8     33.3    13:36      SW
11    00.0    02.3   16:47   -02.2   07:34     18.3     00.0    00.2   05.9     29.6    14:54      SW
12    01.0    03.8   16:03   -01.3   08:06     17.3     00.0    00.0   03.2     22.2    19:20     ENE
13   -00.1    02.0   00:30   -01.1   16:29     18.4     00.0    07.4   06.2     35.1    14:49     NNE
14    00.2    01.7   15:13   -00.7   01:37     18.1     00.0    13.0   01.0     18.5    15:49     ESE
15   -00.1    03.3   15:43   -02.3   07:22     18.4     00.0    03.4   06.8     29.6    18:09      SW
16   -04.7   -01.7   00:06   -06.9   09:31     23.0     00.0    00.0   10.6     44.4    15:40      SW
17   -08.4   -06.2   17:33   -11.1   00:00     26.7     00.0    00.0   05.8     27.8    11:51      SW
18   -10.2   -05.6   17:14   -15.2   07:43     28.5     00.0    00.0   04.9     29.6    15:59      SW
19   -08.0   -03.4   18:09   -12.3   06:33     26.3     00.0    00.0   06.0     33.3    17:27      SW
20   -05.8   -00.8   16:43   -10.6   07:32     24.1     00.0    00.0   01.4     14.8    17:37      S 
21   -03.0    02.1   17:37   -07.8   02:45     21.3     00.0    00.0   05.5     29.6    08:57     NNE
22    01.4    06.8   16:26   -02.7   07:44     16.9     00.0    00.0   06.1     29.6    11:50     NNE
23    02.1    06.0   14:47   -02.7   05:42     16.2     00.0    00.0   02.5     22.2    17:14     SSW
24   -00.8    02.1   00:03   -03.8   08:35     19.1     00.0    00.0   02.9     29.6    22:51     ESE
25    00.4    04.6   16:35   -03.1   07:47     17.9     00.0    00.0   08.1     33.3    13:18     NNE
26    01.4    07.5   16:47   -04.2   07:22     16.9     00.0    00.0   03.1     18.5    13:03      NE
27    03.2    08.0   14:54   -03.2   06:45     15.1     00.0    00.0   02.2     24.1    15:24     ESE
28    03.6    07.7   15:42    01.4   06:14     14.7     00.0    00.6   00.8     12.9    19:03     SSE
29    05.5    10.3   15:30    02.3   00:26     12.8     00.0    04.8   02.4     20.4    21:04      NE
30    04.7    08.9   14:52    01.8   00:00     13.6     00.0    04.4   04.1     25.9    14:54      SW
31    03.4    09.4   16:13   -02.9   07:05     14.9     00.0    00.0   05.1     35.1    13:51     SSW
--------------------------------------------------------------------------------------------------------
-0.4 (-0.2)   10.3  day 29    -15.2  day 18   580.6    000.0   043.8   05.0     44.4   day 16     NNE
Max <=   0: 6
Min <=   30: 31
Max <=  -5: 2
Min <=  -5: 6
Min <= -10: 4
Min <= -15: 1
Max Rain: 13.0 ON 14-03-18
Days of Rain: 13 (> .2mm) 7 (> 2mm) 0 (> 20mm)