NOAA style reports

NOAA-style Climate Reports

Select NOAA data to display

Select a Year or Month report
2019 > Jan Feb Mar Apr May Jun Jul Aug Sep Oct Nov Dec
2018 > Jan Feb Mar Apr May Jun Jul Aug Sep Oct Nov Dec
2017 > Jan Feb Mar Apr May Jun Jul Aug Sep Oct Nov Dec

Report for 2018 Apr

Daily noaa report



                            MONTHLY CLIMATOLOGICAL SUMMARY for APR. 2018

NAME: Home Weather Station VP2   CITY: Pointe-Claire STATE: Quebec, Canada
ELEV: 157 LAT: 045:28:02 LONG: 0073:48:18

                            TEMPERATURE ( C), RAIN (mm), WIND SPEED (kmh)

                                               HEAT     COOL           AVG
      MEAN                                     DEG      DEG            WIND                       DOM
DAY   TEMP    HIGH   TIME     LOW    TIME      DAYS     DAYS    RAIN   SPEED    HIGH    TIME      DIR
--------------------------------------------------------------------------------------------------------
01    02.9    06.9   00:19   -01.2   23:56     15.4     00.0    00.2   10.7     44.4    13:54      SW
02    01.4    05.5   18:07   -01.8   06:04     16.9     00.0    00.0   04.8     29.6    15:36     SSW
03    03.8    07.7   15:28    00.0   07:26     14.5     00.0    00.2   04.8     31.4    22:50     ENE
04    00.8    07.3   15:39   -05.8   00:00     17.5     00.0    21.6   15.1     66.6    22:12      SW
05   -06.1   -02.5   18:14   -09.8   07:22     24.4     00.0    00.0   12.5     53.6    13:02      SW
06   -00.7    05.1   13:20   -05.4   02:15     19.0     00.0    00.0   02.8     25.9    09:49     SSE
07    00.4    02.9   16:22   -01.9   00:00     17.9     00.0    00.0   11.6     55.5    08:10      SW
08   -01.0    01.9   17:24   -04.1   00:00     19.3     00.0    00.0   02.9     27.8    13:03     SSW
09   -02.4    02.5   17:02   -07.2   06:54     20.7     00.0    00.0   02.6     29.6    14:37     SSW
10    00.7    04.9   16:57   -02.9   06:45     17.6     00.0    00.0   02.6     27.8    14:41      S 
11    03.2    08.1   16:22   -01.8   06:55     15.1     00.0    00.0   05.8     31.4    20:34      S 
12    05.3    10.0   14:16    01.7   02:04     13.0     00.0    04.0   01.3     20.4    19:52     SSE
13    06.3    10.5   15:09    03.2   03:47     12.0     00.0    00.0   02.3     20.4    14:07      S 
14    00.1    06.6   00:13   -02.8   12:57     18.2     00.0    00.0   07.7     29.6    09:37     NNE
15   -02.7   -00.4   00:00   -05.7   07:53     21.0     00.0    00.8   16.3     50.0    05:10      NE
16    00.9    03.7   20:01   -00.9   04:46     17.4     00.0    09.6   08.0     46.3    00:40      NE
17    01.9    03.2   13:36    00.3   00:00     16.4     00.0    00.2   09.3     38.9    15:17      SW
18    03.3    07.1   16:36   -00.2   05:58     15.0     00.0    00.6   11.7     40.7    15:11      SW
19    02.9    04.9   18:52    00.6   05:57     15.4     00.0    00.8   04.0     22.2    00:40     SSW
20    04.8    08.5   17:54    01.1   04:28     13.5     00.0    00.0   04.0     25.9    16:23     SSW
21    07.2    13.1   17:23    01.7   06:25     11.1     00.0    00.0   03.4     31.4    14:19     SSW
22    08.6    15.8   17:24    01.9   06:29     09.7     00.0    00.0   01.7     27.8    14:14      S 
23    11.2    19.7   17:18    02.9   04:49     07.1     00.0    00.0   01.5     18.5    16:23      S 
24    14.5    22.3   16:07    05.9   06:19     03.8     00.0    00.0   02.8     29.6    11:47      S 
25    12.7    14.8   14:59    10.3   09:00     05.6     00.0    13.6   01.9     22.2    14:37      E 
26    09.5    11.7   00:55    07.3   12:23     08.8     00.0    06.6   05.9     35.1    12:05     SSW
27    09.9    14.8   14:41    05.2   06:52     08.4     00.0    00.0   01.2     22.2    01:50     SSE
28    10.5    15.4   16:49    08.0   04:24     07.8     00.0    01.0   02.0     29.6    14:59      S 
29    06.6    08.7   00:13    05.2   22:47     11.7     00.0    11.6   00.9     12.9    15:20      SE
30    08.0    09.9   19:22    05.4   00:03     10.3     00.0    08.8   06.0     27.8    05:27     NNE
--------------------------------------------------------------------------------------------------------
04.2 (4.3)   22.3  day 24    -09.8  day 05   424.3    000.0   079.8   05.6     66.6   day 04     SSW
Max <=   0: 2
Min <=   30: 30
Min <=  -5: 5
Max Rain: 21.6 ON 4-04-18
Days of Rain: 14 (> .2mm) 7 (> 2mm) 1 (> 20mm)