NOAA style reports

NOAA-style Climate Reports

Select NOAA data to display

Select a Year or Month report
2019 > Jan Feb Mar Apr May Jun Jul Aug Sep Oct Nov Dec
2018 > Jan Feb Mar Apr May Jun Jul Aug Sep Oct Nov Dec
2017 > Jan Feb Mar Apr May Jun Jul Aug Sep Oct Nov Dec

Report for 2018 May

Daily noaa report



                            MONTHLY CLIMATOLOGICAL SUMMARY for MAY. 2018

NAME: Home Weather Station VP2   CITY: Pointe-Claire STATE: Quebec, Canada
ELEV: 157 LAT: 045:28:02 LONG: 0073:48:18

                            TEMPERATURE ( C), RAIN (mm), WIND SPEED (kmh)

                                               HEAT     COOL           AVG
      MEAN                                     DEG      DEG            WIND                       DOM
DAY   TEMP    HIGH   TIME     LOW    TIME      DAYS     DAYS    RAIN   SPEED    HIGH    TIME      DIR
--------------------------------------------------------------------------------------------------------
01    12.2    18.9   15:09    07.2   06:36     06.1     00.0    00.2   02.7     24.1    16:54      S 
02    18.8    26.5   13:57    11.0   01:29     00.0     00.5    00.0   09.7     55.5    15:58     SSW
03    15.1    17.8   13:23    13.1   07:07     03.2     00.0    13.4   01.2     14.8    22:29      S 
04    11.5    19.9   23:02    08.4   07:18     06.8     00.0    05.0   06.7     85.1    22:42     SSW
05    13.7    20.9   15:27    06.9   05:40     04.6     00.0    00.0   10.9     66.6    00:06     SSW
06    14.8    19.8   16:29    10.8   07:00     03.5     00.0    00.0   07.0     24.1    14:26     NNE
07    10.6    16.1   16:03    05.3   06:10     07.7     00.0    00.0   10.0     27.8    08:11     NNE
08    15.1    22.7   18:07    05.4   06:04     03.2     00.0    00.0   09.5     31.4    16:23     SSW
09    19.5    27.9   16:29    11.6   04:08     00.0     01.2    00.0   04.0     18.5    14:19      NE
10    18.0    22.3   15:28    09.6   00:00     00.3     00.0    00.5   13.2     42.5    16:11     SSW
11    07.9    12.7   18:04    03.3   05:01     10.4     00.0    00.0   09.6     29.6    15:24     SSW
12    11.8    18.7   17:01    03.9   06:04     06.5     00.0    00.0   03.1     18.5    13:29      S 
13    17.1    23.4   16:48    06.7   05:09     01.2     00.0    00.0   00.9     16.6    15:14     SSE
14    18.9    25.9   17:29    11.7   06:31     00.0     00.6    00.0   08.9     35.1    15:13     SSW
15    16.8    21.7   17:15    11.7   00:00     01.5     00.0    01.2   05.9     25.9    19:34     SSW
16    14.3    23.5   17:07    04.7   05:59     04.0     00.0    00.0   04.2     29.6    21:03      NE
17    15.8    19.8   18:11    10.6   00:00     02.5     00.0    00.0   06.0     29.6    07:37     NNE
18    12.1    17.9   17:29    06.1   05:51     06.2     00.0    00.0   02.6     25.9    12:30     NNE
19    12.5    20.1   12:05    07.5   05:52     05.8     00.0    05.2   01.9     33.3    15:53     ESE
20    15.8    22.1   15:31    11.4   00:02     02.5     00.0    07.4   02.4     24.1    20:23     SSW
21    18.0    25.9   16:14    09.1   05:55     00.3     00.0    00.0   05.0     31.4    14:54     SSW
22    16.8    22.8   12:37    13.1   06:25     01.5     00.0    01.8   01.3     29.6    13:39      S 
23    17.6    25.4   17:08    11.4   06:30     00.7     00.0    00.0   02.3     29.6    08:13      S 
24    17.5    24.8   17:21    12.4   08:12     00.8     00.0    00.0   02.4     25.9    14:06      S 
25    21.0    26.5   16:23    17.1   05:35     00.0     02.7    00.0   09.1     42.5    15:53     SSW
26    19.1    22.5   18:35    16.4   10:20     00.0     00.8    07.6   01.5     20.4    05:08     SSE
27    15.7    19.1   12:02    12.1   05:47     02.6     00.0    00.0   02.6     20.4    18:31      NE
28    17.2    21.6   18:19    13.2   07:37     01.1     00.0    00.8   00.4     12.9    00:42     SSE
29    21.1    26.4   16:32    16.5   05:59     00.0     02.8    00.2   01.2     22.2    10:07      NE
30    21.9    30.6   16:35    12.8   05:52     00.0     03.6    00.0   01.1     20.4    11:57     ENE
31    24.1    30.5   14:29    19.2   06:37     00.0     05.8    00.0   00.9     18.5    17:12     SSE
--------------------------------------------------------------------------------------------------------
16.2 (16.4)   30.6  day 30     03.3  day 11   082.9    018.0   043.4   04.8     85.1   day 04     SSW
Max >=  30: 2
Max Rain: 13.4 ON 3-05-19
Days of Rain: 11 (> .2mm) 5 (> 2mm) 0 (> 20mm)