NOAA style reports

NOAA-style Climate Reports

Select NOAA data to display

Select a Year or Month report
2018 > Jan Feb Mar Apr May Jun Jul Aug Sep Oct Nov Dec
2017 > Jan Feb Mar Apr May Jun Jul Aug Sep Oct Nov Dec

Report for 2018 Jun

Daily noaa report



                            MONTHLY CLIMATOLOGICAL SUMMARY for JUN. 2018

NAME: Home Weather Station VP2   CITY: Pointe-Claire STATE: Quebec, Canada
ELEV: 157 LAT: 045:28:02 LONG: 0073:48:18

                            TEMPERATURE ( C), RAIN (mm), WIND SPEED (kmh)

                                               HEAT     COOL           AVG
      MEAN                                     DEG      DEG            WIND                       DOM
DAY   TEMP    HIGH   TIME     LOW    TIME      DAYS     DAYS    RAIN   SPEED    HIGH    TIME      DIR
--------------------------------------------------------------------------------------------------------
01    25.3    31.2   16:04    21.2   06:44     00.0     07.0    00.4   00.7     22.2    23:23      S 
02    20.4    26.0   16:49    14.9   06:58     00.0     02.1    00.0   04.7     27.8    12:55      N 
03    19.4    25.6   16:47    12.4   05:50     00.0     01.1    01.4   04.5     29.6    16:48      NE
04    11.5    16.6   00:03    08.3   09:06     06.8     00.0    24.4   03.3     33.3    17:52      S 
05    13.2    15.9   16:57    10.8   04:59     05.1     00.0    00.4   03.7     25.9    02:17     SSW
06    13.8    17.6   16:08    11.0   05:38     04.5     00.0    00.0   01.1     16.6    08:41      N 
07    16.6    22.0   17:05    12.7   06:33     01.7     00.0    00.0   05.9     31.4    16:36     SSW
08    18.9    23.5   16:30    13.9   06:36     00.0     00.6    00.0   01.6     24.1    19:19     SSW
09    19.3    24.9   16:17    14.6   05:47     00.0     01.0    00.0   00.9     20.4    12:48     SSE
10    16.6    21.3   17:18    10.7   05:45     01.7     00.0    00.0   00.9     16.6    11:03      NE
11    17.9    23.8   15:31    10.2   05:39     00.4     00.0    00.0   01.2     18.5    15:42      E 
12    20.6    28.1   15:32    11.4   06:08     00.0     02.3    00.0   05.5     37.0    17:57     SSW
13    20.9    25.6   10:49    18.1   05:37     00.0     02.6    05.0   03.5     22.2    23:44     SSW
14    15.2    18.2   00:07    12.6   00:00     03.1     00.0    12.6   04.1     33.3    02:03      SW
15    18.5    26.2   17:02    11.7   05:43     00.0     00.2    00.0   02.2     29.6    18:22     SSW
16    22.2    29.3   17:24    14.7   06:40     00.0     03.9    00.0   03.3     22.2    16:17     SSW
17    24.0    29.6   17:05    17.6   05:35     00.0     05.7    00.0   03.9     22.2    11:52     SSW
18    23.8    29.4   16:45    19.9   05:21     00.0     05.5    24.4   03.4     29.6    10:27     SSW
19    20.3    25.9   17:07    14.6   06:01     00.0     02.0    00.0   01.1     20.4    12:21      S 
20    20.4    26.9   16:14    14.3   05:41     00.0     02.1    00.4   04.0     33.3    12:33     SSW
21    17.7    22.6   15:51    13.2   06:13     00.6     00.0    00.0   02.2     20.4    08:36      N 
22    19.6    26.8   16:10    11.7   05:51     00.0     01.3    00.0   00.4     12.9    13:11     SSE
23    18.6    22.6   12:19    15.3   00:00     00.0     00.3    05.0   00.6     27.8    12:26     SSE
24    17.1    24.4   15:07    14.8   00:00     01.2     00.0    06.2   01.2     35.1    15:36      N 
25    18.2    24.4   16:31    11.9   06:19     00.1     00.0    00.0   01.4     18.5    15:45     NNE
26    19.0    25.1   15:20    11.5   05:42     00.0     00.7    00.0   01.9     22.2    17:03     SSW
27    21.0    27.3   16:35    15.6   05:52     00.0     02.7    01.2   00.9     16.6    16:13     SSE
28    20.2    23.2   20:05    16.7   06:05     00.0     01.9    01.0   00.3     11.1    12:04     ESE
29    25.1    31.5   16:23    19.3   05:57     00.0     06.8    00.0   03.0     25.9    16:17     SSW
30    26.9    32.0   17:20    22.9   05:17     00.0     08.6    02.2   04.8     29.6    22:09     SSW
--------------------------------------------------------------------------------------------------------
19.4 (19.6)   32.0  day 30     08.3  day 04   025.4    058.4   084.6   02.5     37.0   day 12     SSW
Max >=  30: 3
Min <=   30: 30
Max Rain: 24.4 ON 4-06-18
Days of Rain: 13 (> .2mm) 7 (> 2mm) 2 (> 20mm)