NOAA style reports

NOAA-style Climate Reports

Select NOAA data to display

Select a Year or Month report
2019 > Jan Feb Mar Apr May Jun Jul Aug Sep Oct Nov Dec
2018 > Jan Feb Mar Apr May Jun Jul Aug Sep Oct Nov Dec
2017 > Jan Feb Mar Apr May Jun Jul Aug Sep Oct Nov Dec

Report for 2018 Jul

Daily noaa report



                            MONTHLY CLIMATOLOGICAL SUMMARY for JUL. 2018

NAME: Home Weather Station VP2   CITY: Pointe-Claire STATE: Quebec, Canada
ELEV: 157 LAT: 045:28:02 LONG: 0073:48:18

                            TEMPERATURE ( C), RAIN (mm), WIND SPEED (kmh)

                                               HEAT     COOL           AVG
      MEAN                                     DEG      DEG            WIND                       DOM
DAY   TEMP    HIGH   TIME     LOW    TIME      DAYS     DAYS    RAIN   SPEED    HIGH    TIME      DIR
--------------------------------------------------------------------------------------------------------
01    28.7    34.1   16:19    23.0   05:39     00.0     10.4    00.0   01.4     16.6    06:37     SSE
02    30.0    36.2   15:17    24.3   05:54     00.0     11.7    00.0   05.3     33.3    17:25     SSW
03    28.8    33.5   15:27    24.3   06:23     00.0     10.5    00.0   03.4     25.9    17:12      SW
04    28.6    35.2   15:49    21.2   04:55     00.0     10.3    00.0   02.3     18.5    14:20      S 
05    29.8    35.4   14:57    24.2   04:34     00.0     11.5    00.0   06.3     33.3    16:24     SSW
06    23.0    28.9   00:07    17.3   00:00     00.0     04.7    00.0   04.7     33.3    11:38      W 
07    22.0    29.1   16:12    14.9   05:51     00.0     03.7    00.0   03.7     24.1    23:56     WSW
08    24.0    29.4   15:41    18.2   06:18     00.0     05.7    00.0   10.4     44.4    17:14      SW
09    25.9    32.6   15:53    19.3   05:33     00.0     07.6    00.0   09.9     38.9    16:39      SW
10    25.9    32.4   15:24    21.2   00:00     00.0     07.6    00.0   03.6     25.9    01:36      W 
11    22.0    27.9   16:45    15.7   05:55     00.0     03.7    00.0   02.5     18.5    15:02      N 
12    23.1    29.6   16:00    18.3   05:53     00.0     04.8    00.0   01.9     25.9    12:38     ENE
13    24.1    29.6   16:36    17.8   05:50     00.0     05.8    00.0   01.4     16.6    11:12     SSE
14    24.6    29.9   16:32    20.9   06:30     00.0     06.3    00.4   02.5     18.5    16:33      S 
15    27.1    33.7   17:17    21.5   06:43     00.0     08.8    00.0   02.4     22.2    14:48      SW
16    27.4    34.9   16:02    20.2   05:56     00.0     09.1    00.0   01.9     22.2    17:07     SSE
17    25.0    30.3   15:06    20.2   00:00     00.0     06.7    31.8   03.7     37.0    02:10      SW
18    20.7    26.3   17:21    15.6   06:00     00.0     02.4    00.0   02.1     27.8    01:35     WNW
19    22.0    28.3   16:15    14.4   06:00     00.0     03.7    00.0   02.9     25.9    16:40      SW
20    25.2    31.8   16:32    17.5   06:07     00.0     06.9    00.0   01.7     22.2    16:15     SSE
21    26.1    31.4   17:05    20.1   06:08     00.0     07.8    00.0   03.3     25.9    13:17     SSE
22    21.8    26.2   19:24    17.7   13:34     00.0     03.5    05.6   05.8     29.6    14:52     ENE
23    25.2    28.8   15:39    22.1   05:23     00.0     06.9    00.0   04.6     27.8    13:18     ESE
24    25.7    29.7   14:12    23.1   06:07     00.0     07.4    01.0   04.7     29.6    14:20     SSE
25    23.6    25.7   14:40    21.9   23:12     00.0     05.3    21.0   03.1     24.1    10:47     SSE
26    24.2    28.1   17:56    21.3   04:40     00.0     05.9    10.4   02.5     25.9    20:07     SSW
27    24.4    29.8   15:57    20.6   05:57     00.0     06.1    00.0   04.5     35.1    18:31     SSW
28    22.6    28.0   15:50    18.3   23:40     00.0     04.3    03.6   03.8     40.7    19:55      SW
29    22.2    27.4   17:05    17.8   06:24     00.0     03.9    00.0   04.3     29.6    14:14      SW
30    23.4    29.7   16:29    17.9   06:02     00.0     05.1    00.0   04.2     27.8    12:52      SW
31    24.8    30.4   15:29    20.5   06:43     00.0     06.5    00.0   03.0     22.2    07:42     SSW
--------------------------------------------------------------------------------------------------------
24.9 (25.1)   36.2  day 02     14.4  day 19   000.0    204.6   073.8   03.8     44.4   day 08     SSW
Max >=  30: 13
Min <=   30: 31
Max Rain: 31.8 ON 17-07-18
Days of Rain: 7 (> .2mm) 5 (> 2mm) 2 (> 20mm)