NOAA style reports

NOAA-style Climate Reports

Select NOAA data to display

Select a Year or Month report
2019 > Jan Feb Mar Apr May Jun Jul Aug Sep Oct Nov Dec
2018 > Jan Feb Mar Apr May Jun Jul Aug Sep Oct Nov Dec
2017 > Jan Feb Mar Apr May Jun Jul Aug Sep Oct Nov Dec

Report for 2018 Aug

Daily noaa report



                            MONTHLY CLIMATOLOGICAL SUMMARY for AUG. 2018

NAME: Home Weather Station VP2   CITY: Pointe-Claire STATE: Quebec, Canada
ELEV: 157 LAT: 045:28:02 LONG: 0073:48:18

                            TEMPERATURE ( C), RAIN (mm), WIND SPEED (kmh)

                                               HEAT     COOL           AVG
      MEAN                                     DEG      DEG            WIND                       DOM
DAY   TEMP    HIGH   TIME     LOW    TIME      DAYS     DAYS    RAIN   SPEED    HIGH    TIME      DIR
--------------------------------------------------------------------------------------------------------
01    24.6    29.1   15:17    22.0   06:19     00.0     06.3    00.4   03.9     27.8    22:37     SSE
02    25.0    29.9   15:35    22.3   05:13     00.0     06.7    00.8   06.4     35.1    08:22      SW
03    24.6    27.9   16:08    21.6   06:43     00.0     06.3    00.0   01.4     12.9    18:11      S 
04    23.4    27.2   17:29    20.9   13:17     00.0     05.1    02.2   01.0     25.9    11:20     SSE
05    25.9    32.8   16:31    20.3   05:22     00.0     07.6    00.0   03.0     25.9    13:55     SSW
06    26.5    33.2   17:15    21.8   20:21     00.0     08.2    11.2   03.5     48.1    19:06      SW
07    24.7    29.6   17:22    22.0   09:00     00.0     06.4    01.2   02.5     29.6    07:16      SW
08    24.2    27.8   17:15    21.1   00:00     00.0     05.9    04.0   01.2     18.5    18:32      S 
09    23.4    28.1   14:31    20.6   05:32     00.0     05.1    03.6   03.4     33.3    13:21      SW
10    22.0    27.6   17:10    16.6   06:32     00.0     03.7    00.0   02.7     25.9    16:47     WSW
11    23.0    28.7   16:28    16.3   06:38     00.0     04.7    00.0   01.9     24.1    13:49      S 
12    24.3    30.8   15:52    18.1   06:37     00.0     06.0    00.0   02.0     20.4    18:42     ENE
13    25.4    31.2   15:56    21.2   03:51     00.0     07.1    00.0   01.2     18.5    15:41      SE
14    26.1    30.8   16:42    23.0   06:44     00.0     07.8    01.0   01.7     18.5    23:34     SSE
15    24.3    29.3   15:20    21.8   06:52     00.0     06.0    00.2   01.5     25.9    16:20     WSW
16    21.9    26.9   16:27    17.3   07:19     00.0     03.6    00.0   01.6     18.5    10:10     WNW
17    20.4    23.8   13:22    17.8   06:18     00.0     02.1    01.2   03.1     29.6    22:55      E 
18    21.2    26.3   17:00    17.4   07:22     00.0     02.9    00.0   04.5     25.9    15:22     NNE
19    22.7    28.9   15:35    16.5   06:33     00.0     04.4    00.0   01.9     18.5    16:54     ENE
20    22.9    29.6   15:35    16.8   06:52     00.0     04.6    00.0   01.6     22.2    12:09      SE
21    22.5    27.3   15:07    18.2   06:05     00.0     04.2    00.8   04.5     35.1    18:43     SSE
22    20.6    23.3   14:29    16.7   00:00     00.0     02.3    00.6   09.1     44.4    10:19     SSW
23    19.6    26.4   15:58    12.9   06:36     00.0     01.3    00.0   04.0     29.6    18:02     WSW
24    23.3    29.7   16:45    18.2   06:57     00.0     05.0    00.0   06.0     29.6    18:33      SW
25    23.8    30.6   16:10    17.5   06:55     00.0     05.5    00.0   03.3     35.1    13:53     SSW
26    21.6    25.8   16:42    19.8   12:17     00.0     03.3    15.6   02.4     25.9    17:47      S 
27    23.2    26.2   17:28    19.6   06:41     00.0     04.9    00.4   02.0     27.8    16:55     SSW
28    26.1    31.2   13:51    21.9   03:56     00.0     07.8    13.6   07.3     53.6    12:52      SW
29    25.3    31.9   14:32    22.6   07:11     00.0     07.0    05.0   03.7     55.5    14:35      SW
30    18.6    23.7   00:04    15.5   07:59     00.0     00.3    00.0   03.4     29.6    17:47      N 
31    18.5    24.8   15:54    11.4   06:46     00.0     00.2    00.0   05.0     24.1    13:18      NE
--------------------------------------------------------------------------------------------------------
23.2 (23.7)   33.2  day 06     11.4  day 31   000.0    152.2   073.8   03.2     55.5   day 29     SSW
Max >=  30: 8
Min <=   30: 31
Max Rain: 15.6 ON 26-08-18
Days of Rain: 16 (> .2mm) 7 (> 2mm) 0 (> 20mm)