NOAA style reports

NOAA-style Climate Reports

Select NOAA data to display

Select a Year or Month report
2019 > Jan Feb Mar Apr May Jun Jul Aug Sep Oct Nov Dec
2018 > Jan Feb Mar Apr May Jun Jul Aug Sep Oct Nov Dec
2017 > Jan Feb Mar Apr May Jun Jul Aug Sep Oct Nov Dec

Report for 2018 Sep

Daily noaa report



                            MONTHLY CLIMATOLOGICAL SUMMARY for SEP. 2018

NAME: Home Weather Station VP2   CITY: Pointe-Claire STATE: Quebec, Canada
ELEV: 157 LAT: 045:28:02 LONG: 0073:48:18

                            TEMPERATURE ( C), RAIN (mm), WIND SPEED (kmh)

                                               HEAT     COOL           AVG
      MEAN                                     DEG      DEG            WIND                       DOM
DAY   TEMP    HIGH   TIME     LOW    TIME      DAYS     DAYS    RAIN   SPEED    HIGH    TIME      DIR
--------------------------------------------------------------------------------------------------------
01    22.9    28.2   15:43    19.3   02:02     00.0     04.6    00.0   04.1     27.8    00:16     SSE
02    22.2    24.7   17:35    19.6   06:50     00.0     03.9    06.2   02.0     18.5    17:50     SSE
03    25.3    31.4   16:18    22.0   06:48     00.0     07.0    05.4   02.1     25.9    13:12      SW
04    23.3    27.1   14:54    19.3   07:27     00.0     05.0    00.0   01.8     22.2    14:15     ENE
05    25.8    33.1   15:52    18.7   06:46     00.0     07.5    01.2   05.5     40.7    14:20     SSW
06    23.3    28.4   00:17    17.2   00:00     00.0     05.0    00.0   03.3     42.5    00:19      NW
07    18.5    24.3   15:46    13.1   07:07     00.0     00.2    00.0   01.3     25.9    17:00     WNW
08    14.7    18.9   17:01    10.4   07:10     03.6     00.0    00.0   03.8     27.8    20:29      N 
09    13.0    17.5   16:08    07.5   07:03     05.3     00.0    00.0   04.0     25.9    13:38      NE
10    13.4    17.7   15:18    08.8   07:14     04.9     00.0    13.8   05.1     29.6    12:59     ENE
11    16.7    19.9   17:40    12.8   01:25     01.6     00.0    14.6   01.4     22.2    00:42     ENE
12    20.0    24.7   17:30    17.2   07:11     00.0     01.7    00.0   00.3     09.3    11:54      E 
13    20.7    27.2   16:10    15.2   07:03     00.0     02.4    00.0   00.6     18.5    15:03     ESE
14    22.4    29.2   16:08    16.1   06:45     00.0     04.1    00.0   01.0     24.1    13:54      SE
15    23.9    30.8   17:05    17.3   06:17     00.0     05.6    00.0   01.0     24.1    15:51     SSW
16    23.9    28.1   15:38    19.9   07:12     00.0     05.6    00.0   02.0     18.5    16:09     NNE
17    24.7    30.1   17:01    19.8   07:26     00.0     06.4    00.0   06.7     38.9    15:32      SW
18    20.6    27.3   15:11    12.6   00:00     00.0     02.3    00.0   05.5     31.4    18:23     NNW
19    13.9    17.0   17:22    11.3   07:22     04.4     00.0    00.0   04.7     22.2    16:18      NE
20    13.5    17.1   16:37    09.7   05:59     04.8     00.0    00.0   02.6     18.5    05:35      NE
21    18.3    23.4   17:27    14.4   04:26     00.0     00.0    39.8   10.9     51.8    20:15      S 
22    14.2    21.6   00:13    09.8   00:00     04.1     00.0    00.0   04.8     55.5    01:27      W 
23    11.4    18.4   15:17    08.3   07:12     06.9     00.0    00.0   05.3     29.6    21:57      NW
24    10.0    14.8   16:44    04.5   07:06     08.3     00.0    00.0   07.5     29.6    12:01      NE
25    12.8    15.8   00:00    10.4   02:04     05.5     00.0    06.4   09.1     46.3    13:23     SSE
26    18.7    23.1   11:28    14.7   00:00     00.0     00.4    05.6   07.0     38.9    16:42     SSW
27    14.2    18.7   15:38    09.0   07:30     04.1     00.0    00.0   01.4     18.5    13:21     ESE
28    16.6    21.3   16:14    12.9   05:09     01.7     00.0    01.6   04.2     29.6    22:20      S 
29    12.7    16.0   13:59    09.8   06:40     05.6     00.0    02.6   02.9     24.1    16:17     WSW
30    10.2    12.1   16:00    08.2   07:31     08.1     00.0    00.2   02.5     22.2    15:00     WSW
--------------------------------------------------------------------------------------------------------
18.1 (18.3)   33.1  day 05     04.5  day 24   069.1    061.7   062.0   03.8     55.5   day 22     SSE
Max >=  30: 4
Min <=   30: 30
Max Rain: 39.8 ON 21-09-18
Days of Rain: 11 (> .2mm) 8 (> 2mm) 1 (> 20mm)