NOAA style reports

NOAA-style Climate Reports

Select NOAA data to display

Select a Year or Month report
2019 > Jan Feb Mar Apr May Jun Jul Aug Sep Oct Nov Dec
2018 > Jan Feb Mar Apr May Jun Jul Aug Sep Oct Nov Dec
2017 > Jan Feb Mar Apr May Jun Jul Aug Sep Oct Nov Dec

Report for 2018 Oct

Daily noaa report



                            MONTHLY CLIMATOLOGICAL SUMMARY for OCT. 2018

NAME: Home Weather Station VP2   CITY: Pointe-Claire STATE: Quebec, Canada
ELEV: 157 LAT: 045:28:02 LONG: 0073:48:18

                            TEMPERATURE ( C), RAIN (mm), WIND SPEED (kmh)

                                               HEAT     COOL           AVG
      MEAN                                     DEG      DEG            WIND                       DOM
DAY   TEMP    HIGH   TIME     LOW    TIME      DAYS     DAYS    RAIN   SPEED    HIGH    TIME      DIR
--------------------------------------------------------------------------------------------------------
01    10.3    14.4   16:08    07.7   08:52     08.0     00.0    00.8   01.2     16.6    14:40      E 
02    09.2    10.8   00:10    07.6   07:55     09.1     00.0    09.0   06.4     25.9    13:55      NE
03    10.5    12.0   17:53    08.8   03:48     07.8     00.0    00.2   02.9     20.4    03:58     NNE
04    15.7    24.5   16:08    09.1   00:00     02.6     00.0    01.4   05.5     35.1    13:17      S 
05    07.7    11.1   15:34    04.2   07:47     10.6     00.0    00.0   03.9     24.1    10:23      NE
06    08.6    11.1   14:02    06.4   07:14     09.7     00.0    00.0   04.5     24.1    06:13      NE
07    09.2    10.2   16:55    06.7   00:00     09.1     00.0    00.2   03.7     24.1    08:17     NNE
08    07.8    10.8   14:42    05.9   06:28     10.5     00.0    12.4   05.5     25.9    10:28      NE
09    17.3    27.6   15:45    08.0   00:02     01.0     00.0    06.0   05.1     42.5    13:48      SW
10    14.6    22.7   00:19    08.6   00:00     03.7     00.0    06.0   06.4     27.8    10:15      NE
11    08.3    09.1   00:00    07.3   10:13     10.0     00.0    05.2   04.7     22.2    08:49      NE
12    09.5    11.2   14:59    07.1   00:00     08.8     00.0    00.0   05.1     40.7    16:05      W 
13    06.9    09.3   17:08    05.0   23:41     11.4     00.0    00.0   02.5     29.6    17:03      W 
14    08.3    13.3   16:17    04.0   08:02     10.0     00.0    00.0   03.6     29.6    13:54      SW
15    08.7    12.7   20:09    06.1   07:29     09.6     00.0    05.0   06.4     51.8    23:47      SW
16    06.4    09.2   17:15    04.0   08:17     11.9     00.0    00.0   11.1     57.4    01:06     WSW
17    07.2    09.6   13:25    01.8   00:00     11.1     00.0    00.2   10.3     44.4    10:47     WSW
18    02.4    05.3   15:40   -00.3   08:04     15.9     00.0    00.0   07.8     38.9    14:11      W 
19    10.3    16.4   16:38    04.2   01:00     08.0     00.0    00.0   12.3     55.5    15:17      SW
20    10.5    13.6   13:02    04.4   00:00     07.8     00.0    01.2   12.0     59.2    10:01      SW
21    03.0    04.4   14:06    01.2   00:00     15.3     00.0    00.0   04.6     35.1    15:13     WSW
22    03.2    06.4   17:12   -00.3   04:56     15.1     00.0    00.2   01.7     18.5    13:25      SW
23    04.5    08.6   13:46    01.8   07:09     13.8     00.0    00.0   06.7     31.4    15:24     NNE
24    04.5    08.3   16:35    01.8   07:09     13.8     00.0    01.2   03.6     31.4    06:05      N 
25    01.8    04.8   00:05    01.0   00:00     16.5     00.0    00.0   04.6     31.4    13:04      W 
26    01.6    05.8   16:08   -02.7   07:38     16.7     00.0    00.0   02.9     27.8    12:59     WSW
27    01.2    05.0   15:13   -01.3   07:58     17.1     00.0    03.8   14.0     48.1    23:19      NE
28    02.2    04.0   16:12    00.5   00:19     16.1     00.0    04.0   09.0     50.0    01:05      NE
29    04.1    06.3   15:39    02.8   03:44     14.2     00.0    00.6   03.6     27.8    16:04     WSW
30    02.9    04.3   13:43    00.3   00:00     15.4     00.0    00.0   06.7     29.6    13:12      SW
31    02.8    04.3   19:41    00.3   00:28     15.5     00.0    00.2   02.8     22.2    12:17     ENE
--------------------------------------------------------------------------------------------------------
07.1 (7.2)   27.6  day 09    -02.7  day 26   346.1    000.0   097.4   05.8     59.2   day 20      W 
Min <=   30: 31
Max Rain: 12.4 ON 8-10-18
Days of Rain: 18 (> .2mm) 8 (> 2mm) 0 (> 20mm)