NOAA style reports

NOAA-style Climate Reports

Select NOAA data to display

Select a Year or Month report
2019 > Jan Feb Mar Apr May Jun Jul Aug Sep Oct Nov Dec
2018 > Jan Feb Mar Apr May Jun Jul Aug Sep Oct Nov Dec
2017 > Jan Feb Mar Apr May Jun Jul Aug Sep Oct Nov Dec

Report for 2018 Dec

Daily noaa report



                            MONTHLY CLIMATOLOGICAL SUMMARY for DEC. 2018

NAME: Home Weather Station VP2   CITY: Pointe-Claire STATE: Quebec, Canada
ELEV: 157 LAT: 045:28:02 LONG: 0073:48:18

                            TEMPERATURE ( C), RAIN (mm), WIND SPEED (kmh)

                                               HEAT     COOL           AVG
      MEAN                                     DEG      DEG            WIND                       DOM
DAY   TEMP    HIGH   TIME     LOW    TIME      DAYS     DAYS    RAIN   SPEED    HIGH    TIME      DIR
--------------------------------------------------------------------------------------------------------
01    00.0    00.9   14:24   -00.4   00:00     18.3     00.0    00.0   03.4     25.9    23:59      SE
02    01.3    03.7   17:51   -01.1   04:05     17.0     00.0    13.4   06.9     27.8    02:50      NE
03    00.9    02.7   06:19   -01.0   00:00     17.4     00.0    07.0   02.0     24.1    11:01      N 
04   -04.2   -01.0   00:01   -05.6   00:00     22.5     00.0    00.0   03.9     29.6    14:09     WSW
05   -05.3   -03.7   21:56   -07.6   06:42     23.6     00.0    00.0   00.3     07.4    20:00      E 
06   -01.6    00.7   15:03   -03.8   00:14     19.9     00.0    00.2   04.5     27.8    11:40     SSW
07   -08.2   -01.1   00:02   -13.9   00:00     26.5     00.0    00.0   06.5     31.4    11:57     WSW
08   -11.8   -08.7   21:16   -15.8   07:58     30.1     00.0    00.0   01.9     18.5    10:54      SW
09   -04.3   -00.2   17:12   -11.7   03:56     22.6     00.0    00.0   06.8     40.7    14:11      SW
10   -06.9   -02.4   00:04   -10.3   00:00     25.2     00.0    00.0   01.9     16.6    06:33      N 
11   -08.2   -05.2   12:53   -10.7   04:17     26.5     00.0    00.2   03.6     20.4    12:59      NE
12   -09.7   -08.1   00:19   -13.3   00:00     28.0     00.0    00.0   03.1     27.8    10:19      NE
13   -11.7   -08.1   22:30   -16.0   07:31     30.0     00.0    00.0   07.6     24.1    17:07      NE
14   -02.7    02.7   00:00   -08.4   00:13     21.0     00.0    06.0   02.9     20.4    23:59     NNE
15    02.8    04.8   14:21    00.8   00:00     15.5     00.0    00.0   04.4     29.6    03:25      SW
16   -00.1    01.6   13:48   -01.8   08:00     18.4     00.0    00.0   06.3     25.9    15:05      NE
17   -01.0    01.3   14:48   -07.0   23:06     19.3     00.0    00.0   04.3     37.0    19:08      SW
18   -06.8   -04.6   14:15   -08.4   00:00     25.1     00.0    00.0   07.1     35.1    13:23     WSW
19   -05.7   -02.5   15:42   -09.2   07:44     24.0     00.0    00.0   01.4     24.1    01:12      S 
20   -01.5    04.0   14:34   -06.4   07:51     19.8     00.0    04.0   03.6     20.4    19:56      NE
21    03.1    05.2   15:13   -00.1   00:18     15.2     00.0    35.6   08.0     29.6    06:08      NE
22   -00.4    05.2   01:02   -05.7   00:00     18.7     00.0    01.8   12.0     46.3    11:13      SW
23   -07.9   -05.6   00:08   -09.7   08:26     26.2     00.0    00.0   07.0     37.0    03:52      SW
24   -08.1   -06.2   18:25   -10.2   01:36     26.4     00.0    00.0   01.3     12.9    12:37      N 
25   -10.9   -08.3   00:04   -13.3   08:39     29.2     00.0    00.0   05.0     22.2    20:51      SW
26   -08.2   -04.6   15:48   -12.1   00:12     26.5     00.0    00.0   03.2     18.5    20:32      SW
27   -10.2   -08.2   00:06   -13.4   07:54     28.5     00.0    00.0   04.6     29.6    23:32      NE
28   -01.0    02.7   14:17   -09.4   00:02     19.3     00.0    11.6   03.0     25.9    01:01     ENE
29   -03.6    05.8   04:36   -11.4   00:00     21.9     00.0    00.2   06.5     44.4    03:44      SW
30   -09.6   -06.8   14:27   -12.2   02:18     27.9     00.0    00.0   03.4     16.6    16:14      NE
31   -05.3   -00.8   23:37   -08.5   00:10     23.6     00.0    01.4   06.2     20.4    22:12      NE
--------------------------------------------------------------------------------------------------------
-4.7 (-4.9)   05.8  day 29    -16.0  day 13   714.2    000.0   082.2   04.6     46.3   day 22      W 
Max <=   0: 18
Min <=   30: 31
Max <=  -5: 9
Min <=  -5: 24
Min <= -10: 13
Min <= -15: 2
Max Rain: 35.6 ON 21-12-19
Days of Rain: 11 (> .2mm) 6 (> 2mm) 1 (> 20mm)