NOAA style reports

NOAA-style Climate Reports

Select NOAA data to display

Select a Year or Month report
2019 > Jan Feb Mar Apr May Jun Jul Aug Sep Oct Nov Dec
2018 > Jan Feb Mar Apr May Jun Jul Aug Sep Oct Nov Dec
2017 > Jan Feb Mar Apr May Jun Jul Aug Sep Oct Nov Dec

Report for 2019 Jan

Daily noaa report



                            MONTHLY CLIMATOLOGICAL SUMMARY for JAN. 2019

NAME: Home Weather Station VP2   CITY: Pointe-Claire STATE: Quebec, Canada
ELEV: 157 LAT: 045:28:02 LONG: 0073:48:18

                            TEMPERATURE ( C), RAIN (mm), WIND SPEED (kmh)

                                               HEAT     COOL           AVG
      MEAN                                     DEG      DEG            WIND                       DOM
DAY   TEMP    HIGH   TIME     LOW    TIME      DAYS     DAYS    RAIN   SPEED    HIGH    TIME      DIR
--------------------------------------------------------------------------------------------------------
01   -02.4    02.2   03:37   -10.9   00:00     20.7     00.0    17.8   05.6     35.1    16:57      W 
02   -12.5   -09.3   15:08   -15.3   08:17     30.8     00.0    00.0   03.9     24.1    20:34     NNE
03   -09.7   -02.5   00:00   -14.2   02:58     28.0     00.0    00.4   05.1     24.1    01:57     NNE
04    01.0    02.7   22:03   -02.5   00:05     17.3     00.0    04.8   08.1     37.0    11:07     SSW
05    01.6    02.4   16:34    00.6   05:22     16.7     00.0    00.0   01.1     20.4    23:31      S 
06   -03.3    01.5   00:13   -11.3   00:00     21.6     00.0    00.6   03.2     33.3    15:14     WSW
07   -12.2   -10.1   15:21   -15.0   07:58     30.5     00.0    00.0   04.4     33.3    23:59      NE
08   -02.4    00.5   16:15   -10.6   00:02     20.7     00.0    12.8   06.3     29.6    02:03     ENE
09   -00.7    01.0   16:44   -03.1   01:40     19.0     00.0    00.0   06.0     27.8    00:06      NW
10   -06.5   -02.3   00:41   -12.6   00:00     24.8     00.0    01.2   09.6     35.1    10:51     WSW
11   -15.3   -12.6   00:23   -18.6   09:26     33.6     00.0    00.0   12.4     37.0    12:33      SW
12   -15.6   -13.0   16:15   -17.8   08:19     33.9     00.0    00.0   06.9     29.6    14:32      SW
13   -13.4   -09.8   12:52   -18.1   03:28     31.7     00.0    00.0   00.8     11.1    16:36     SSW
14   -11.2   -08.3   00:00   -14.9   08:23     29.5     00.0    00.0   03.4     22.2    22:28      SW
15   -05.0   -01.6   00:00   -08.3   00:11     23.3     00.0    00.0   01.4     18.5    23:52      S 
16   -04.9    01.5   12:49   -16.0   00:00     23.2     00.0    01.0   11.5     50.0    09:58      SW
17   -16.2   -13.3   22:40   -19.7   07:52     34.5     00.0    00.0   03.4     20.4    23:43     SSW
18   -12.6   -09.1   19:02   -15.8   05:06     30.9     00.0    00.6   05.7     24.1    00:29     NNE
19   -20.5   -12.8   00:03   -22.5   14:18     38.8     00.0    00.4   11.0     35.1    21:41      NE
20   -18.2   -15.6   17:14   -21.5   00:11     36.5     00.0    00.2   14.8     53.6    06:35     NNE
21   -19.1   -16.7   17:30   -21.3   07:29     37.4     00.0    00.0   09.4     37.0    14:52     WSW
22   -17.7   -11.2   00:00   -22.4   06:48     36.0     00.0    00.0   08.2     29.6    08:52      SW
23   -08.6   -00.6   21:38   -13.2   07:09     26.9     00.0    17.8   05.1     20.4    10:44     NNE
24   -00.5    01.7   14:14   -05.5   00:00     18.8     00.0    19.4   04.2     38.9    22:14     WSW
25   -06.8   -01.7   13:52   -10.4   00:00     25.1     00.0    00.0   07.6     61.0    15:44      SW
26   -11.9   -09.8   15:15   -13.0   23:01     30.2     00.0    00.0   01.4     18.5    02:44     SSE
27   -07.8   -00.4   13:03   -13.4   04:06     26.1     00.0    00.0   09.6     55.5    13:29      SW
28   -17.2   -11.7   00:16   -19.6   10:25     35.5     00.0    00.0   05.7     37.0    23:37      NE
29   -13.2   -09.8   00:00   -17.6   03:28     31.5     00.0    03.6   12.4     42.5    04:38      NE
30   -11.3   -07.9   03:46   -16.7   00:00     29.6     00.0    00.6   08.3     46.3    18:44      SW
31   -15.7   -13.6   15:44   -17.2   08:20     34.0     00.0    00.0   12.4     48.1    11:37      SW
--------------------------------------------------------------------------------------------------------
-10.0 (-10.1)   02.7  day 04    -22.5  day 19   877.0    000.0   081.2   06.7     61.1   day 27     WSW
Max <=   0: 23
Min <=   0: 30
Min <= -18: 8
Max <=  -5: 17
Min <=  -5: 28
Max <= -10: 10
Min <= -10: 26
Max <= -15: 2
Min <= -15: 16
Min <= -20: 4
Max Rain: 19.4 ON 24-01-19
Days of Rain: 14 (> .2mm) 6 (> 2mm) 0 (> 20mm)