NOAA style reports

NOAA-style Climate Reports

Select NOAA data to display

Select a Year or Month report
2019 > Jan Feb Mar Apr May Jun Jul Aug Sep Oct Nov Dec
2018 > Jan Feb Mar Apr May Jun Jul Aug Sep Oct Nov Dec
2017 > Jan Feb Mar Apr May Jun Jul Aug Sep Oct Nov Dec

Report for 2019 Apr

Daily noaa report



                            MONTHLY CLIMATOLOGICAL SUMMARY for APR. 2019

NAME: Home Weather Station VP2   CITY: Pointe-Claire STATE: Quebec, Canada
ELEV: 157 LAT: 045:28:02 LONG: 0073:48:18

                            TEMPERATURE ( C), RAIN (mm), WIND SPEED (kmh)

                                               HEAT     COOL           AVG
      MEAN                                     DEG      DEG            WIND                       DOM
DAY   TEMP    HIGH   TIME     LOW    TIME      DAYS     DAYS    RAIN   SPEED    HIGH    TIME      DIR
--------------------------------------------------------------------------------------------------------
01   -01.7    02.4   18:03   -06.4   07:53     20.0     00.0    00.0   11.2     44.4    15:57     WSW
02    03.4    09.4   16:22   -02.2   06:57     14.9     00.0    00.0   05.6     31.4    01:27      S 
03    04.8    09.9   12:51   -01.4   00:00     13.5     00.0    00.0   09.1     53.6    23:41      SW
04   -00.4    02.4   17:36   -02.4   08:35     18.7     00.0    00.0   11.2     44.4    15:47     WSW
05   -00.2    04.5   16:47   -05.9   07:10     18.5     00.0    00.2   01.7     24.1    14:17     ESE
06    03.9    08.2   18:25    00.7   01:09     14.4     00.0    02.8   04.9     29.6    16:50      SW
07    06.9    10.8   14:30    03.1   07:24     11.4     00.0    00.0   02.1     20.4    23:51     SSW
08    00.0    06.8   00:02   -02.1   00:00     18.3     00.0    08.4   08.5     44.4    08:25      NE
09   -01.7   -00.4   17:05   -02.7   06:26     20.0     00.0    00.0   00.0     01.9    14:32      NE
10    00.6    05.1   16:56   -03.4   07:15     17.7     00.0    07.6   03.2     29.6    17:31     WSW
11    02.0    08.4   17:08   -02.9   06:53     16.3     00.0    00.0   02.1     24.1    13:37      SW
12    07.8    14.3   16:38    01.7   00:05     10.5     00.0    00.4   04.4     29.6    13:42      E 
13    12.3    17.8   14:41    06.7   04:36     06.0     00.0    00.0   11.9     57.4    17:04      SW
14    05.1    09.2   12:34    02.2   06:31     13.2     00.0    01.4   06.2     44.4    23:19      NE
15    03.9    05.5   14:47    02.6   23:41     14.4     00.0    02.4   11.4     50.0    03:02     NNW
16    05.9    11.1   16:50    02.4   05:43     12.4     00.0    00.0   07.0     38.9    13:07     WSW
17    08.2    15.1   16:39    00.3   06:55     10.1     00.0    00.0   01.4     24.1    12:55      S 
18    09.7    16.1   14:47    06.2   05:07     08.6     00.0    00.8   05.5     50.0    10:27      SE
19    08.9    12.7   10:15    05.0   23:11     09.4     00.0    24.2   10.5     44.4    23:56     NNE
20    05.8    07.2   16:02    04.6   04:14     12.5     00.0    11.4   19.4     53.6    03:58     NNE
21    10.3    16.8   15:11    04.4   06:40     08.0     00.0    00.0   03.9     20.4    14:31      SW
22    13.1    19.2   17:35    07.0   05:17     05.2     00.0    00.0   07.7     33.3    23:34      NE
23    11.6    17.6   16:09    06.8   06:47     06.7     00.0    01.8   15.3     42.5    20:20      NE
24    07.0    08.6   18:56    05.7   13:43     11.3     00.0    09.0   06.4     44.4    03:58      SW
25    07.9    12.2   18:43    05.3   07:12     10.4     00.0    00.0   02.1     24.1    14:08      SE
26    08.3    10.6   13:39    05.3   06:51     10.0     00.0    20.0   07.1     37.0    14:20     ENE
27    05.6    08.9   00:09    03.1   21:28     12.7     00.0    14.2   12.1     51.8    16:57      SW
28    05.4    11.2   17:40    02.0   06:43     12.9     00.0    00.0   04.7     27.8    16:44      SW
29    06.0    10.6   17:35    01.6   06:15     12.3     00.0    00.0   02.6     51.8    13:00     SSW
30    09.6    15.5   16:59    06.0   01:23     08.7     00.0    00.0   03.9     29.6    13:42     NNE
--------------------------------------------------------------------------------------------------------
05.7 (6.0)   19.2  day 22    -06.4  day 01   379.0    000.0   104.6   06.8     57.4   day 13      W 
Max <=   0: 1
Min <=   0: 9
Min <=  -5: 2
Max Rain: 24.2 ON 19-04-19
Days of Rain: 14 (> .2mm) 9 (> 2mm) 1 (> 20mm)