NOAA style reports

NOAA-style Climate Reports

Select NOAA data to display

Select a Year or Month report
2019 > Jan Feb Mar Apr May Jun Jul Aug Sep Oct Nov Dec
2018 > Jan Feb Mar Apr May Jun Jul Aug Sep Oct Nov Dec
2017 > Jan Feb Mar Apr May Jun Jul Aug Sep Oct Nov Dec

Report for 2019 May

Daily noaa report



                            MONTHLY CLIMATOLOGICAL SUMMARY for MAY. 2019

NAME: Home Weather Station VP2   CITY: Pointe-Claire STATE: Quebec, Canada
ELEV: 157 LAT: 045:28:02 LONG: 0073:48:18

                            TEMPERATURE ( C), RAIN (mm), WIND SPEED (kmh)

                                               HEAT     COOL           AVG
      MEAN                                     DEG      DEG            WIND                       DOM
DAY   TEMP    HIGH   TIME     LOW    TIME      DAYS     DAYS    RAIN   SPEED    HIGH    TIME      DIR
--------------------------------------------------------------------------------------------------------
01    05.5    08.7   14:57    02.7   00:00     12.8     00.0    03.8   11.7     48.1    22:27      NE
02    06.2    09.8   19:25    02.6   00:48     12.1     00.0    01.0   11.6     40.7    01:04     NNE
03    09.1    10.4   12:49    07.9   05:52     09.2     00.0    03.2   02.6     22.2    13:48      NE
04    12.2    17.6   17:07    08.7   06:42     06.1     00.0    00.0   02.5     18.5    15:41     ENE
05    14.6    21.2   16:13    07.0   06:11     03.7     00.0    00.0   02.2     20.4    13:33      E 
06    17.3    24.3   16:27    09.6   06:06     01.0     00.0    00.0   04.4     29.6    23:22      S 
07    14.6    18.8   16:25    09.0   00:00     03.7     00.0    00.4   03.8     29.6    15:07      SW
08    08.8    15.0   16:25    02.7   05:53     09.5     00.0    00.0   04.8     27.8    01:32     NNE
09    10.3    16.5   18:36    04.1   05:40     08.0     00.0    06.4   08.9     31.4    13:29      NE
10    11.4    17.4   17:49    08.8   08:12     06.9     00.0    21.4   04.8     40.7    18:26     SSW
11    10.2    14.6   16:24    06.3   05:53     08.1     00.0    00.0   03.4     29.6    02:42     WSW
12    12.5    17.3   16:25    07.3   06:53     05.8     00.0    00.0   06.2     35.1    13:09      NE
13    12.5    15.9   17:09    08.1   00:00     05.8     00.0    01.6   08.2     31.4    07:25      NE
14    07.2    09.0   16:34    05.6   07:09     11.1     00.0    09.8   07.6     33.3    11:33      NE
15    10.9    16.7   16:30    06.2   01:06     07.4     00.0    00.0   02.0     24.1    19:07      SW
16    12.3    17.6   15:22    07.9   07:08     06.0     00.0    00.0   03.0     24.1    16:43     SSE
17    11.8    14.7   14:37    09.9   07:09     06.5     00.0    00.8   02.7     25.9    21:30     SSW
18    12.5    16.0   12:57    08.6   06:07     05.8     00.0    00.0   02.1     25.9    11:48      SW
19    13.6    18.6   15:31    10.2   09:04     04.7     00.0    07.0   06.7     29.6    19:27      NE
20    16.8    23.7   14:59    11.2   00:00     01.5     00.0    06.2   07.0     55.5    15:31      SW
21    12.1    17.1   17:55    07.7   05:47     06.2     00.0    00.6   05.7     38.9    11:57     WSW
22    14.6    20.2   16:17    08.1   05:51     03.7     00.0    00.0   01.9     22.2    11:11      S 
23    16.2    21.2   15:13    13.1   06:13     02.1     00.0    13.6   02.0     25.9    20:38     ENE
24    14.2    18.5   16:12    11.9   05:36     04.1     00.0    03.4   01.3     20.4    02:29     NNW
25    15.5    21.8   13:18    10.8   05:19     02.8     00.0    00.6   01.5     25.9    12:51     SSE
26    19.7    25.5   16:12    15.0   00:13     00.0     01.4    00.4   03.5     35.1    14:57      SW
27    14.1    17.9   16:58    11.0   11:58     04.2     00.0    00.0   03.0     27.8    07:57      NW
28    10.9    12.6   12:08    08.9   05:47     07.4     00.0    01.4   02.4     20.4    14:50     ENE
29    12.9    16.8   16:56    08.3   04:50     05.4     00.0    00.0   02.1     20.4    16:36     SSE
30    16.9    23.1   17:19    11.7   02:19     01.4     00.0    01.0   07.1     40.7    13:48     SSW
31    13.0    15.9   17:21    08.8   06:33     05.3     00.0    00.2   01.5     18.5    17:46      W 
--------------------------------------------------------------------------------------------------------
12.6 (12.8)   25.5  day 26     02.6  day 02   178.3    001.4   082.8   04.5     55.5   day 01      NE
Max Rain: 21.4 ON 10-05-19
Days of Rain: 19 (> .2mm) 9 (> 2mm) 1 (> 20mm)