NOAA style reports

NOAA-style Climate Reports

Select NOAA data to display

Select a Year or Month report
2019 > Jan Feb Mar Apr May Jun Jul Aug Sep Oct Nov Dec
2018 > Jan Feb Mar Apr May Jun Jul Aug Sep Oct Nov Dec
2017 > Jan Feb Mar Apr May Jun Jul Aug Sep Oct Nov Dec

Report for 2019 Jul

Daily noaa report



                            MONTHLY CLIMATOLOGICAL SUMMARY for JUL. 2019

NAME: Home Weather Station VP2   CITY: Pointe-Claire STATE: Quebec, Canada
ELEV: 157 LAT: 045:28:02 LONG: 0073:48:18

                            TEMPERATURE ( C), RAIN (mm), WIND SPEED (kmh)

                                               HEAT     COOL           AVG
      MEAN                                     DEG      DEG            WIND                       DOM
DAY   TEMP    HIGH   TIME     LOW    TIME      DAYS     DAYS    RAIN   SPEED    HIGH    TIME      DIR
--------------------------------------------------------------------------------------------------------
01    23.0    28.6   16:37    16.7   06:05     00.0     04.7    00.0   02.2     27.8    23:18      SW
02    25.3    31.4   16:49    20.2   06:32     00.0     07.0    00.0   02.9     27.8    14:50      SW
03    26.2    31.9   16:49    20.2   05:36     00.0     07.9    00.0   01.2     18.5    17:32     SSW
04    26.9    33.4   16:50    19.8   05:39     00.0     08.6    00.0   01.6     18.5    16:17      S 
05    24.9    29.6   15:26    21.1   05:52     00.0     06.6    06.2   00.4     27.8    16:18     SSE
06    26.3    30.4   16:44    20.9   00:00     00.0     08.0    00.0   04.7     27.8    20:34     WNW
07    21.2    26.2   17:21    15.6   05:43     00.0     02.9    00.0   02.5     22.2    00:08      N 
08    22.7    28.6   17:10    14.6   05:52     00.0     04.4    00.0   01.1     20.4    17:08     SSW
09    24.9    30.9   15:19    17.3   05:50     00.0     06.6    00.0   01.7     24.1    14:52      SW
10    25.8    31.5   16:00    20.2   05:55     00.0     07.5    00.0   01.8     18.5    14:27      S 
11    22.3    28.9   16:27    19.1   10:34     00.0     04.0    36.6   01.5     29.6    18:10     ESE
12    22.3    26.2   16:37    19.3   02:14     00.0     04.0    00.0   00.9     24.1    13:47     SSW
13    22.6    28.1   17:01    18.4   06:25     00.0     04.3    00.8   05.3     40.7    17:06      SW
14    21.7    26.0   17:16    18.3   03:22     00.0     03.4    00.0   00.9     22.2    18:02      SW
15    22.8    28.4   16:45    17.7   06:00     00.0     04.5    00.0   01.6     22.2    14:12      SW
16    24.4    29.8   16:19    18.2   06:09     00.0     06.1    00.0   04.3     35.1    16:27     SSW
17    25.9    29.4   17:53    22.4   00:00     00.0     07.6    00.0   03.1     29.6    00:03      SW
18    23.2    28.4   16:12    17.3   06:02     00.0     04.9    00.0   03.2     24.1    12:24     ENE
19    26.6    32.9   16:17    20.8   05:22     00.0     08.3    03.4   05.4     35.1    13:49     SSW
20    27.7    34.0   16:07    23.7   06:50     00.0     09.4    00.0   04.9     40.7    16:13     SSW
21    26.9    31.1   16:28    22.7   00:00     00.0     08.6    00.0   01.9     25.9    14:37      SW
22    21.0    23.5   14:57    18.4   05:58     00.0     02.7    00.0   01.2     16.6    08:54      E 
23    22.0    27.5   15:35    16.7   06:25     00.0     03.7    00.0   00.9     22.2    13:18     SSW
24    20.6    25.7   15:32    15.4   05:59     00.0     02.3    00.0   00.8     24.1    13:43      W 
25    22.5    29.4   17:03    15.9   04:43     00.0     04.2    00.0   02.0     24.1    16:07      SW
26    24.9    31.6   15:39    18.4   05:49     00.0     06.6    00.0   03.0     24.1    17:53     SSW
27    25.7    32.7   15:37    20.4   06:23     00.0     07.4    00.0   03.0     29.6    17:53     SSW
28    25.6    30.5   14:46    22.6   06:12     00.0     07.3    00.2   05.2     33.3    09:07     SSW
29    26.7    32.3   16:37    22.0   04:03     00.0     08.4    00.0   03.4     29.6    15:56     SSW
30    26.3    32.3   13:35    23.2   14:04     00.0     08.0    00.4   03.2     53.6    13:38     SSW
31    25.5    30.3   15:14    21.3   06:25     00.0     07.2    00.0   01.7     25.9    12:48     SSW
--------------------------------------------------------------------------------------------------------
24.3 (24.5)   34.0  day 20     14.6  day 08   000.0    187.0   047.6   02.5     53.7   day 30     SSW
Max >=  30: 15
Max Rain: 36.6 ON 11-07-19
Days of Rain: 6 (> .2mm) 3 (> 2mm) 1 (> 20mm)