NOAA style reports

NOAA-style Climate Reports

Select NOAA data to display

Select a Year or Month report
2019 > Jan Feb Mar Apr May Jun Jul Aug Sep Oct Nov Dec
2018 > Jan Feb Mar Apr May Jun Jul Aug Sep Oct Nov Dec
2017 > Jan Feb Mar Apr May Jun Jul Aug Sep Oct Nov Dec

Report for 2019 Aug

Daily noaa report



                            MONTHLY CLIMATOLOGICAL SUMMARY for AUG. 2019

NAME: Home Weather Station VP2   CITY: Pointe-Claire STATE: Quebec, Canada
ELEV: 157 LAT: 045:28:02 LONG: 0073:48:18

                            TEMPERATURE ( C), RAIN (mm), WIND SPEED (kmh)

                                               HEAT     COOL           AVG
      MEAN                                     DEG      DEG            WIND                       DOM
DAY   TEMP    HIGH   TIME     LOW    TIME      DAYS     DAYS    RAIN   SPEED    HIGH    TIME      DIR
--------------------------------------------------------------------------------------------------------
01    23.0    28.6   15:45    17.1   06:18     00.0     04.7    00.0   01.4     22.2    18:00      S 
02    24.0    29.9   17:06    17.6   06:33     00.0     05.7    00.0   02.3     31.4    14:54     SSW
03    23.7    29.2   13:23    18.8   06:24     00.0     05.4    00.0   01.5     20.4    16:22      SW
04    20.5    25.6   16:38    15.6   06:27     00.0     02.2    00.0   01.9     22.2    00:34     NNW
05    21.8    28.2   16:13    14.0   06:22     00.0     03.5    00.0   02.1     29.6    13:52     SSW
06    24.1    32.0   16:55    17.8   06:25     00.0     05.8    00.0   01.4     22.2    14:56      S 
07    23.0    24.6   17:47    21.7   04:04     00.0     04.7    00.2   00.6     18.5    11:47      S 
08    23.7    29.2   16:17    20.6   00:00     00.0     05.4    06.0   04.0     38.9    16:34     SSW
09    20.2    25.3   13:05    15.3   23:47     00.0     01.9    02.2   03.8     44.4    20:44      SW
10    17.5    20.6   12:35    15.1   06:31     00.8     00.0    00.4   00.8     22.2    12:30      SW
11    21.1    27.1   16:08    15.4   04:55     00.0     02.8    00.0   02.6     29.6    16:01      SW
12    21.9    27.8   16:20    18.4   08:37     00.0     03.6    00.6   03.4     24.1    00:08      SW
13    22.2    27.3   16:36    18.0   07:04     00.0     03.9    00.0   01.5     25.9    23:57      NE
14    20.1    24.9   15:14    15.5   07:04     00.0     01.8    00.0   03.7     29.6    08:22     NNE
15    20.1    25.0   15:13    13.5   06:27     00.0     01.8    00.0   02.2     20.4    15:47     ENE
16    21.4    26.1   15:43    15.3   06:59     00.0     03.1    01.6   02.2     18.5    15:44      E 
17    23.0    27.6   14:58    18.5   06:51     00.0     04.7    02.6   01.2     22.2    15:42     ESE
18    24.0    28.6   15:24    20.6   06:45     00.0     05.7    00.0   01.2     22.2    11:55      S 
19    25.0    30.0   17:26    21.3   06:32     00.0     06.7    00.0   04.8     44.4    15:33     SSW
20    23.0    29.3   16:49    16.8   06:39     00.0     04.7    00.0   02.9     31.4    14:03     SSW
21    21.7    25.1   16:39    18.9   05:22     00.0     03.4    00.6   01.1     18.5    15:50     SSE
22    23.2    27.3   16:13    19.3   00:00     00.0     04.9    00.4   02.4     27.8    02:37      SW
23    19.3    23.4   16:08    15.0   06:37     00.0     01.0    00.0   00.5     16.6    17:20      SW
24    18.6    23.2   16:51    13.6   06:10     00.0     00.3    00.0   01.4     20.4    10:33      NE
25    19.8    25.6   16:15    13.4   06:37     00.0     01.5    00.0   02.0     25.9    12:09     ENE
26    20.9    27.3   15:51    14.6   06:45     00.0     02.6    00.0   01.3     20.4    15:11      E 
27    21.1    26.8   15:20    14.7   06:46     00.0     02.8    00.0   01.2     22.2    14:33     ESE
28    20.2    21.1   01:43    19.0   00:00     00.0     01.9    09.4   00.5     14.8    22:40      SE
29    20.6    24.4   13:58    17.5   08:19     00.0     02.3    00.0   03.2     29.6    15:37     SSW
30    20.1    24.6   14:47    16.3   08:05     00.0     01.8    04.8   03.9     35.1    15:02     SSW
31    18.4    22.8   15:44    13.6   07:06     00.0     00.1    00.0   00.9     24.1    13:17      SW
--------------------------------------------------------------------------------------------------------
21.5 (21.6)   32.0  day 06     13.4  day 25   000.8    100.7   028.8   02.1     44.4   day 19     SSW
Max >=  30: 2
Max Rain: 9.4 ON 28-08-19
Days of Rain: 11 (> .2mm) 5 (> 2mm) 0 (> 20mm)