NOAA style reports

NOAA-style Climate Reports


Report for 2017 11

Daily noaa report



                            MONTHLY CLIMATOLOGICAL SUMMARY for JUN. 2017

NAME: Home Weather Station Davis VP2   CITY: Beaconsfield STATE: Quebec, Canada
ELEV: 118 LAT: 045:25:46 LONG: 0073:51:35

                            TEMPERATURE ( C), RAIN (mm), WIND SPEED (kmh)

                                               HEAT     COOL           AVG
      MEAN                                     DEG      DEG            WIND                       DOM
DAY   TEMP    HIGH   TIME     LOW    TIME      DAYS     DAYS    RAIN   SPEED    HIGH    TIME      DIR
--------------------------------------------------------------------------------------------------------
01    15.4    19.6   14:18    11.1   00:00     02.9     00.0    00.2   02.1     31.4    12:36      SW
02    11.8    17.2   15:47    08.3   05:19     06.5     00.0    01.4   01.9     29.6    16:59      W 
03    13.3    19.3   16:31    09.5   05:56     05.0     00.0    01.0   02.2     27.8    14:07      W 
04    15.8    21.9   13:56    09.8   06:04     02.5     00.0    00.0   00.1     14.8    17:02      SW
05    14.1    15.7   10:43    12.4   00:00     04.2     00.0    31.4   06.0     29.6    22:28     ENE
06    11.9    14.8   18:54    10.2   00:00     06.4     00.0    15.4   05.4     29.6    11:10      NE
07    17.2    27.0   16:18    08.1   06:02     01.1     00.0    00.0   00.3     11.1    12:30     SSW
08    21.0    30.6   15:49    13.9   06:08     00.0     02.7    00.0   00.1     12.9    08:42     SSW
09    20.5    26.4   15:42    15.4   00:00     00.0     02.2    00.0   01.4     35.1    17:01     WSW
10    18.7    25.4   14:29    09.8   06:08     00.0     00.4    00.2   00.5     16.6    08:29      E 
11    25.0    30.5   16:04    18.3   03:33     00.0     06.7    00.0   02.3     22.2    13:46     SSW
12    25.9    32.6   16:24    19.5   07:01     00.0     07.6    00.4   00.4     18.5    05:13      SW
13    23.9    27.1   10:22    18.6   00:00     00.0     05.6    00.0   01.8     24.1    16:44     WNW
14    17.3    22.7   15:56    12.7   06:53     01.0     00.0    00.0   02.2     25.9    02:07     NNE
15    18.5    24.6   16:08    10.9   05:48     00.0     00.2    00.2   03.4     22.2    14:54     ENE
16    16.7    18.5   00:01    15.0   10:17     01.6     00.0    22.6   00.7     25.9    04:30      E 
17    21.2    27.1   15:48    15.8   03:03     00.0     02.9    00.0   00.1     09.3    18:11      E 
18    25.6    32.3   16:34    19.8   04:01     00.0     07.3    00.4   00.1     18.5    14:33      SE
19    22.6    26.1   13:57    19.7   00:00     00.0     04.3    00.8   00.0     11.1    13:26     SSE
20    20.1    23.8   15:00    17.3   08:49     00.0     01.8    08.4   00.4     16.6    11:35     SSW
21    18.5    21.8   18:20    15.7   07:22     00.0     00.2    00.4   00.8     22.2    15:59      SW
22    19.6    24.7   13:35    14.3   06:28     00.0     01.3    00.0   00.1     22.2    13:15     WSW
23    20.4    26.2   16:04    16.6   05:21     00.0     02.1    13.2   00.0     11.1    04:42      SE
24    21.5    26.8   16:41    17.6   07:39     00.0     03.2    00.0   00.4     18.5    18:34     WNW
25    17.9    23.8   13:17    14.4   00:00     00.4     00.0    00.0   00.3     11.1    17:39     WNW
26    17.9    24.2   16:21    13.3   05:59     00.4     00.0    01.4   00.9     14.8    12:32     WNW
27    16.6    20.9   13:18    13.3   06:14     01.7     00.0    01.0   00.1     09.3    14:17     SSW
28    17.2    23.6   14:18    12.7   05:10     01.1     00.0    01.6   00.7     18.5    18:42     WSW
29    16.5    20.6   11:21    13.8   05:51     01.8     00.0    06.0   00.2     09.3    13:35      W 
30    18.6    21.8   18:31    15.7   04:38     00.0     00.3    02.6   00.0     05.5    10:25      NE
--------------------------------------------------------------------------------------------------------
18.7 (19.0)   32.6  day 12     08.1  day 07   036.6    048.9   108.8   01.2     35.2   day 06     SSW
Max >=  30: 4
Min <=   30: 30
Max Rain: 31.4 ON 5-06-17
Days of Rain: 19 (> .2mm) 7 (> 2mm) 2 (> 20mm)