NOAA style reports

NOAA-style Climate Reports

Select NOAA data to display

Select a Year or Month report
2019 > Jan Feb Mar Apr May Jun Jul Aug Sep Oct Nov Dec
2018 > Jan Feb Mar Apr May Jun Jul Aug Sep Oct Nov Dec
2017 > Jan Feb Mar Apr May Jun Jul Aug Sep Oct Nov Dec
2016 > Jan Feb Mar Apr May Jun Jul Aug Sep Oct Nov Dec
2015 > Jan Feb Mar Apr May Jun Jul Aug Sep Oct Nov Dec
2014 > Jan Feb Mar Apr May Jun Jul Aug Sep Oct Nov Dec
2013 > Jan Feb Mar Apr May Jun Jul Aug Sep Oct Nov Dec
2012 > Jan Feb Mar Apr May Jun Jul Aug Sep Oct Nov Dec
2011 > Jan Feb Mar Apr May Jun Jul Aug Sep Oct Nov Dec
2010 > Jan Feb Mar Apr May Jun Jul Aug Sep Oct Nov Dec

Report for 2010 Sep





                            MONTHLY CLIMATOLOGICAL SUMMARY for SEP. 2010

NAME: Home Weather Station WMR200N   CITY: Beaconsfield STATE: Quebec, Canada
ELEV: 118 LAT: 045:25:46 LONG: 0073:51:35

                            TEMPERATURE ( C), RAIN (mm), WIND SPEED (kmh)

                                               HEAT     COOL           AVG
      MEAN                                     DEG      DEG            WIND                       DOM
DAY   TEMP    HIGH   TIME     LOW    TIME      DAYS     DAYS    RAIN   SPEED    HIGH    TIME      DIR
--------------------------------------------------------------------------------------------------------
01    26.6    31.7   16:09    22.5   05:47     00.0     08.3    00.0   03.4     14.8    13:02      SW
02    25.1    27.5   16:43    23.0   07:33     00.0     06.8    00.0   02.2     14.8    05:49      SW
03    26.0    32.0   15:11    22.4   00:00     00.0     07.7    00.0   01.7     20.4    21:59      S 
04    18.6    22.4   00:07    15.0   00:00     00.0     00.3    02.2   05.2     29.6    17:14      SW
05    14.4    17.9   15:08    11.2   06:21     03.9     00.0    00.4   06.1     29.6    09:48      SW
06    16.1    22.2   13:40    10.3   07:07     02.2     00.0    00.8   02.4     22.2    12:12      SW
07    19.5    25.0   16:46    15.7   05:28     00.0     01.2    13.3   02.7     25.9    21:13     ESE
08    18.3    20.4   16:48    15.9   00:00     00.0     00.0    03.8   04.2     20.4    00:36      SW
09    15.1    16.6   14:30    13.3   00:00     03.2     00.0    04.3   04.2     22.2    15:05      W 
10    15.9    21.0   16:58    11.3   06:04     02.4     00.0    00.0   04.5     16.6    16:37     WNW
11    15.8    21.1   16:48    09.7   06:55     02.5     00.0    00.0   01.8     11.1    23:46     NNE
12    16.4    19.9   15:04    12.7   06:14     01.9     00.0    00.0   03.5     20.4    00:44     ESE
13    16.0    19.2   16:21    14.0   12:25     02.3     00.0    02.6   01.2     14.8    23:43     SSW
14    14.0    17.5   14:41    11.6   00:00     04.3     00.0    02.2   03.6     20.4    12:19     WSW
15    12.6    15.1   17:37    09.3   06:51     05.7     00.0    00.0   05.0     24.1    13:14     WSW
16    11.0    13.9   14:27    08.3   05:16     07.3     00.0    16.5   03.4     25.9    23:28     NNE
17    12.1    17.1   16:42    08.6   07:57     06.2     00.0    00.0   04.5     20.4    01:42     NNW
18    13.9    20.2   16:52    07.3   06:35     04.4     00.0    00.0   01.2     09.3    23:13      SW
19    15.0    18.6   17:09    11.0   08:12     03.3     00.0    00.0   03.0     18.5    14:46      W 
20    13.3    18.0   16:24    08.5   07:08     05.0     00.0    00.0   04.8     22.2    16:51     WNW
21    11.4    17.1   00:00    06.7   06:39     06.9     00.0    00.4   01.2     12.9    00:00      SW
22    18.5    22.1   15:18    12.9   00:00     00.0     00.2    01.3   05.0     24.1    01:47     WSW
23    11.9    13.9   13:12    08.5   07:34     06.4     00.0    00.4   01.9     12.9    09:44     NNE
24    12.6    19.9   00:00    09.3   08:19     05.7     00.0    14.4   04.7     22.2    05:06     NNE
25    17.4    21.3   02:50    15.0   00:00     00.9     00.0    00.4   03.5     29.6    03:14      SW
26    11.2    15.0   00:22    08.9   08:18     07.1     00.0    00.8   05.9     24.1    11:03     NNE
27    14.2    18.9   12:48    11.2   06:50     04.1     00.0    08.5   04.6     18.5    19:44      E 
28    18.1    22.0   16:28    15.0   00:10     00.2     00.0    05.5   03.3     27.8    17:18     ESE
29    16.0    19.3   00:23    13.3   00:00     02.3     00.0    00.0   03.6     18.5    13:46      SW
30    15.0    16.1   16:24    13.3   00:10     03.3     00.0    65.6   03.3     27.8    20:28     NNE
--------------------------------------------------------------------------------------------------------
16.1 (16.3)   32.0  day 03     06.7  day 21   091.4    024.5   000.0   03.5     29.6   day 30     WSW
Max >=  30: 2
Min <=   30: 30
Max Rain: 65.6 ON 30-09-16
Days of Rain: 18 (> .2mm) 11 (> 2mm) 1 (> 20mm)