NOAA style reports

NOAA-style Climate Reports

Select NOAA data to display

Select a Year or Month report

Report for 2018 Jan

Daily noaa report



                            MONTHLY CLIMATOLOGICAL SUMMARY for JAN. 2018

NAME: Home Weather Station VP2   CITY: Pointe-Claire STATE: Quebec, Canada
ELEV: 157 LAT: 045:28:02 LONG: 0073:48:18

                            TEMPERATURE ( C), RAIN (mm), WIND SPEED (kmh)

                                               HEAT     COOL           AVG
      MEAN                                     DEG      DEG            WIND                       DOM
DAY   TEMP    HIGH   TIME     LOW    TIME      DAYS     DAYS    RAIN   SPEED    HIGH    TIME      DIR
--------------------------------------------------------------------------------------------------------
01   -21.4   -18.5   16:01   -24.1   07:29     39.7     00.0    00.0   06.4     31.4    13:30      SW
02   -18.8   -14.2   16:36   -23.3   06:23     37.1     00.0    01.4   02.4     18.5    10:44     SSW
03   -13.6   -10.7   15:24   -16.5   00:03     31.9     00.0    00.0   01.7     09.3    18:35     NNE
04   -09.8   -06.6   17:55   -12.8   04:13     28.1     00.0    00.4   04.1     29.6    22:39     NNE
05   -19.0   -12.3   00:03   -21.8   00:00     37.3     00.0    00.0   15.1     51.8    11:19      SW
06   -22.1   -20.0   16:13   -23.6   06:16     40.4     00.0    00.0   14.9     53.6    02:09      SW
07   -18.7   -12.2   00:00   -24.2   04:24     37.0     00.0    03.8   04.5     24.1    05:28     SSW
08   -08.8   -04.0   00:00   -12.1   00:24     27.1     00.0    10.6   00.8     12.9    13:15      E 
09   -02.9   -00.8   05:27   -08.2   00:00     21.2     00.0    03.4   05.3     31.4    10:15      SW
10   -07.3   -03.4   16:53   -13.2   07:59     25.6     00.0    00.6   02.0     18.5    19:46     ENE
11    02.3    06.0   22:37   -03.8   00:05     16.0     00.0    02.6   00.7     18.5    23:38     ESE
12    05.0    09.8   16:03   -06.4   00:00     13.3     00.0    14.6   02.7     22.2    21:24      S 
13   -12.4   -06.4   00:05   -19.1   00:00     30.7     00.0    16.4   04.1     24.1    01:11     SSW
14   -20.4   -16.9   16:11   -23.1   08:15     38.7     00.0    00.0   01.7     12.9    13:49     SSW
15   -19.1   -15.3   23:36   -22.8   06:32     37.4     00.0    00.0   07.3     25.9    16:27     NNE
16   -12.1   -09.4   17:42   -15.4   00:54     30.4     00.0    00.0   03.8     22.2    01:17     NNE
17   -08.8   -06.1   00:00   -11.4   01:49     27.1     00.0    00.0   03.8     29.6    19:20     SSW
18   -04.8   -03.2   13:31   -06.1   00:13     23.1     00.0    00.0   08.6     33.3    01:24      SW
19   -02.7   -00.3   00:00   -04.7   00:54     21.0     00.0    00.2   06.1     24.1    22:56     SSW
20    02.8    04.2   14:32   -00.9   00:48     15.5     00.0    00.0   13.0     55.5    08:29      SW
21   -01.2    02.1   00:03   -05.3   00:00     19.5     00.0    00.0   02.5     25.9    23:37      NE
22   -06.7   -05.1   14:13   -08.1   07:35     25.0     00.0    00.4   14.1     48.1    16:53     NNE
23   -02.8    02.0   23:57   -05.2   00:08     21.1     00.0    11.6   07.2     29.6    21:34     NNE
24   -07.4    02.0   00:10   -12.7   00:00     25.7     00.0    00.0   09.6     38.9    11:22      SW
25   -13.2   -09.9   16:22   -16.4   07:52     31.5     00.0    00.0   07.6     33.3    13:00      SW
26   -11.7   -06.7   16:15   -16.4   06:44     30.0     00.0    00.0   03.5     24.1    19:38      SW
27   -04.4    06.8   17:39   -13.3   01:20     22.7     00.0    02.6   06.1     38.9    21:45      SW
28    02.1    05.1   01:35   -04.6   00:00     16.2     00.0    00.0   08.6     35.1    13:46      SW
29   -08.9   -04.7   00:07   -11.7   08:17     27.2     00.0    00.0   10.0     33.3    23:18     NNE
30   -10.1   -06.3   16:15   -12.3   07:52     28.4     00.0    00.0   08.2     33.3    04:32     NNE
31   -12.6   -07.9   20:41   -17.5   07:56     30.9     00.0    03.2   04.0     24.1    08:16     SSW
--------------------------------------------------------------------------------------------------------
-9.3 (-9.4)   09.8  day 12    -24.2  day 07   856.8    000.0   071.8   06.1     55.5   day 06      SW
Max <=   0: 23
Min <=   30: 31
Min <= -18: 8
Max <=  -5: 17
Min <=  -5: 27
Max <= -10: 8
Min <= -10: 21
Max <= -15: 4
Min <= -15: 13
Max <= -20: 1
Min <= -20: 7
Max Rain: 16.4 ON 13-01-18
Days of Rain: 14 (> .2mm) 9 (> 2mm) 0 (> 20mm)