NOAA style reports

NOAA-style Climate Reports

Select NOAA data to display

Select a Year or Month report

Report for 2019 Sep

Daily noaa report



                            MONTHLY CLIMATOLOGICAL SUMMARY for SEP. 2019

NAME: Home Weather Station VP2   CITY: Pointe-Claire STATE: Quebec, Canada
ELEV: 157 LAT: 045:28:02 LONG: 0073:48:18

                            TEMPERATURE ( C), RAIN (mm), WIND SPEED (kmh)

                                               HEAT     COOL           AVG
      MEAN                                     DEG      DEG            WIND                       DOM
DAY   TEMP    HIGH   TIME     LOW    TIME      DAYS     DAYS    RAIN   SPEED    HIGH    TIME      DIR
--------------------------------------------------------------------------------------------------------
01    18.1    23.4   16:03    11.8   06:56     00.2     00.0    00.0   01.4     18.5    21:50      SE
02    18.3    22.1   17:04    16.0   01:52     00.0     00.0    21.0   01.9     24.1    02:12      S 
03    16.7    19.8   16:01    13.0   07:06     01.6     00.0    02.2   02.3     22.2    08:32     ENE
04    19.1    24.5   12:53    16.1   00:00     00.0     00.8    17.0   05.9     48.1    12:52     SSW
05    16.9    21.5   16:39    11.8   07:13     01.4     00.0    00.0   00.8     24.1    14:08     SSW
06    17.2    22.4   16:55    12.8   07:06     01.1     00.0    00.0   05.2     29.6    21:27      NE
07    16.2    19.8   13:01    13.8   22:19     02.1     00.0    02.2   02.2     18.5    09:05      NE
08    14.9    19.3   15:47    11.7   07:15     03.4     00.0    00.0   00.5     27.8    13:32      SW
09    13.7    18.6   15:47    09.6   05:03     04.6     00.0    00.0   00.7     20.4    14:37     SSW
10    14.6    19.4   15:39    09.3   06:59     03.7     00.0    03.0   01.3     18.5    12:36     ENE
11    19.1    26.6   15:04    14.8   00:00     00.0     00.8    03.8   02.4     27.8    22:22      N 
12    16.0    20.2   17:01    12.1   07:13     02.3     00.0    00.0   04.3     29.6    11:33     NNE
13    15.6    20.8   16:41    09.3   06:50     02.7     00.0    00.0   04.0     37.0    16:40      E 
14    18.2    23.4   15:23    13.8   08:02     00.1     00.0    05.0   07.2     55.5    15:29     SSW
15    15.9    18.4   11:59    12.9   07:27     02.4     00.0    00.0   02.5     24.1    13:34      SW
16    16.5    22.0   15:29    12.2   03:46     01.8     00.0    00.0   00.3     22.2    23:16     SSW
17    15.1    19.9   16:54    09.8   07:18     03.2     00.0    00.0   01.1     20.4    13:39      NE
18    14.4    19.2   16:47    09.6   07:10     03.9     00.0    00.0   01.6     20.4    13:32     ENE
19    15.0    21.7   15:19    08.3   06:54     03.3     00.0    00.0   00.5     14.8    12:18      SE
20    19.2    25.7   15:00    13.4   04:39     00.0     00.9    00.0   02.1     18.5    16:56     SSW
21    20.6    26.7   16:55    15.0   07:10     00.0     02.3    00.0   00.9     16.6    15:59      S 
22    22.3    26.9   17:06    16.7   06:42     00.0     04.0    00.0   05.2     44.4    22:12     SSW
23    22.4    25.9   01:20    18.1   00:00     00.0     04.1    06.4   04.9     37.0    02:54     SSW
24    15.7    18.1   00:12    13.9   08:27     02.6     00.0    00.4   00.2     18.5    16:22      SW
25    15.8    19.9   17:08    12.7   05:43     02.5     00.0    00.2   01.4     20.4    13:27     ESE
26    16.8    19.9   06:06    11.9   00:00     01.5     00.0    11.6   01.8     18.5    20:00     SSW
27    14.9    20.4   15:31    09.9   07:07     03.4     00.0    00.0   02.3     27.8    14:07     SSW
28    16.7    18.3   16:36    14.6   00:00     01.6     00.0    06.6   01.5     31.4    13:28      S 
29    11.7    14.7   14:43    07.9   07:25     06.6     00.0    00.0   00.8     22.2    10:30     NNW
30    09.9    14.2   16:55    05.7   07:22     08.4     00.0    00.2   04.3     20.4    21:47      NE
--------------------------------------------------------------------------------------------------------
16.6 (16.7)   26.9  day 22     05.7  day 30   064.1    013.0   080.0   02.4     55.5   day 14      S 
Max Rain: 21.0 ON 2-09-19
Days of Rain: 13 (> .2mm) 10 (> 2mm) 1 (> 20mm)