NOAA style reports

NOAA-style Climate Reports

Select NOAA data to display

Select a Year or Month report

Report for 2019 Oct

Daily noaa report



                            MONTHLY CLIMATOLOGICAL SUMMARY for OCT. 2019

NAME: Home Weather Station VP2   CITY: Pointe-Claire STATE: Quebec, Canada
ELEV: 157 LAT: 045:28:02 LONG: 0073:48:18

                            TEMPERATURE ( C), RAIN (mm), WIND SPEED (kmh)

                                               HEAT     COOL           AVG
      MEAN                                     DEG      DEG            WIND                       DOM
DAY   TEMP    HIGH   TIME     LOW    TIME      DAYS     DAYS    RAIN   SPEED    HIGH    TIME      DIR
--------------------------------------------------------------------------------------------------------
01    12.2    16.8   20:41    09.0   04:37     06.1     00.0    41.6   02.2     24.1    01:00      NE
02    11.9    15.6   00:09    06.7   00:00     06.4     00.0    00.0   03.8     29.6    18:19     NNE
03    07.1    10.6   14:18    03.9   07:04     11.2     00.0    03.6   05.3     29.6    21:40      NE
04    07.7    11.8   16:37    05.5   00:00     10.6     00.0    02.0   02.4     27.8    03:48      N 
05    07.7    12.9   15:58    02.1   06:56     10.6     00.0    00.0   00.7     18.5    15:27      S 
06    11.8    16.1   16:35    06.6   04:29     06.5     00.0    00.0   02.1     20.4    20:38      SE
07    14.4    16.9   02:32    11.9   09:38     03.9     00.0    10.4   03.5     29.6    20:07     SSW
08    12.9    17.6   16:14    09.0   00:00     05.4     00.0    00.0   00.5     18.5    00:41     SSW
09    10.9    16.0   15:32    06.2   07:45     07.4     00.0    00.0   02.7     25.9    13:17      NE
10    12.3    17.8   16:22    07.6   05:38     06.0     00.0    00.0   05.7     27.8    14:20     NNE
11    12.7    19.6   17:01    07.6   07:40     05.6     00.0    00.0   06.4     29.6    10:35     NNE
12    13.2    18.5   15:41    08.3   07:40     05.1     00.0    01.0   04.3     33.3    23:10      NE
13    11.3    15.9   16:54    05.4   07:44     07.0     00.0    00.0   02.3     29.6    02:24      S 
14    10.5    13.9   13:41    07.2   00:00     07.8     00.0    00.2   00.9     24.1    12:57      S 
15    09.2    14.2   15:26    04.6   07:41     09.1     00.0    00.0   03.2     29.6    14:36     SSW
16    11.5    16.3   15:17    08.3   03:46     06.8     00.0    08.6   03.9     33.3    14:06      E 
17    07.9    10.2   00:07    06.9   17:35     10.4     00.0    55.8   08.3     51.8    07:49     NNE
18    08.4    09.1   17:36    06.3   00:00     09.9     00.0    00.8   01.7     24.1    08:13      SW
19    06.9    11.7   16:43    03.1   07:58     11.4     00.0    00.0   00.5     18.5    13:50      SW
20    07.1    12.7   16:37    03.1   08:05     11.2     00.0    00.0   02.1     20.4    11:38     ENE
21    09.6    16.1   16:35    03.5   07:57     08.7     00.0    00.0   01.5     18.5    23:47     ENE
22    12.2    16.0   11:40    08.8   03:03     06.1     00.0    15.2   04.6     38.9    12:44     ENE
23    12.5    15.6   14:52    10.2   21:22     05.8     00.0    09.6   04.4     31.4    19:30     SSW
24    10.8    13.7   16:16    08.2   07:38     07.5     00.0    00.0   03.8     42.5    14:12     SSW
25    07.4    09.9   15:15    05.1   22:57     10.9     00.0    00.0   00.7     14.8    13:09     SSW
26    07.5    11.8   15:23    04.2   01:59     10.8     00.0    00.0   01.0     16.6    11:51     ESE
27    07.7    10.6   00:00    06.6   10:29     10.6     00.0    33.6   06.6     37.0    11:44     ENE
28    10.6    12.8   16:14    08.6   06:58     07.7     00.0    00.2   00.6     16.6    10:35     SSE
29    11.0    17.8   14:37    05.6   07:58     07.3     00.0    00.2   00.8     18.5    13:40     ESE
30    13.4    15.5   12:37    10.1   00:00     04.9     00.0    00.2   02.5     31.4    23:50      E 
31    11.1    15.7   18:08    08.6   06:21     07.2     00.0    57.2   06.2     46.3    22:50     NNE
--------------------------------------------------------------------------------------------------------
10.4 (10.6)   19.6  day 11     02.1  day 05   245.9    000.0   242.0   03.1     51.8   day 31     ENE
Max Rain: 57.2 ON 31-10-19
Days of Rain: 16 (> .2mm) 9 (> 2mm) 4 (> 20mm)