NOAA style reports

NOAA-style Climate Reports

Select NOAA data to display

Select a Year or Month report

Report for 2019 Nov

Daily noaa report



                            MONTHLY CLIMATOLOGICAL SUMMARY for NOV. 2019

NAME: Home Weather Station VP2   CITY: Pointe-Claire STATE: Quebec, Canada
ELEV: 157 LAT: 045:28:02 LONG: 0073:48:18

                            TEMPERATURE ( C), RAIN (mm), WIND SPEED (kmh)

                                               HEAT     COOL           AVG
      MEAN                                     DEG      DEG            WIND                       DOM
DAY   TEMP    HIGH   TIME     LOW    TIME      DAYS     DAYS    RAIN   SPEED    HIGH    TIME      DIR
--------------------------------------------------------------------------------------------------------
01    05.7    10.6   02:35    02.4   00:00     12.6     00.0    13.2   19.4     88.8    08:18      SW
02    03.8    07.1   16:34   -00.3   07:35     14.5     00.0    00.4   01.6     16.6    13:59     SSE
03    05.1    07.7   15:28    03.5   00:00     13.2     00.0    00.4   04.7     33.3    12:05      SW
04    05.3    08.7   23:57    01.6   06:15     13.0     00.0    00.0   04.1     29.6    18:57      S 
05    08.1    10.0   06:04    04.6   00:00     10.2     00.0    05.6   07.1     40.7    17:49     SSW
06    03.7    05.3   15:03    01.7   07:31     14.6     00.0    00.2   07.8     40.7    12:14      SW
07    00.3    01.8   00:02   -02.2   00:00     18.0     00.0    07.6   01.4     16.6    01:37      SW
08   -02.0    00.8   15:32   -04.3   06:53     20.3     00.0    00.0   02.8     29.6    13:57     WSW
09   -00.8    02.6   18:18   -05.5   06:40     19.1     00.0    00.0   07.9     33.3    12:27      S 
10    03.7    06.5   15:25   -00.3   00:00     14.6     00.0    00.0   07.7     40.7    13:22     SSW
11   -04.6   -00.3   00:08   -07.0   00:00     22.9     00.0    03.2   08.3     35.1    22:03     NNE
12   -07.2   -04.9   12:11   -10.6   00:00     25.5     00.0    08.4   08.2     38.9    15:57      W 
13   -10.0   -07.3   15:27   -13.1   08:15     28.3     00.0    00.0   08.9     35.1    07:59      SW
14   -03.8    00.7   23:50   -08.9   00:40     22.1     00.0    00.0   03.0     31.4    09:51     SSE
15   -00.5    02.7   14:50   -08.2   00:00     18.8     00.0    00.8   08.8     44.4    08:27      SW
16   -08.5   -04.6   15:35   -11.9   07:05     26.8     00.0    00.0   02.3     24.1    11:39      SW
17   -07.1   -02.7   15:49   -11.1   07:32     25.4     00.0    00.0   04.6     18.5    19:17      NE
18   -04.6   -00.9   17:32   -08.9   05:45     22.9     00.0    00.0   04.8     20.4    15:08     NNE
19   -00.2    01.0   15:23   -01.6   00:46     18.5     00.0    01.2   00.4     07.4    12:27      NW
20    01.0    01.9   20:00   -00.3   08:42     17.3     00.0    00.0   00.8     14.8    19:24      SW
21    00.3    03.4   12:15   -04.1   07:58     18.0     00.0    00.4   01.2     27.8    22:35      S 
22    02.3    07.1   08:07   -03.5   00:00     16.0     00.0    02.8   09.2     46.3    11:04      SW
23   -01.2    03.5   15:27   -05.8   06:44     19.5     00.0    00.0   05.2     37.0    01:07     SSW
24    00.4    02.0   16:44   -01.7   08:29     17.9     00.0    00.0   02.4     18.5    11:20     NNE
25    03.3    06.0   14:21   -01.2   01:00     15.0     00.0    00.0   03.6     24.1    09:15      SW
26    06.0    10.4   14:14    03.1   06:43     12.3     00.0    00.0   01.5     25.9    14:37     SSW
27    02.2    03.4   16:41    00.2   06:15     16.1     00.0    13.2   10.4     42.5    14:31     NNE
28   -00.1    01.5   00:04   -01.3   00:00     18.4     00.0    00.8   06.1     42.5    04:12     NNE
29   -02.9   -00.9   14:42   -06.8   00:00     21.2     00.0    00.0   01.7     18.5    14:45      SW
30   -07.3   -03.8   16:12   -09.8   07:48     25.6     00.0    00.0   01.3     18.5    12:20      NW
--------------------------------------------------------------------------------------------------------
-0.3 (-0.5)   10.6  day 01    -13.1  day 13   558.6    000.0   058.2   05.3     88.8   day 01      SW
Max <=   0: 8
Min <=   0: 23
Max <=  -5: 1
Min <=  -5: 12
Min <= -10: 4
Max Rain: 13.2 ON 1-11-19
Days of Rain: 14 (> .2mm) 7 (> 2mm) 0 (> 20mm)