NOAA style reports

NOAA-style Climate Reports

Select NOAA data to display

Select a Year or Month report

Report for 2020 Jan

Daily noaa report



                            MONTHLY CLIMATOLOGICAL SUMMARY for JAN. 2020

NAME: Home Weather Station VP2   CITY: Pointe-Claire STATE: Quebec, Canada
ELEV: 157 LAT: 045:28:02 LONG: 0073:48:18

                            TEMPERATURE ( C), RAIN (mm), WIND SPEED (kmh)

                                               HEAT     COOL           AVG
      MEAN                                     DEG      DEG            WIND                       DOM
DAY   TEMP    HIGH   TIME     LOW    TIME      DAYS     DAYS    RAIN   SPEED    HIGH    TIME      DIR
--------------------------------------------------------------------------------------------------------
01    00.1    00.9   13:35   -00.9   07:35     18.2     00.0    01.2   09.1     29.6    12:55      SW
02    01.0    03.1   14:20   -01.2   06:00     17.3     00.0    00.0   02.4     25.9    02:22      S 
03    04.6    05.4   15:04    02.6   00:02     13.7     00.0    00.0   03.1     20.4    09:12     SSW
04    00.4    03.4   00:03   -01.4   00:00     17.9     00.0    00.0   03.5     27.8    15:35     NNE
05   -05.1   -01.2   01:25   -09.7   00:00     23.4     00.0    00.0   03.8     31.4    12:45     WSW
06   -08.9   -05.4   00:00   -11.2   04:07     27.2     00.0    00.8   04.5     25.9    08:51     NNE
07   -03.9   -01.1   15:30   -06.6   02:37     22.2     00.0    00.2   02.7     27.8    02:52     SSW
08   -03.4    00.0   13:50   -10.4   00:00     21.7     00.0    02.6   06.1     38.9    20:01      SW
09   -12.3   -08.3   23:50   -15.7   08:33     30.6     00.0    00.0   05.8     31.4    01:50      SW
10   -03.4    02.4   00:00   -10.4   02:23     21.7     00.0    00.0   02.0     22.2    00:14      NE
11    03.1    06.9   13:35   -02.3   00:00     15.2     00.0    38.4   06.5     48.1    22:26      NE
12   -06.6   -02.3   00:03   -09.8   00:00     24.9     00.0    18.8   09.8     51.8    08:12     NNE
13   -08.8   -07.2   00:00   -10.2   05:24     27.1     00.0    00.0   05.3     22.2    06:14     NNE
14   -06.5   -05.3   13:17   -07.2   21:17     24.8     00.0    00.6   07.1     29.6    17:20      NE
15   -02.2    00.7   15:28   -06.8   00:01     20.5     00.0    00.6   03.0     18.5    14:59      SW
16   -03.3    00.2   13:38   -11.9   00:00     21.6     00.0    03.2   02.5     40.7    15:42      W 
17   -16.6   -11.9   00:03   -19.4   08:29     34.9     00.0    00.0   06.6     33.3    14:37      SW
18   -15.5   -13.3   13:33   -17.3   03:31     33.8     00.0    00.4   09.7     44.4    19:50      NE
19   -10.8   -07.9   15:23   -14.3   01:13     29.1     00.0    02.8   04.8     33.3    03:11      N 
20   -13.7   -11.1   15:58   -17.4   08:16     32.0     00.0    00.0   06.9     35.1    15:24      SW
21   -11.3   -03.5   00:00   -16.4   06:36     29.6     00.0    00.0   04.7     27.8    13:47     SSW
22   -02.0    01.8   14:25   -04.8   08:29     20.3     00.0    00.0   08.6     44.4    15:22      SW
23   -00.8    02.6   15:26   -04.8   02:44     19.1     00.0    00.0   02.7     25.9    11:12     SSW
24   -00.7    01.7   15:42   -03.0   00:00     19.0     00.0    00.0   10.9     37.0    12:43      NE
25   -01.2    01.4   14:17   -04.1   07:19     19.5     00.0    11.0   12.0     31.4    16:23      NE
26    01.2    02.2   16:07    00.5   05:13     17.1     00.0    04.6   06.8     27.8    14:32     SSW
27    01.5    02.7   14:02    00.7   20:23     16.8     00.0    00.2   04.8     24.1    15:12      SW
28   -01.0    00.9   00:07   -05.3   00:00     19.3     00.0    00.0   00.7     16.6    18:45     WSW
29   -07.8   -04.2   16:11   -10.4   00:00     26.1     00.0    00.0   01.6     22.2    10:32      SW
30   -08.9   -05.0   15:17   -12.3   07:11     27.2     00.0    00.0   00.5     12.9    12:00     ENE
31   -06.9   -02.2   16:01   -12.8   07:32     25.2     00.0    00.0   00.6     11.1    09:30     ENE
--------------------------------------------------------------------------------------------------------
-4.8 (-5.0)   06.9  day 11    -19.4  day 17   717.0    000.0   085.6   05.1     51.8   day 12      NW
Max <=   0: 16
Min <=   0: 28
Min <= -18: 1
Max <=  -5: 9
Min <=  -5: 20
Max <= -10: 3
Min <= -10: 14
Min <= -15: 5
Max Rain: 38.4 ON 11-01-20
Days of Rain: 14 (> .2mm) 7 (> 2mm) 1 (> 20mm)