NOAA style reports

NOAA-style Climate Reports

Select NOAA data to display

Select a Year or Month report

Report for 2020 Feb

Daily noaa report



                            MONTHLY CLIMATOLOGICAL SUMMARY for FEB. 2020

NAME: Home Weather Station VP2   CITY: Pointe-Claire STATE: Quebec, Canada
ELEV: 157 LAT: 045:28:02 LONG: 0073:48:18

                            TEMPERATURE ( C), RAIN (mm), WIND SPEED (kmh)

                                               HEAT     COOL           AVG
      MEAN                                     DEG      DEG            WIND                       DOM
DAY   TEMP    HIGH   TIME     LOW    TIME      DAYS     DAYS    RAIN   SPEED    HIGH    TIME      DIR
--------------------------------------------------------------------------------------------------------
01   -04.1   -00.8   14:06   -07.0   08:51     22.4     00.0    00.2   00.5     11.1    08:58     SSE
02   -03.8    00.0   14:17   -07.8   04:57     22.1     00.0    00.0   00.3     14.8    13:13      E 
03    00.3    03.8   16:27   -03.1   00:51     18.0     00.0    00.0   05.1     33.3    16:12      SW
04    00.6    04.0   15:23   -01.4   07:03     17.7     00.0    00.0   01.6     20.4    18:47     SSE
05   -05.9   -00.4   00:09   -08.4   20:46     24.2     00.0    00.0   03.0     25.9    08:41      SW
06   -07.2   -05.4   00:00   -08.4   13:01     25.5     00.0    02.2   10.7     35.1    11:15     NNE
07   -06.5   -04.8   03:22   -11.7   00:00     24.8     00.0    14.6   13.4     46.3    07:56     NNE
08   -15.4   -11.7   00:04   -17.7   00:00     33.7     00.0    00.0   07.7     31.4    11:05      SW
09   -13.5   -08.1   18:41   -20.5   07:43     31.8     00.0    00.2   02.3     18.5    17:53      NE
10   -06.0   -00.4   16:13   -10.8   00:55     24.3     00.0    03.0   03.1     14.8    08:21      N 
11   -04.2   -01.5   00:00   -08.9   03:43     22.5     00.0    00.0   01.9     22.2    16:54      SW
12   -00.9    01.9   15:08   -02.8   07:33     19.2     00.0    00.6   09.5     35.1    03:25      SW
13   -04.7    01.5   12:46   -14.0   00:00     23.0     00.0    01.8   05.4     33.3    12:57     NNE
14   -17.8   -14.0   00:31   -20.9   07:33     36.1     00.0    00.0   05.6     27.8    16:35      SW
15   -10.6   -04.1   00:00   -18.9   00:48     28.9     00.0    00.0   03.8     29.6    11:16     SSE
16    00.3    03.4   14:54   -04.2   00:11     18.0     00.0    01.0   12.1     42.5    12:49     SSW
17   -06.9    00.1   00:10   -11.4   00:00     25.2     00.0    00.0   02.0     18.5    16:53     SSW
18   -04.7    04.9   20:17   -13.7   06:24     23.0     00.0    07.2   09.7     66.6    20:38     SSE
19   -04.5    02.7   00:09   -10.4   00:00     22.8     00.0    02.4   08.5     42.5    00:51     WSW
20   -12.6   -10.3   15:26   -14.8   23:58     30.9     00.0    00.0   04.2     29.6    15:26      SW
21   -08.0   -00.7   15:39   -17.2   06:36     26.3     00.0    00.0   10.2     44.4    22:47     SSW
22   -00.1    03.6   15:33   -03.1   04:25     18.4     00.0    00.0   11.7     40.7    01:27      SW
23    02.3    07.9   14:40   -02.9   07:13     16.0     00.0    00.0   03.8     27.8    13:01     SSW
24    05.6    09.6   15:22    02.4   07:07     12.7     00.0    00.0   07.1     40.7    10:22     SSW
25    03.3    05.6   16:32    01.0   07:17     15.0     00.0    00.0   05.4     29.6    10:46      NE
26   -00.6    01.9   00:03   -02.6   08:17     18.9     00.0    01.6   15.5     38.9    20:59      NE
27   -01.6    02.1   05:19   -07.4   00:00     19.9     00.0    20.0   15.4     42.5    17:48     NNE
28   -08.4   -05.4   16:33   -10.4   08:34     26.7     00.0    00.2   09.3     44.4    11:30      SW
29   -10.3   -07.8   14:12   -12.6   07:29     28.6     00.0    00.0   07.4     31.4    16:55      SW
--------------------------------------------------------------------------------------------------------
-5.0 (-5.0)   09.6  day 24    -20.9  day 14   676.7    000.0   055.0   06.8     66.6   day 18      SW
Max <=   0: 15
Min <=   0: 27
Min <= -18: 3
Max <=  -5: 7
Min <=  -5: 20
Max <= -10: 3
Min <= -10: 14
Min <= -15: 5
Min <= -20: 2
Max Rain: 20.0 ON 27-02-20
Days of Rain: 13 (> .2mm) 6 (> 2mm) 0 (> 20mm)