NOAA style reports

NOAA-style Climate Reports

Select NOAA data to display

Select a Year or Month report

Report for 2020 Mar

Daily noaa report



                            MONTHLY CLIMATOLOGICAL SUMMARY for MAR. 2020

NAME: Home Weather Station VP2   CITY: Pointe-Claire STATE: Quebec, Canada
ELEV: 157 LAT: 045:28:02 LONG: 0073:48:18

                            TEMPERATURE ( C), RAIN (mm), WIND SPEED (kmh)

                                               HEAT     COOL           AVG
      MEAN                                     DEG      DEG            WIND                       DOM
DAY   TEMP    HIGH   TIME     LOW    TIME      DAYS     DAYS    RAIN   SPEED    HIGH    TIME      DIR
--------------------------------------------------------------------------------------------------------
01   -08.6   -03.6   15:47   -13.2   06:58     26.9     00.0    00.0   04.8     25.9    11:58      SW
02   -02.1    02.9   23:11   -06.8   03:12     20.4     00.0    10.6   02.0     20.4    05:17     NNE
03    03.0    05.9   15:44    00.3   08:19     15.3     00.0    09.2   06.3     31.4    21:19      NE
04    02.7    04.2   15:47    00.9   00:00     15.6     00.0    00.4   13.3     50.0    00:50      SW
05    01.1    03.4   13:02   -01.3   06:56     17.2     00.0    00.0   05.9     37.0    13:52      SW
06   -00.8    00.9   16:53   -04.8   00:00     19.1     00.0    00.4   13.3     46.3    14:01     NNE
07   -03.7    00.7   14:57   -08.3   07:12     22.0     00.0    00.0   06.6     31.4    00:50     WSW
08    02.2    06.4   16:30   -01.3   00:04     16.1     00.0    00.0   06.6     29.6    15:23      SW
09    05.7    13.2   13:48   -01.0   23:42     12.6     00.0    00.2   07.1     29.6    18:50     NNE
10    01.7    05.2   19:32   -00.9   01:59     16.6     00.0    06.6   02.9     24.1    23:16      N 
11   -02.2    01.3   00:05   -05.2   08:16     20.5     00.0    00.0   03.3     25.9    01:07      SW
12   -00.7    02.9   17:07   -03.3   07:38     19.0     00.0    00.0   11.1     29.6    21:45      NE
13    04.6    09.5   13:55    00.1   00:08     13.7     00.0    10.4   15.6     57.4    22:13      SW
14    03.4    06.9   17:31   -00.2   00:00     14.9     00.0    00.0   12.4     62.9    03:12     WSW
15   -03.7    00.2   17:17   -07.4   09:34     22.0     00.0    00.0   04.7     25.9    23:47      N 
16   -04.5    00.7   16:35   -09.9   07:41     22.8     00.0    00.0   07.7     25.9    00:30      NE
17    02.5    06.8   16:46   -02.9   00:21     15.8     00.0    06.0   07.3     48.1    15:38     SSW
18    01.2    04.1   15:28   -02.3   08:00     17.1     00.0    00.0   03.2     18.5    21:01      NE
19    03.5    08.9   14:15   -00.6   06:37     14.8     00.0    00.0   08.7     29.6    02:57      NE
20    06.9    16.5   15:51    00.3   00:00     11.4     00.0    13.8   07.2     64.8    14:38      SW
21   -04.0    00.3   00:02   -08.0   08:02     22.3     00.0    00.0   03.8     29.6    01:02     WSW
22   -04.5   -00.2   17:46   -08.4   07:13     22.8     00.0    00.0   04.0     25.9    15:18      NE
23   -01.6    01.8   14:04   -05.8   05:36     19.9     00.0    04.6   04.0     33.3    12:41     ENE
24    02.7    07.9   16:09   -00.6   06:21     15.6     00.0    00.0   01.2     18.5    17:25     SSW
25    03.6    09.1   15:18   -01.5   06:26     14.7     00.0    00.0   01.9     27.8    14:00     ESE
26    06.3    12.5   15:30    03.1   07:37     12.0     00.0    03.0   01.6     33.3    21:12      S 
27    04.7    09.6   16:31    01.1   07:23     13.6     00.0    00.0   05.6     29.6    14:58      SW
28    04.4    09.7   16:38   -01.4   06:09     13.9     00.0    00.0   04.5     24.1    20:52      NE
29    05.0    06.2   12:19    04.1   10:28     13.3     00.0    31.8   10.2     40.7    16:05      NE
30    05.5    08.2   12:32    02.1   00:00     12.8     00.0    03.4   06.2     35.1    23:53      NE
31    04.1    07.8   17:41    01.3   05:23     14.2     00.0    00.0   16.7     42.5    16:13      NE
--------------------------------------------------------------------------------------------------------
01.2 (1.4)   16.5  day 20    -13.2  day 01   529.0    000.0   100.4   06.8     64.8   day 14     NNE
Max <=   0: 2
Min <=   0: 22
Min <=  -5: 9
Min <= -10: 1
Max Rain: 31.8 ON 29-03-20
Days of Rain: 13 (> .2mm) 10 (> 2mm) 1 (> 20mm)