NOAA style reports

NOAA-style Climate Reports

Select NOAA data to display

Select a Year or Month report

Report for 2020 Apr

Daily noaa report



                            MONTHLY CLIMATOLOGICAL SUMMARY for APR. 2020

NAME: Home Weather Station VP2   CITY: Pointe-Claire STATE: Quebec, Canada
ELEV: 157 LAT: 045:28:02 LONG: 0073:48:18

                            TEMPERATURE ( C), RAIN (mm), WIND SPEED (kmh)

                                               HEAT     COOL           AVG
      MEAN                                     DEG      DEG            WIND                       DOM
DAY   TEMP    HIGH   TIME     LOW    TIME      DAYS     DAYS    RAIN   SPEED    HIGH    TIME      DIR
--------------------------------------------------------------------------------------------------------
01    03.3    06.2   16:27   -00.5   06:50     15.0     00.0    00.0   10.8     31.4    16:42     NNE
02    04.6    07.1   12:35    01.8   07:33     13.7     00.0    03.6   01.0     20.4    23:50     NNW
03    07.0    09.7   17:58    05.4   00:03     11.3     00.0    07.8   20.0     55.5    19:02     NNE
04    08.0    14.5   17:01    02.7   05:27     10.3     00.0    00.0   06.7     25.9    07:40     NNE
05    08.3    10.5   18:37    05.3   00:00     10.0     00.0    00.0   02.1     25.9    13:25     SSW
06    07.4    13.8   16:28    00.9   06:42     10.9     00.0    00.0   06.1     40.7    14:52      SW
07    07.8    13.9   16:34    01.2   07:12     10.5     00.0    00.0   02.9     29.6    17:10     WSW
08    05.5    10.6   16:12    00.6   06:53     12.8     00.0    00.0   06.8     29.6    10:53      NE
09    04.1    06.7   00:57    01.2   16:44     14.2     00.0    07.4   07.2     38.9    13:25     NNE
10    03.8    07.1   16:22    01.2   07:12     14.5     00.0    02.0   07.3     38.9    01:29     WSW
11    03.5    07.7   17:13    00.6   05:51     14.8     00.0    00.0   07.5     37.0    15:07     WSW
12    08.1    14.7   15:29    00.6   06:52     10.2     00.0    00.0   03.6     40.7    13:27     SSW
13    11.8    15.7   19:42    06.5   00:00     06.5     00.0    26.4   07.9     68.5    21:39     SSW
14    05.1    08.0   17:10    02.8   07:30     13.2     00.0    00.0   13.3     61.0    04:48      SW
15    02.5    05.8   15:25   -00.1   00:00     15.8     00.0    00.0   12.1     48.1    13:49      SW
16    01.6    05.6   14:40   -01.8   07:19     16.7     00.0    00.4   07.3     42.5    15:25      SW
17    02.2    06.2   16:54   -00.8   06:41     16.1     00.0    00.0   07.7     35.1    11:20      SW
18    04.9    10.9   18:07   -01.4   06:27     13.4     00.0    00.0   03.5     33.3    22:17     SSW
19    06.5    11.2   10:08    02.9   00:00     11.8     00.0    00.8   10.1     44.4    10:19      SW
20    02.2    07.3   16:45   -02.2   07:26     16.1     00.0    00.0   02.1     27.8    01:26      S 
21    03.1    08.8   13:13   -01.0   06:24     15.2     00.0    03.8   08.1     53.6    10:46      SW
22   -01.0    02.1   16:09   -05.3   07:16     19.3     00.0    00.0   12.1     44.4    15:03     WSW
23    02.1    08.2   16:51   -02.9   06:15     16.2     00.0    00.0   05.9     33.3    13:27     WSW
24    05.7    11.3   16:17   -01.2   06:00     12.6     00.0    00.0   06.0     31.4    12:08      NE
25    09.2    16.8   16:10    02.5   06:28     09.1     00.0    00.0   01.8     18.5    13:22      E 
26    09.4    13.5   16:42    04.5   06:33     08.9     00.0    00.0   15.3     53.6    23:10     NNE
27    08.1    11.1   13:19    05.6   07:41     10.2     00.0    00.0   16.3     51.8    01:26     NNE
28    09.1    14.1   15:49    05.3   05:41     09.2     00.0    00.0   09.1     33.3    12:43     NNE
29    12.3    19.9   15:57    04.8   04:06     06.0     00.0    00.0   04.4     33.3    12:52     ENE
30    10.2    13.4   00:03    08.5   12:14     08.1     00.0    05.2   05.4     31.4    22:57     ESE
--------------------------------------------------------------------------------------------------------
05.9 (6.0)   19.9  day 29    -05.3  day 22   372.6    000.0   057.4   07.7     68.5   day 13     WNW
Min <=   0: 10
Min <=  -5: 1
Max Rain: 26.4 ON 13-04-20
Days of Rain: 9 (> .2mm) 6 (> 2mm) 1 (> 20mm)