NOAA style reports

NOAA-style Climate Reports

Select NOAA data to display

Select a Year or Month report

Report for 2020 May

Daily noaa report



                            MONTHLY CLIMATOLOGICAL SUMMARY for MAY. 2020

NAME: Home Weather Station VP2   CITY: Pointe-Claire STATE: Quebec, Canada
ELEV: 157 LAT: 045:28:02 LONG: 0073:48:18

                            TEMPERATURE ( C), RAIN (mm), WIND SPEED (kmh)

                                               HEAT     COOL           AVG
      MEAN                                     DEG      DEG            WIND                       DOM
DAY   TEMP    HIGH   TIME     LOW    TIME      DAYS     DAYS    RAIN   SPEED    HIGH    TIME      DIR
--------------------------------------------------------------------------------------------------------
01    12.5    18.4   14:19    07.9   00:00     05.8     00.0    00.6   04.7     33.3    00:22     SSW
02    13.0    19.3   17:01    05.3   05:41     05.3     00.0    00.0   04.6     44.4    23:00      SW
03    14.7    21.4   15:19    10.7   05:17     03.6     00.0    04.0   04.3     46.3    16:04     SSW
04    09.5    12.1   00:03    06.6   00:00     08.8     00.0    00.0   03.4     31.4    16:22     WSW
05    07.2    12.1   16:05    03.0   07:00     11.1     00.0    00.0   02.1     25.9    16:32     WNW
06    10.6    14.7   16:31    06.2   06:49     07.7     00.0    00.0   03.0     25.9    12:29     ENE
07    10.0    17.3   15:55    04.2   06:12     08.3     00.0    00.6   03.8     44.4    14:20      SW
08    03.4    07.3   16:31    00.6   05:45     14.9     00.0    00.4   03.0     29.6    14:37     SSW
09    03.0    06.6   15:12    00.3   06:54     15.3     00.0    00.0   05.9     40.7    16:54     WSW
10    06.2    11.1   16:49    02.4   06:15     12.1     00.0    00.0   10.2     44.4    12:40      SW
11    06.3    09.7   13:11    02.4   05:59     12.0     00.0    00.0   03.0     27.8    17:37     SSW
12    06.0    11.0   16:22    01.1   05:53     12.3     00.0    00.0   03.6     40.7    14:54      W 
13    08.9    15.8   17:57    02.1   05:34     09.4     00.0    00.0   06.0     38.9    14:08      SW
14    12.6    19.6   15:12    04.2   06:06     05.7     00.0    00.0   04.4     33.3    13:15     SSW
15    12.2    14.9   02:03    10.7   07:54     06.1     00.0    22.0   04.8     31.4    03:02     NNE
16    14.1    18.4   16:16    11.0   00:58     04.2     00.0    00.0   01.5     18.5    20:00      SW
17    15.9    20.9   16:12    11.1   06:37     02.4     00.0    00.0   02.2     25.9    09:55     ENE
18    15.1    19.9   17:18    09.7   07:00     03.2     00.0    00.0   13.6     40.7    23:18      NE
19    15.2    21.1   15:42    08.7   05:59     03.1     00.0    00.0   13.6     38.9    07:18     NNE
20    17.6    25.2   15:46    09.6   05:49     00.7     00.0    00.0   02.5     20.4    01:53      E 
21    20.3    27.2   16:55    12.9   03:17     00.0     02.0    00.0   05.9     37.0    16:12      SW
22    22.1    30.4   16:56    12.8   05:48     00.0     03.8    00.0   06.8     35.1    17:09      SW
23    18.8    21.7   01:27    15.4   07:32     00.0     00.5    00.0   11.4     44.4    14:22     NNE
24    18.9    26.7   16:25    09.1   05:46     00.0     00.6    00.0   02.8     24.1    01:29     ENE
25    20.0    23.9   12:40    16.0   07:02     00.0     01.7    00.0   01.2     18.5    14:10     SSE
26    25.3    33.2   16:41    16.5   05:49     00.0     07.0    00.0   03.0     25.9    17:39      S 
27    28.3    37.2   16:33    20.3   05:54     00.0     10.0    00.0   02.6     31.4    14:36     SSW
28    26.2    30.0   16:53    23.3   07:10     00.0     07.9    00.2   04.9     29.6    20:03     SSW
29    24.9    30.7   12:48    20.8   06:35     00.0     06.6    01.2   09.4     48.1    11:27     SSW
30    17.7    24.4   14:50    10.3   00:00     00.6     00.0    05.6   05.7     44.4    02:16      SW
31    09.6    13.2   15:52    06.7   05:49     08.7     00.0    00.4   00.8     22.2    16:47     WSW
--------------------------------------------------------------------------------------------------------
14.4 (14.5)   37.2  day 27     00.3  day 09   161.3    040.3   035.0   05.0     48.1   day 19      SW
Max >=  30: 5
Max Rain: 22.0 ON 15-05-20
Days of Rain: 9 (> .2mm) 3 (> 2mm) 1 (> 20mm)