NOAA style reports

NOAA-style Climate Reports

Select NOAA data to display

Select a Year or Month report

Report for 2020 Jun

Daily noaa report



                            MONTHLY CLIMATOLOGICAL SUMMARY for JUN. 2020

NAME: Home Weather Station VP2   CITY: Pointe-Claire STATE: Quebec, Canada
ELEV: 157 LAT: 045:28:02 LONG: 0073:48:18

                            TEMPERATURE ( C), RAIN (mm), WIND SPEED (kmh)

                                               HEAT     COOL           AVG
      MEAN                                     DEG      DEG            WIND                       DOM
DAY   TEMP    HIGH   TIME     LOW    TIME      DAYS     DAYS    RAIN   SPEED    HIGH    TIME      DIR
--------------------------------------------------------------------------------------------------------
01    10.1    15.0   13:40    05.9   04:25     08.2     00.0    00.0   01.3     29.6    13:35     WSW
02    12.4    17.3   17:17    07.0   01:32     05.9     00.0    00.2   00.9     16.6    11:35     ENE
03    13.8    16.7   18:33    10.9   07:50     04.5     00.0    00.4   00.5     14.8    16:34     ENE
04    19.5    26.7   16:40    12.7   05:55     00.0     01.2    00.0   01.9     29.6    19:12     SSW
05    23.4    30.8   16:48    15.6   05:31     00.0     05.1    02.2   01.3     24.1    14:36     SSW
06    20.4    26.6   14:25    15.9   00:00     00.0     02.1    10.0   01.7     29.6    19:40      N 
07    17.8    23.4   16:15    12.5   04:55     00.5     00.0    00.0   00.9     22.2    11:04      N 
08    18.1    23.6   17:06    11.9   05:19     00.2     00.0    00.0   01.1     24.1    13:52     WSW
09    18.3    22.3   16:55    15.4   07:48     00.0     00.0    00.2   01.4     24.1    12:24     ENE
10    21.1    26.5   18:32    14.9   05:23     00.0     02.8    00.0   04.4     37.0    16:37     ESE
11    23.1    27.2   11:43    17.4   00:00     00.0     04.8    01.8   11.5     64.8    14:42     SSW
12    17.3    22.1   11:43    10.3   00:00     01.0     00.0    00.0   05.3     48.1    14:17      SW
13    12.0    16.4   18:07    07.9   05:32     06.3     00.0    00.0   00.3     16.6    14:48      S 
14    16.6    21.6   16:27    10.2   05:31     01.7     00.0    00.0   03.0     27.8    14:42      NE
15    18.5    24.8   16:12    10.5   05:32     00.0     00.2    00.0   01.2     18.5    16:43     ESE
16    21.3    28.3   17:13    12.6   05:49     00.0     03.0    00.0   01.1     18.5    16:03      S 
17    24.3    31.4   17:07    16.1   05:34     00.0     06.0    00.0   01.9     25.9    15:42     SSW
18    26.7    34.3   16:47    17.8   06:02     00.0     08.4    00.0   02.3     29.6    16:18     SSW
19    27.3    33.3   17:33    20.7   05:30     00.0     09.0    00.0   03.4     27.8    12:24     SSW
20    27.5    34.4   16:53    21.7   06:02     00.0     09.2    00.0   02.6     24.1    13:38     SSW
21    27.6    34.1   15:08    20.8   05:27     00.0     09.3    00.0   01.6     25.9    15:59      S 
22    27.9    35.5   15:59    21.4   05:29     00.0     09.6    00.0   02.2     27.8    14:24     SSW
23    25.7    33.2   12:21    20.5   19:03     00.0     07.4    39.6   01.1     68.5    18:48      S 
24    21.6    24.1   14:31    18.7   00:00     00.0     03.3    13.0   09.4     46.3    12:21      SW
25    20.4    25.2   16:03    17.1   04:13     00.0     02.1    00.0   07.5     44.4    08:00     SSW
26    21.8    27.4   13:55    17.3   05:57     00.0     03.5    00.0   03.4     27.8    12:37     SSW
27    22.1    26.1   15:46    19.6   04:37     00.0     03.8    02.2   00.4     18.5    03:27      S 
28    21.1    26.4   14:03    18.3   05:25     00.0     02.8    23.4   00.4     29.6    16:37      SE
29    21.0    24.7   15:39    18.0   04:12     00.0     02.7    00.0   06.2     38.9    23:33     NNE
30    21.4    23.9   19:14    19.2   11:30     00.0     03.1    00.0   08.3     35.1    09:08      NE
--------------------------------------------------------------------------------------------------------
20.7 (20.7)   35.5  day 22     05.9  day 01   028.2    099.5   093.0   03.0     68.5   day 23     SSW
Max >=  30: 8
Max Rain: 39.6 ON 23-06-20
Days of Rain: 10 (> .2mm) 6 (> 2mm) 2 (> 20mm)