NOAA style reports

NOAA-style Climate Reports

Select NOAA data to display

Select a Year or Month report

Report for 2020 Jul

Daily noaa report



                            MONTHLY CLIMATOLOGICAL SUMMARY for JUL. 2020

NAME: Home Weather Station VP2   CITY: Pointe-Claire STATE: Quebec, Canada
ELEV: 157 LAT: 045:28:02 LONG: 0073:48:18

                            TEMPERATURE ( C), RAIN (mm), WIND SPEED (kmh)

                                               HEAT     COOL           AVG
      MEAN                                     DEG      DEG            WIND                       DOM
DAY   TEMP    HIGH   TIME     LOW    TIME      DAYS     DAYS    RAIN   SPEED    HIGH    TIME      DIR
--------------------------------------------------------------------------------------------------------
01    24.9    31.2   17:33    18.3   05:51     00.0     06.6    00.0   01.6     24.1    16:23      NE
02    25.9    30.6   16:30    21.1   05:56     00.0     07.6    00.0   01.3     18.5    11:26      S 
03    24.7    30.6   17:02    19.2   05:56     00.0     06.4    00.0   02.5     20.4    03:26      NE
04    24.9    30.4   17:18    18.1   05:38     00.0     06.6    00.0   01.0     22.2    17:07      S 
05    23.2    29.0   14:27    18.7   05:51     00.0     04.9    00.0   01.9     25.9    19:52      NE
06    23.9    30.7   16:32    16.5   05:23     00.0     05.6    00.0   01.0     18.5    12:53      SE
07    26.1    33.3   17:22    18.5   05:42     00.0     07.8    00.0   01.9     24.1    14:23     SSE
08    25.6    30.3   13:46    22.2   06:57     00.0     07.3    21.4   01.5     44.4    14:30      S 
09    27.7    34.1   17:14    20.9   04:43     00.0     09.4    00.0   00.6     18.5    11:10     SSE
10    29.4    35.2   15:58    23.7   05:47     00.0     11.1    00.0   01.4     27.8    15:48     SSE
11    24.9    27.4   16:01    22.6   23:23     00.0     06.6    18.0   02.8     24.1    21:07      E 
12    24.8    28.0   17:04    22.4   02:51     00.0     06.5    00.8   01.2     27.8    15:07      SW
13    24.0    28.2   14:49    20.3   06:19     00.0     05.7    00.0   00.7     20.4    15:01     WNW
14    22.4    25.9   17:06    19.7   06:49     00.0     04.1    00.0   06.1     31.4    22:30      NE
15    21.8    26.6   17:18    16.2   05:54     00.0     03.5    00.0   04.2     29.6    11:31      NE
16    23.7    28.1   13:07    20.2   04:34     00.0     05.4    02.0   02.2     35.1    16:57     SSE
17    23.0    30.2   17:17    17.3   07:44     00.0     04.7    16.2   02.9     31.4    05:46      S 
18    26.2    31.6   16:58    20.9   05:57     00.0     07.9    00.0   02.7     25.9    12:54     SSW
19    27.1    33.3   15:00    21.7   08:41     00.0     08.8    09.8   05.5     40.7    14:57     SSW
20    25.8    29.5   15:51    22.7   04:04     00.0     07.5    03.0   03.3     29.6    14:35     SSW
21    22.5    26.4   16:00    19.2   06:00     00.0     04.2    00.0   00.4     20.4    13:30     WNW
22    22.0    26.7   13:51    18.2   05:53     00.0     03.7    00.0   01.4     20.4    23:24     ENE
23    22.3    26.3   17:40    19.2   07:03     00.0     04.0    00.0   02.1     24.1    00:10     NNE
24    24.3    30.7   16:03    17.3   06:06     00.0     06.0    00.0   01.7     20.4    13:22     SSW
25    25.9    31.3   16:46    19.5   06:46     00.0     07.6    00.0   02.9     27.8    18:05     SSW
26    26.9    32.7   14:24    23.3   06:39     00.0     08.6    12.2   05.9     38.9    17:38      SW
27    26.0    30.9   14:56    23.4   07:12     00.0     07.7    12.0   03.1     25.9    14:04     SSW
28    26.7    30.8   17:28    24.1   08:47     00.0     08.4    00.0   04.6     37.0    11:48     SSW
29    22.5    25.2   11:28    19.1   00:00     00.0     04.2    10.8   01.1     18.5    00:04      S 
30    22.8    28.6   15:56    17.4   06:07     00.0     04.5    00.0   00.6     18.5    14:13      S 
31    23.3    28.3   15:15    18.1   06:20     00.0     05.0    00.0   00.5     20.4    15:08     SSE
--------------------------------------------------------------------------------------------------------
24.7 (24.9)   35.2  day 10     16.2  day 15   000.0    198.1   106.2   02.3     44.4   day 26      S 
Max >=  30: 17
Max Rain: 21.4 ON 8-07-20
Days of Rain: 10 (> .2mm) 8 (> 2mm) 1 (> 20mm)