NOAA style reports

NOAA-style Climate Reports

Select NOAA data to display

Select a Year or Month report

Report for 2020 Aug

Daily noaa report



                            MONTHLY CLIMATOLOGICAL SUMMARY for AUG. 2020

NAME: Home Weather Station VP2   CITY: Pointe-Claire STATE: Quebec, Canada
ELEV: 157 LAT: 045:28:02 LONG: 0073:48:18

                            TEMPERATURE ( C), RAIN (mm), WIND SPEED (kmh)

                                               HEAT     COOL           AVG
      MEAN                                     DEG      DEG            WIND                       DOM
DAY   TEMP    HIGH   TIME     LOW    TIME      DAYS     DAYS    RAIN   SPEED    HIGH    TIME      DIR
--------------------------------------------------------------------------------------------------------
01    24.9    30.8   16:01    18.6   06:35     00.0     06.6    00.0   00.9     18.5    16:35     SSE
02    23.1    27.8   17:34    20.6   13:17     00.0     04.8    52.4   03.1     55.5    20:36      SE
03    23.3    27.1   17:05    20.2   10:21     00.0     05.0    00.0   04.4     44.4    06:25     SSW
04    20.2    21.4   14:34    18.7   07:42     00.0     01.9    44.2   04.3     31.4    21:41      NE
05    21.1    24.8   16:00    19.1   08:24     00.0     02.8    02.2   04.9     40.7    15:53      SW
06    20.6    25.9   16:59    15.2   06:23     00.0     02.3    00.0   02.5     29.6    00:07     SSW
07    22.3    28.1   16:43    16.1   06:15     00.0     04.0    00.0   00.4     12.9    15:32      S 
08    23.9    29.6   17:17    17.6   06:31     00.0     05.6    00.0   00.6     24.1    15:21      S 
09    23.1    27.7   12:35    21.3   06:35     00.0     04.8    00.0   01.5     22.2    17:19     SSW
10    24.2    29.7   16:59    20.4   06:16     00.0     05.9    00.0   00.7     18.5    13:32     SSE
11    26.2    33.9   15:47    21.7   05:10     00.0     07.9    10.0   02.0     55.5    18:02      S 
12    25.5    30.6   16:42    20.9   06:34     00.0     07.2    00.0   01.7     27.8    14:51     SSW
13    25.6    30.9   17:03    20.1   06:47     00.0     07.3    00.0   00.3     16.6    19:34      SE
14    23.6    27.6   16:20    18.8   06:26     00.0     05.3    00.0   04.6     25.9    19:06      NE
15    23.6    29.6   17:02    17.1   06:33     00.0     05.3    00.0   04.5     24.1    09:48      NE
16    24.0    28.7   16:48    19.2   06:41     00.0     05.7    00.0   02.0     29.6    12:32     SSE
17    21.8    26.2   17:09    19.3   11:37     00.0     03.5    06.8   01.0     18.5    16:06     SSW
18    20.5    25.2   14:07    16.8   00:00     00.0     02.2    01.0   01.1     29.6    15:50     SSW
19    18.4    23.0   15:40    14.5   06:21     00.0     00.1    00.0   00.3     22.2    15:19     SSW
20    17.8    22.6   14:47    12.6   06:30     00.5     00.0    01.6   00.5     18.5    20:14     SSE
21    20.8    26.3   16:37    17.8   00:39     00.0     02.5    11.2   01.1     22.2    03:00     SSW
22    21.3    27.1   17:01    15.7   06:41     00.0     03.0    00.0   00.4     16.6    16:40     SSE
23    22.7    28.2   17:23    18.7   06:29     00.0     04.4    15.8   00.7     27.8    06:33      S 
24    22.8    27.4   16:13    19.2   08:08     00.0     04.5    19.8   00.4     18.5    03:52      S 
25    21.8    25.5   13:07    15.1   00:00     00.0     03.5    00.2   01.8     25.9    13:13     SSW
26    15.2    19.8   16:38    11.4   06:55     03.1     00.0    00.0   00.8     27.8    12:19     SSW
27    14.8    17.5   18:40    10.1   06:15     03.5     00.0    00.0   00.4     09.3    17:47      SE
28    18.0    24.1   16:52    12.1   05:57     00.3     00.0    00.0   00.5     18.5    16:27     SSW
29    16.1    18.1   00:05    14.9   22:46     02.2     00.0    37.0   03.3     24.1    10:13      NE
30    17.0    21.8   16:23    13.3   07:09     01.3     00.0    00.0   01.5     33.3    01:35      SW
31    17.6    22.7   17:01    11.4   07:03     00.7     00.0    00.0   00.8     16.6    16:15     ESE
--------------------------------------------------------------------------------------------------------
21.4 (21.6)   33.9  day 11     10.1  day 27   011.6    106.5   202.2   01.7     55.5   day 11      S 
Max >=  30: 4
Max Rain: 52.4 ON 2-08-20
Days of Rain: 12 (> .2mm) 9 (> 2mm) 3 (> 20mm)