NOAA style reports

NOAA-style Climate Reports

Select NOAA data to display

Select a Year or Month report

Report for 2020 Sep

Daily noaa report



                            MONTHLY CLIMATOLOGICAL SUMMARY for SEP. 2020

NAME: Home Weather Station VP2   CITY: Pointe-Claire STATE: Quebec, Canada
ELEV: 157 LAT: 045:28:02 LONG: 0073:48:18

                            TEMPERATURE ( C), RAIN (mm), WIND SPEED (kmh)

                                               HEAT     COOL           AVG
      MEAN                                     DEG      DEG            WIND                       DOM
DAY   TEMP    HIGH   TIME     LOW    TIME      DAYS     DAYS    RAIN   SPEED    HIGH    TIME      DIR
--------------------------------------------------------------------------------------------------------
01    19.3    22.8   17:46    15.8   03:39     00.0     01.0    00.0   01.3     24.1    18:46      SE
02    21.0    23.8   16:37    17.6   00:00     00.0     02.7    03.4   03.3     27.8    14:50     SSE
03    20.0    24.8   16:59    15.9   07:07     00.0     01.7    00.0   02.5     25.9    14:29      S 
04    18.8    22.4   15:44    14.9   00:00     00.0     00.5    00.0   05.1     37.0    08:58      SW
05    16.1    21.9   16:32    11.6   06:52     02.2     00.0    01.8   02.1     35.1    12:19     SSW
06    16.4    21.3   15:10    11.7   07:06     01.9     00.0    00.0   00.6     20.4    13:34     SSW
07    20.3    26.1   16:20    14.2   02:42     00.0     02.0    07.6   04.8     33.3    16:02      S 
08    18.1    21.4   14:32    13.0   00:00     00.2     00.0    04.0   00.7     20.4    21:46     SSE
09    14.6    17.2   14:25    13.0   00:50     03.7     00.0    00.2   05.5     27.8    19:59      NE
10    13.9    16.7   17:22    12.6   00:00     04.4     00.0    00.2   02.1     20.4    01:19      NE
11    13.8    18.4   17:08    09.6   06:58     04.5     00.0    00.0   01.0     18.5    11:16     NNE
12    15.1    21.2   16:54    08.4   07:13     03.2     00.0    00.0   01.0     24.1    12:08      SE
13    17.4    19.7   21:17    15.6   00:27     00.9     00.0    27.6   04.3     33.3    20:28      S 
14    14.3    19.1   00:02    10.1   00:00     04.0     00.0    00.4   00.4     22.2    00:11      S 
15    11.1    15.1   14:28    06.1   06:27     07.2     00.0    00.0   00.6     16.6    14:39     SSE
16    18.1    24.2   16:56    12.2   04:09     00.2     00.0    00.0   08.1     44.4    19:34     SSW
17    15.5    19.6   00:18    09.5   00:00     02.8     00.0    00.0   00.2     16.6    15:53     ENE
18    10.0    14.3   13:42    05.7   07:13     08.3     00.0    00.0   00.8     18.5    12:11     NNE
19    09.2    14.8   17:03    03.3   07:06     09.1     00.0    00.0   00.6     20.4    15:18     SSE
20    10.4    15.2   17:02    05.9   07:21     07.9     00.0    00.0   00.9     18.5    15:29      E 
21    10.8    17.6   16:01    04.6   07:29     07.5     00.0    00.0   00.2     14.8    13:16      SE
22    12.2    18.9   16:40    04.7   07:31     06.1     00.0    00.0   00.1     11.1    15:15      SE
23    17.1    24.1   16:43    12.5   06:50     01.2     00.0    00.0   01.1     22.2    13:49     SSW
24    16.2    20.8   16:45    12.8   07:09     02.1     00.0    02.2   00.5     18.5    23:20     SSW
25    12.8    17.1   16:30    09.0   07:22     05.5     00.0    00.0   02.0     18.5    14:56      NE
26    18.0    27.4   16:00    09.7   07:25     00.3     00.0    00.0   00.5     12.9    12:49     ESE
27    22.0    28.4   16:52    17.3   03:50     00.0     03.7    00.0   03.7     35.1    11:39      S 
28    20.9    25.1   17:15    18.4   07:33     00.0     02.6    00.0   00.5     18.5    22:03      SE
29    17.7    21.3   09:33    14.1   19:06     00.6     00.0    08.4   03.3     35.1    09:55     SSW
30    14.0    17.1   15:45    12.4   23:37     04.3     00.0    26.4   05.1     42.5    20:17     SSW
--------------------------------------------------------------------------------------------------------
15.8 (16.0)   28.4  day 27     03.3  day 19   088.1    014.2   082.2   02.1     44.4   day 30      S 
Max Rain: 27.6 ON 13-09-20
Days of Rain: 11 (> .2mm) 7 (> 2mm) 2 (> 20mm)