NOAA style reports

NOAA-style Climate Reports

Select NOAA data to display

Select a Year or Month report

Report for 2020 Oct

Daily noaa report



                            MONTHLY CLIMATOLOGICAL SUMMARY for OCT. 2020

NAME: Home Weather Station VP2   CITY: Pointe-Claire STATE: Quebec, Canada
ELEV: 157 LAT: 045:28:02 LONG: 0073:48:18

                            TEMPERATURE ( C), RAIN (mm), WIND SPEED (kmh)

                                               HEAT     COOL           AVG
      MEAN                                     DEG      DEG            WIND                       DOM
DAY   TEMP    HIGH   TIME     LOW    TIME      DAYS     DAYS    RAIN   SPEED    HIGH    TIME      DIR
--------------------------------------------------------------------------------------------------------
01    14.1    18.6   15:19    11.1   23:54     04.2     00.0    06.2   04.9     33.3    13:54     SSW
02    11.0    13.6   16:42    09.3   00:00     07.3     00.0    08.6   00.2     12.9    01:58      S 
03    10.2    13.4   14:25    07.1   07:01     08.1     00.0    00.0   00.1     14.8    14:50     ESE
04    11.0    16.6   15:57    05.9   05:50     07.3     00.0    00.0   00.7     18.5    14:54      SE
05    12.8    16.4   15:56    09.9   23:58     05.5     00.0    00.8   00.5     16.6    13:18      S 
06    13.8    17.4   16:25    10.0   00:10     04.5     00.0    00.4   04.8     42.5    12:00     SSW
07    13.6    15.1   14:50    10.6   00:00     04.7     00.0    14.6   04.2     40.7    12:08     SSW
08    07.4    10.5   00:02    03.6   00:00     10.9     00.0    00.0   01.2     27.8    14:23      SW
09    09.1    14.7   15:20    02.5   04:19     09.2     00.0    00.0   03.3     31.4    14:53     SSW
10    16.8    23.5   13:33    09.8   00:00     01.5     00.0    06.2   07.3     59.2    16:40     SSW
11    07.4    10.8   17:09    03.8   08:02     10.9     00.0    00.0   01.8     25.9    11:00      NE
12    09.2    15.7   16:28    01.9   07:22     09.1     00.0    00.0   05.0     29.6    14:22     ENE
13    10.4    11.7   20:26    08.5   06:40     07.9     00.0    33.0   02.2     31.4    01:52      E 
14    11.3    16.1   16:55    08.1   08:07     07.0     00.0    00.0   01.1     27.8    14:32     SSW
15    14.0    22.6   15:31    09.7   06:14     04.3     00.0    02.6   04.1     38.9    15:49      S 
16    10.0    11.0   00:10    07.1   00:00     08.3     00.0    08.6   02.8     24.1    00:03     SSW
17    09.1    14.0   15:46    05.6   08:03     09.2     00.0    00.0   01.2     18.5    13:58     SSW
18    11.2    15.0   12:37    06.7   07:23     07.1     00.0    00.0   03.6     29.6    18:08     SSE
19    11.1    13.4   05:43    08.6   21:47     07.2     00.0    06.6   02.0     29.6    00:37      S 
20    08.7    10.6   16:12    07.3   00:00     09.6     00.0    13.4   03.1     24.1    00:00      NE
21    09.6    15.7   15:59    04.9   07:47     08.7     00.0    07.8   05.1     27.8    05:39      NE
22    10.9    13.8   15:18    07.3   04:43     07.4     00.0    00.0   00.5     12.9    06:11      S 
23    15.9    24.3   15:20    09.3   07:54     02.4     00.0    00.0   04.2     38.9    20:32      E 
24    11.0    19.7   04:50    04.2   00:00     07.3     00.0    05.4   05.2     40.7    04:58      SW
25    04.0    06.6   16:30    01.0   08:05     14.3     00.0    00.0   03.7     25.9    10:28      NE
26    03.4    04.5   13:50    02.6   19:50     14.9     00.0    09.6   04.2     20.4    02:43      NE
27    02.4    04.2   14:13   -00.3   23:31     15.9     00.0    00.2   01.4     16.6    14:46     WSW
28    04.2    08.3   19:12   -00.2   00:15     14.1     00.0    00.0   03.6     31.4    17:54      SE
29    05.8    07.9   03:39    00.1   00:00     12.5     00.0    00.0   07.6     48.1    22:09     NNE
30   -00.7    02.9   17:07   -03.3   08:48     19.0     00.0    00.0   09.2     38.9    00:10     NNE
31    00.8    05.9   16:46   -05.2   08:03     17.5     00.0    00.0   03.3     22.2    15:27      S 
--------------------------------------------------------------------------------------------------------
09.3 (9.4)   24.3  day 23    -05.2  day 31   277.7    000.0   124.0   03.3     59.2   day 10     SSE
Min <=   0: 4
Min <=  -5: 1
Max Rain: 33.0 ON 13-10-20
Days of Rain: 15 (> .2mm) 12 (> 2mm) 1 (> 20mm)