NOAA style reports

NOAA-style Climate Reports

Select NOAA data to display

Select a Year or Month report

Report for 2020 Nov

Daily noaa report



                            MONTHLY CLIMATOLOGICAL SUMMARY for NOV. 2020

NAME: Home Weather Station VP2   CITY: Pointe-Claire STATE: Quebec, Canada
ELEV: 157 LAT: 045:28:02 LONG: 0073:48:18

                            TEMPERATURE ( C), RAIN (mm), WIND SPEED (kmh)

                                               HEAT     COOL           AVG
      MEAN                                     DEG      DEG            WIND                       DOM
DAY   TEMP    HIGH   TIME     LOW    TIME      DAYS     DAYS    RAIN   SPEED    HIGH    TIME      DIR
--------------------------------------------------------------------------------------------------------
01    04.9    08.7   13:03    00.9   00:38     13.4     00.0    02.6   07.2     33.3    19:35      S 
02    00.7    04.0   00:01   -01.9   19:57     17.6     00.0    01.4   09.9     48.1    12:04      SW
03    00.1    01.6   14:53   -01.1   07:33     18.2     00.0    00.2   03.4     27.8    10:12     WSW
04    03.6    10.1   15:15   -00.1   06:58     14.7     00.0    00.0   03.4     22.2    08:08      NE
05    10.3    21.0   14:35    00.7   07:17     08.0     00.0    00.0   03.5     29.6    15:06      SW
06    14.8    18.1   13:38    10.7   07:24     03.5     00.0    00.0   08.0     40.7    12:34     SSW
07    15.7    21.1   15:26    11.3   07:10     02.6     00.0    00.0   05.8     27.8    09:54      SW
08    15.5    20.9   15:27    11.0   07:58     02.8     00.0    00.0   05.9     29.6    21:00     SSW
09    14.8    20.8   14:52    09.4   07:41     03.5     00.0    00.0   03.0     25.9    10:57     SSW
10    15.2    22.9   15:21    08.8   07:32     03.1     00.0    00.0   01.7     20.4    15:00      S 
11    16.2    20.4   14:53    09.9   00:00     02.1     00.0    00.0   06.9     44.4    17:20     SSW
12    05.9    09.9   00:02    02.2   00:00     12.4     00.0    00.0   02.8     24.1    11:19      SW
13    03.8    06.4   14:25    00.9   03:46     14.5     00.0    00.0   03.7     20.4    09:26     ESE
14    03.3    06.2   11:38   -01.0   23:33     15.0     00.0    00.0   04.6     27.8    14:02      SW
15    02.9    08.4   23:28   -01.9   05:41     15.4     00.0    07.0   06.6     42.5    18:17      SE
16    06.1    08.3   00:33    02.7   23:41     12.2     00.0    00.0   15.2     55.5    12:17      SW
17    00.4    03.2   12:02   -04.9   00:00     17.9     00.0    00.0   04.4     29.6    11:48      SW
18   -04.5   -02.8   12:12   -05.5   01:35     22.8     00.0    00.0   03.4     24.1    11:08      SW
19   -00.0    04.0   18:42   -04.9   00:16     18.3     00.0    00.0   02.1     24.1    09:22      SE
20    07.9    15.2   17:25   -00.2   01:55     10.4     00.0    00.0   05.9     46.3    17:23      SW
21    04.8    10.8   00:06   -01.2   00:00     13.5     00.0    00.0   02.9     35.1    00:13     WSW
22   -01.0    01.6   15:32   -04.0   07:18     19.3     00.0    12.4   04.7     25.9    22:16      NE
23    01.9    05.1   07:53    00.8   11:29     16.4     00.0    14.0   07.4     46.3    09:13      SW
24   -02.7    01.2   00:27   -04.7   20:29     21.0     00.0    00.0   03.1     31.4    00:49      NW
25   -02.7   -01.0   12:37   -04.6   07:14     21.0     00.0    10.4   05.8     25.9    06:10      NE
26    01.3    02.3   11:29   -01.1   00:05     17.0     00.0    01.0   06.4     25.9    10:11     NNE
27    04.8    07.2   13:38    01.9   00:20     13.5     00.0    00.0   02.4     20.4    03:13     SSW
28    04.4    05.9   13:44    03.4   08:27     13.9     00.0    00.0   04.2     29.6    21:52     SSW
29    05.3    08.0   14:19    03.5   00:00     13.0     00.0    00.0   04.9     29.6    12:26     SSW
30    04.9    08.3   12:04    02.8   04:57     13.4     00.0    08.0   07.9     53.6    16:41     NNE
--------------------------------------------------------------------------------------------------------
05.3 (5.4)   22.9  day 10    -05.5  day 18   390.4    000.0   057.0   05.2     55.5   day 16     SSW
Max <=   0: 2
Min <=   0: 14
Min <=  -5: 1
Max Rain: 14.0 ON 23-11-20
Days of Rain: 9 (> .2mm) 6 (> 2mm) 0 (> 20mm)