NOAA style reports

NOAA-style Climate Reports

Select NOAA data to display

Select a Year or Month report

Report for 2020 Dec

Daily noaa report



                            MONTHLY CLIMATOLOGICAL SUMMARY for DEC. 2020

NAME: Home Weather Station VP2   CITY: Pointe-Claire STATE: Quebec, Canada
ELEV: 157 LAT: 045:28:02 LONG: 0073:48:18

                            TEMPERATURE ( C), RAIN (mm), WIND SPEED (kmh)

                                               HEAT     COOL           AVG
      MEAN                                     DEG      DEG            WIND                       DOM
DAY   TEMP    HIGH   TIME     LOW    TIME      DAYS     DAYS    RAIN   SPEED    HIGH    TIME      DIR
--------------------------------------------------------------------------------------------------------
01    07.0    09.4   12:25    03.6   00:00     11.3     00.0    08.2   05.1     31.4    22:31     WSW
02    01.7    03.8   05:38   -01.1   23:59     16.6     00.0    00.0   09.1     37.0    21:39     SSW
03    02.7    05.9   11:51   -01.7   03:19     15.6     00.0    00.0   08.2     42.5    11:52     SSW
04    03.3    04.4   00:07    02.3   06:31     15.0     00.0    02.2   07.2     33.3    03:30      S 
05    01.3    03.5   14:33   -02.3   00:00     17.0     00.0    00.0   05.5     29.6    15:48      N 
06   -02.4   -00.9   13:44   -03.3   08:12     20.7     00.0    00.0   04.6     29.6    12:53      SW
07   -03.3   -01.8   14:46   -05.0   00:00     21.6     00.0    00.0   02.2     24.1    04:15      SW
08   -04.6   -03.7   13:39   -06.1   22:07     22.9     00.0    00.0   03.9     22.2    20:19      SW
09   -01.9    00.7   19:12   -05.6   03:31     20.2     00.0    03.0   00.9     18.5    00:46      SE
10    00.8    02.6   12:14   -00.3   23:24     17.5     00.0    00.0   03.7     24.1    12:49     SSW
11    02.5    05.7   14:24   -00.2   02:46     15.8     00.0    00.0   00.5     12.9    10:14     ENE
12    01.7    03.2   23:52    00.8   08:11     16.6     00.0    01.2   14.1     44.4    15:34     NNE
13    02.0    07.9   09:45   -02.3   21:29     16.3     00.0    00.8   08.6     53.6    11:28      SW
14   -02.4   -01.3   21:36   -03.1   08:02     20.7     00.0    00.4   02.7     42.5    23:48      SW
15   -10.0   -02.6   00:04   -15.6   00:00     28.3     00.0    00.0   06.1     35.1    00:34     WSW
16   -15.0   -12.4   22:30   -17.4   07:53     33.3     00.0    00.0   11.3     42.5    21:33     NNE
17   -10.5   -08.1   15:17   -13.4   02:28     28.8     00.0    00.0   11.7     35.1    04:44     NNE
18   -09.3   -04.7   15:53   -12.8   08:03     27.6     00.0    00.0   02.7     18.5    02:43     NNE
19   -06.3   -01.7   15:08   -11.2   08:16     24.6     00.0    00.0   01.1     11.1    20:33     ESE
20   -01.4    00.0   00:00   -03.2   00:29     19.7     00.0    04.0   03.0     16.6    18:36     ENE
21    01.6    04.4   14:47   -00.1   00:17     16.7     00.0    00.0   00.4     11.1    05:12      E 
22    00.2    02.1   16:20   -05.6   00:00     18.1     00.0    01.4   06.0     38.9    17:40      SW
23   -05.1    01.2   00:00   -09.1   08:03     23.4     00.0    01.6   03.3     29.6    00:45      S 
24    05.4    09.9   23:52    00.8   01:32     12.9     00.0    16.6   02.7     31.4    11:57     ESE
25    07.4    13.0   07:42   -00.1   00:00     10.9     00.0    14.8   06.9     40.7    23:59      S 
26   -04.2   -00.1   00:11   -07.6   23:59     22.5     00.0    00.0   09.1     48.1    04:37     SSW
27   -05.7   -03.2   00:00   -08.1   03:18     24.0     00.0    00.0   03.2     22.2    23:38      S 
28    01.0    04.9   14:45   -03.2   00:09     17.3     00.0    01.4   08.7     53.6    14:37      S 
29   -06.6   -01.4   00:09   -08.6   09:43     24.9     00.0    00.0   06.5     40.7    18:53      SW
30   -03.8    00.8   23:50   -07.3   03:22     22.1     00.0    11.6   03.0     27.8    20:10      SE
31    00.2    03.9   01:40   -04.8   23:14     18.1     00.0    01.2   07.3     51.8    03:17      SW
--------------------------------------------------------------------------------------------------------
-1.7 (-1.7)   13.0  day 25    -17.4  day 16   621.0    000.0   068.4   05.5     53.7   day 28     SSW
Max <=   0: 13
Min <=   0: 27
Max <=  -5: 2
Min <=  -5: 14
Max <= -10: 1
Min <= -10: 5
Min <= -15: 2
Max Rain: 16.6 ON 24-12-21
Days of Rain: 14 (> .2mm) 7 (> 2mm) 0 (> 20mm)