NOAA style reports

NOAA-style Climate Reports

Select NOAA data to display

Select a Year or Month report

Report for 2021 Jan

Daily noaa report



                            MONTHLY CLIMATOLOGICAL SUMMARY for JAN. 2021

NAME: Home Weather Station VP2   CITY: Pointe-Claire STATE: Quebec, Canada
ELEV: 157 LAT: 045:28:02 LONG: 0073:48:18

                            TEMPERATURE ( C), RAIN (mm), WIND SPEED (kmh)

                                               HEAT     COOL           AVG
      MEAN                                     DEG      DEG            WIND                       DOM
DAY   TEMP    HIGH   TIME     LOW    TIME      DAYS     DAYS    RAIN   SPEED    HIGH    TIME      DIR
--------------------------------------------------------------------------------------------------------
01   -02.6   -00.3   13:44   -05.5   06:45     20.9     00.0    00.0   01.5     18.5    22:52      E 
02   -02.9   -00.8   15:54   -05.0   07:54     21.2     00.0    06.4   06.7     31.4    05:23      N 
03   -02.1   -00.1   12:07   -03.7   23:33     20.4     00.0    00.0   03.7     22.2    12:04      NE
04   -02.3   -00.5   15:19   -03.6   04:53     20.6     00.0    00.0   04.8     18.5    03:59     NNE
05   -02.8   -02.1   00:35   -03.5   06:17     21.1     00.0    00.0   08.4     29.6    18:38      N 
06   -02.7   -00.1   15:28   -05.4   00:00     21.0     00.0    00.0   01.1     18.5    16:26      SW
07   -04.5   -00.3   13:52   -06.9   06:30     22.8     00.0    00.0   03.3     24.1    15:55      SW
08   -06.8   -04.3   15:50   -09.1   08:21     25.1     00.0    00.0   04.7     24.1    14:48     SSW
09   -04.7    00.9   16:02   -08.8   07:59     23.0     00.0    00.0   02.0     12.9    11:09      SW
10   -07.1   -05.2   00:00   -09.6   06:57     25.4     00.0    00.0   03.4     25.9    16:38     SSW
11   -02.4    00.3   15:10   -05.8   02:35     20.7     00.0    01.2   00.6     12.9    22:22     ESE
12   -00.1    00.7   14:53   -01.1   09:02     18.4     00.0    00.8   04.5     18.5    13:43     SSW
13    00.2    01.5   16:45   -00.9   08:08     18.1     00.0    00.0   05.6     29.6    17:04      S 
14    01.4    02.9   14:32    00.6   00:00     16.9     00.0    00.0   01.7     14.8    18:19     ENE
15    00.7    03.3   14:27   -01.7   07:53     17.6     00.0    00.0   04.4     18.5    21:40      NE
16    00.6    02.5   03:52   -00.4   00:00     17.7     00.0    16.4   07.9     42.5    15:25     NNE
17   -01.0    00.7   12:09   -04.7   22:17     19.3     00.0    01.8   08.5     38.9    12:41      SW
18   -06.9   -04.5   00:21   -11.4   00:00     25.2     00.0    00.0   08.1     27.8    17:26      SW
19   -09.1   -05.7   15:08   -13.1   07:40     27.4     00.0    00.2   01.0     14.8    01:14      SE
20   -09.0   -06.3   13:04   -14.2   00:00     27.3     00.0    00.0   04.0     29.6    14:17      SW
21   -08.3   -03.7   20:03   -14.4   00:54     26.6     00.0    04.6   01.9     18.5    12:56      E 
22   -05.2   -02.7   11:30   -08.5   00:00     23.5     00.0    00.0   04.0     25.9    17:50      SW
23   -12.5   -08.5   00:04   -14.9   00:00     30.8     00.0    00.0   07.6     35.1    11:57      SW
24   -13.9   -09.8   15:50   -17.4   08:11     32.2     00.0    00.0   11.8     40.7    15:08      SW
25   -09.9   -05.7   14:58   -14.9   05:27     28.2     00.0    00.0   04.1     22.2    08:20      SW
26   -05.8   -04.2   18:24   -08.0   09:03     24.1     00.0    02.4   07.1     29.6    21:24     NNE
27   -04.1   -01.6   14:10   -06.4   02:40     22.4     00.0    00.6   05.1     24.1    21:47      NW
28   -08.5   -05.2   00:45   -15.8   00:00     26.8     00.0    00.0   06.8     35.1    19:15      SW
29   -14.7   -12.1   15:59   -17.1   08:05     33.0     00.0    00.0   06.0     29.6    15:49      SW
30   -13.2   -11.1   15:12   -15.4   23:50     31.5     00.0    00.0   03.0     20.4    16:00      SW
31   -15.3   -11.6   15:19   -18.6   07:39     33.6     00.0    00.0   03.5     18.5    09:17     NNE
--------------------------------------------------------------------------------------------------------
-5.7 (-5.8)   03.3  day 15    -18.6  day 31   742.7    000.0   034.4   04.7     42.6   day 16      SW
Max <=   0: 23
Min <=   0: 30
Min <= -18: 1
Max <=  -5: 10
Min <=  -5: 22
Max <= -10: 3
Min <= -10: 11
Min <= -15: 5
Max Rain: 16.4 ON 16-01-21
Days of Rain: 9 (> .2mm) 4 (> 2mm) 0 (> 20mm)