NOAA style reports

NOAA-style Climate Reports

Select NOAA data to display

Select a Year or Month report

Report for 2021 Feb

Daily noaa report



                            MONTHLY CLIMATOLOGICAL SUMMARY for FEB. 2021

NAME: Home Weather Station VP2   CITY: Pointe-Claire STATE: Quebec, Canada
ELEV: 157 LAT: 045:28:02 LONG: 0073:48:18

                            TEMPERATURE ( C), RAIN (mm), WIND SPEED (kmh)

                                               HEAT     COOL           AVG
      MEAN                                     DEG      DEG            WIND                       DOM
DAY   TEMP    HIGH   TIME     LOW    TIME      DAYS     DAYS    RAIN   SPEED    HIGH    TIME      DIR
--------------------------------------------------------------------------------------------------------
01   -11.3   -06.1   19:48   -17.6   05:04     29.6     00.0    00.0   11.2     37.0    15:49     NNE
02   -04.2   -01.8   19:26   -07.1   00:08     22.5     00.0    03.6   17.8     48.1    15:13     NNE
03   -01.4    00.4   15:58   -02.9   03:45     19.7     00.0    05.0   02.7     22.2    11:07      N 
04   -01.9    00.3   15:06   -04.3   08:41     20.2     00.0    00.0   03.9     25.9    20:04      SW
05   -02.3    02.2   15:44   -06.0   04:43     20.6     00.0    03.2   05.0     29.6    21:52      S 
06   -05.2   -02.6   00:17   -08.0   00:00     23.5     00.0    00.0   10.8     48.1    13:14      SW
07   -06.3   -02.9   14:15   -09.9   02:19     24.6     00.0    00.0   02.8     29.6    22:30     SSW
08   -09.9   -06.3   15:59   -14.0   07:55     28.2     00.0    00.0   04.9     24.1    14:43     SSW
09   -08.6   -06.4   16:17   -10.2   00:00     26.9     00.0    00.0   02.2     16.6    13:08     NNE
10   -08.6   -05.7   15:52   -10.7   07:19     26.9     00.0    00.0   04.9     29.6    13:38      SW
11   -10.5   -06.7   15:29   -15.5   00:00     28.8     00.0    00.0   03.4     27.8    16:35     WSW
12   -16.4   -13.3   16:20   -19.1   06:58     34.7     00.0    00.0   06.0     22.2    20:13      SW
13   -14.8   -11.3   23:30   -19.7   07:37     33.1     00.0    00.0   02.2     18.5    23:57      S 
14   -09.1   -05.2   15:16   -12.3   03:34     27.4     00.0    00.2   04.6     24.1    01:14     NNE
15   -06.6   -03.6   12:31   -09.7   00:25     24.9     00.0    00.0   00.4     11.1    14:27     WSW
16   -06.3   -02.3   15:35   -11.0   00:00     24.6     00.0    06.6   12.5     44.4    06:27     NNE
17   -11.8   -08.1   16:37   -15.9   07:55     30.1     00.0    00.0   07.2     33.3    03:13      SW
18   -08.4   -03.6   13:26   -14.5   07:00     26.7     00.0    00.0   01.3     16.6    23:49     ESE
19   -07.5   -05.8   14:58   -10.7   07:41     25.8     00.0    00.6   07.8     31.4    13:04     NNE
20   -06.0   -03.0   16:12   -09.5   07:39     24.3     00.0    00.0   02.8     18.5    14:31      SW
21   -05.9   -01.9   16:11   -10.6   07:18     24.2     00.0    00.0   03.6     29.6    14:31     SSW
22   -03.6   -00.6   00:00   -08.6   00:28     21.9     00.0    02.4   01.4     24.1    12:54     ESE
23    01.3    03.1   15:43   -00.7   00:01     17.0     00.0    00.6   05.3     40.7    09:02     SSW
24    02.0    04.9   13:35    00.3   00:00     16.3     00.0    08.6   05.7     29.6    06:40     SSW
25   -04.5    00.4   00:11   -07.8   21:59     22.8     00.0    01.6   00.9     18.5    19:22      SW
26   -06.0   -01.3   15:44   -11.7   06:18     24.3     00.0    00.0   00.9     14.8    22:23     SSE
27   -01.7    03.5   17:32   -08.6   07:03     20.0     00.0    10.2   04.6     42.5    17:57     SSW
28    02.5    06.0   13:05   -01.6   07:18     15.8     00.0    01.0   03.1     29.6    18:49     ESE
--------------------------------------------------------------------------------------------------------
-6.2 (-6.4)   06.0  day 28    -19.7  day 13   685.3    000.0   043.6   05.0     48.1   day 06      SW
Max <=   0: 20
Min <=   0: 27
Min <= -18: 2
Max <=  -5: 10
Min <=  -5: 23
Max <= -10: 2
Min <= -10: 14
Min <= -15: 5
Max Rain: 10.2 ON 27-02-21
Days of Rain: 12 (> .2mm) 7 (> 2mm) 0 (> 20mm)