NOAA style reports

NOAA-style Climate Reports

Select NOAA data to display

Select a Year or Month report

Report for 2021 Mar

Daily noaa report



                            MONTHLY CLIMATOLOGICAL SUMMARY for MAR. 2021

NAME: Home Weather Station VP2   CITY: Pointe-Claire STATE: Quebec, Canada
ELEV: 157 LAT: 045:28:02 LONG: 0073:48:18

                            TEMPERATURE ( C), RAIN (mm), WIND SPEED (kmh)

                                               HEAT     COOL           AVG
      MEAN                                     DEG      DEG            WIND                       DOM
DAY   TEMP    HIGH   TIME     LOW    TIME      DAYS     DAYS    RAIN   SPEED    HIGH    TIME      DIR
--------------------------------------------------------------------------------------------------------
01   -00.4    05.4   12:05   -13.7   00:00     18.7     00.0    05.6   09.2     50.0    11:52      SW
02   -12.7   -07.8   00:00   -17.4   07:13     31.0     00.0    00.4   12.0     50.0    13:34      SW
03   -02.9    01.7   16:07   -07.8   00:16     21.2     00.0    01.2   00.9     18.5    16:28      SW
04   -06.7   -02.0   00:01   -08.9   09:02     25.0     00.0    00.0   07.5     38.9    15:03     WSW
05   -09.7   -06.7   16:44   -12.1   08:20     28.0     00.0    00.0   08.5     44.4    10:57      SW
06   -08.3   -05.0   15:54   -11.2   02:57     26.6     00.0    00.0   08.1     33.3    15:51      SW
07   -06.9   -03.8   15:46   -09.0   00:36     25.2     00.0    00.0   05.3     29.6    17:31      SW
08   -06.2   -00.9   15:22   -12.9   07:02     24.5     00.0    00.0   02.2     20.4    14:21      S 
09    00.8    06.4   16:49   -04.4   07:15     17.5     00.0    00.0   02.1     25.9    14:53      SW
10    03.8    10.7   16:13   -02.9   06:43     14.5     00.0    00.0   01.6     18.5    13:28      E 
11    08.7    14.3   16:13    04.7   05:12     09.6     00.0    03.8   03.7     57.4    22:27      S 
12    04.0    09.1   00:04   -03.6   00:00     14.3     00.0    00.0   13.7     48.1    02:28      SW
13   -04.0   -01.1   16:59   -07.7   06:56     22.3     00.0    00.2   07.8     40.7    14:43      SW
14   -04.0   -01.0   04:58   -10.5   00:00     22.3     00.0    00.0   05.9     37.0    10:32      SW
15   -10.5   -05.6   18:00   -15.3   07:45     28.8     00.0    00.0   05.0     33.3    14:51      SW
16   -04.4    01.9   16:57   -10.6   05:05     22.7     00.0    00.0   02.0     22.2    12:44      S 
17    02.0    08.9   16:57   -05.0   04:53     16.3     00.0    00.0   01.3     24.1    11:52      S 
18    03.4    07.6   16:38   -04.6   00:00     14.9     00.0    00.0   07.3     42.5    23:17      NW
19   -04.2    00.3   17:39   -08.9   07:27     22.5     00.0    00.0   07.0     29.6    17:25      W 
20    03.6    10.6   17:47   -02.2   03:03     14.7     00.0    00.0   09.1     37.0    10:45      SW
21    08.0    15.6   17:34    01.9   07:04     10.3     00.0    00.0   05.5     27.8    17:08      SW
22    09.7    18.7   17:06    00.1   07:24     08.6     00.0    00.0   01.2     22.2    12:43     SSW
23    11.6    19.3   17:22    03.8   07:35     06.7     00.0    00.0   00.4     12.9    14:17     SSE
24    09.8    16.1   13:22    05.2   07:03     08.5     00.0    02.4   00.4     12.9    17:35      E 
25    14.0    21.0   14:53    08.4   07:33     04.3     00.0    03.2   04.3     37.0    16:30      SW
26    07.5    12.6   01:29    02.5   00:00     10.8     00.0    12.2   09.7     42.5    12:51      NE
27    02.9    05.4   15:45    01.3   08:54     15.4     00.0    00.0   05.7     25.9    01:59      SW
28    06.2    10.6   19:51    02.2   07:35     12.1     00.0    10.0   09.2     53.6    12:38      SE
29    01.8    06.7   00:03   -01.7   09:31     16.5     00.0    01.2   12.3     55.5    10:44     WSW
30    07.4    16.3   16:57   -00.9   05:39     10.9     00.0    00.0   02.7     29.6    21:02     SSE
31    09.6    13.2   14:06    05.3   23:35     08.7     00.0    03.8   03.4     27.8    20:24     SSW
--------------------------------------------------------------------------------------------------------
01.1 (1.0)   21.0  day 25    -17.4  day 02   533.6    000.0   044.0   05.6     57.4   day 01      SW
Max <=   0: 9
Min <=   0: 21
Max <=  -5: 4
Min <=  -5: 14
Min <= -10: 8
Min <= -15: 2
Max Rain: 12.2 ON 26-03-21
Days of Rain: 11 (> .2mm) 7 (> 2mm) 0 (> 20mm)