NOAA style reports

NOAA-style Climate Reports

Select NOAA data to display

Select a Year or Month report

Report for 2021 May

Daily noaa report



                            MONTHLY CLIMATOLOGICAL SUMMARY for MAY. 2021

NAME: Home Weather Station VP2   CITY: Pointe-Claire STATE: Quebec, Canada
ELEV: 157 LAT: 045:28:02 LONG: 0073:48:18

                            TEMPERATURE ( C), RAIN (mm), WIND SPEED (kmh)

                                               HEAT     COOL           AVG
      MEAN                                     DEG      DEG            WIND                       DOM
DAY   TEMP    HIGH   TIME     LOW    TIME      DAYS     DAYS    RAIN   SPEED    HIGH    TIME      DIR
--------------------------------------------------------------------------------------------------------
01    06.4    11.0   17:26    02.1   07:19     11.9     00.0    00.4   09.2     44.4    21:48     WSW
02    10.6    17.1   17:01    04.2   00:18     07.7     00.0    00.0   05.6     38.9    16:00      SW
03    08.4    11.4   00:14    05.4   06:42     09.9     00.0    00.0   04.0     29.6    02:37     ENE
04    11.4    14.5   15:32    09.7   00:30     06.9     00.0    00.0   11.6     33.3    08:13      NE
05    10.8    12.4   14:53    09.6   08:26     07.5     00.0    01.2   03.9     31.4    22:57     WSW
06    11.0    16.1   16:20    06.4   06:30     07.3     00.0    00.0   03.9     29.6    14:03     WSW
07    11.4    17.1   16:32    04.4   05:56     06.9     00.0    00.0   02.6     24.1    18:15     ENE
08    13.0    16.7   17:37    09.5   00:00     05.3     00.0    00.0   05.5     24.1    22:56     ENE
09    11.4    17.8   16:48    06.4   05:56     06.9     00.0    00.0   06.1     33.3    14:37      SW
10    12.8    18.3   15:24    07.1   05:24     05.5     00.0    00.8   02.9     33.3    15:46      SW
11    09.6    13.4   16:04    06.7   00:00     08.7     00.0    01.0   09.7     40.7    11:32      SW
12    12.7    17.9   15:10    06.6   00:45     05.6     00.0    00.0   01.0     35.1    17:03     WSW
13    15.4    22.4   14:45    05.9   05:54     02.9     00.0    00.0   01.4     31.4    16:59     WSW
14    18.6    25.1   17:27    11.8   06:48     00.0     00.3    00.0   04.1     31.4    21:06      SW
15    18.6    25.6   15:46    11.9   05:57     00.0     00.3    00.0   04.1     29.6    17:37      SW
16    18.1    25.3   15:19    10.9   05:38     00.2     00.0    00.0   00.6     18.5    18:23     SSW
17    19.4    27.2   17:13    10.7   05:59     00.0     01.1    00.0   03.0     29.6    15:25     SSW
18    21.1    26.7   17:16    16.0   06:40     00.0     02.8    00.0   01.0     29.6    15:02      SW
19    21.2    28.7   16:42    13.8   05:43     00.0     02.9    00.0   00.3     12.9    13:30     ESE
20    23.9    32.1   15:55    16.8   06:04     00.0     05.6    00.0   00.7     18.5    13:55      S 
21    26.0    32.6   14:37    19.5   06:01     00.0     07.7    00.0   01.3     20.4    13:47     SSW
22    24.4    29.2   17:02    20.8   00:00     00.0     06.1    02.0   02.1     20.4    16:24      SW
23    18.8    20.9   00:02    14.1   00:00     00.0     00.5    00.6   05.3     29.6    12:50     NNW
24    15.9    22.7   17:12    09.0   05:49     02.4     00.0    00.0   02.6     22.2    03:53     ENE
25    20.4    28.1   17:48    11.8   05:19     00.0     02.1    01.0   06.3     40.7    17:37      SW
26    24.9    30.9   13:31    20.7   00:00     00.0     06.6    01.2   09.9     55.5    15:50      SW
27    13.9    20.7   00:04    07.8   00:00     04.4     00.0    00.0   01.3     20.4    15:26      N 
28    09.4    14.6   16:43    03.9   05:29     08.9     00.0    00.0   00.7     16.6    17:34      NE
29    13.1    18.1   17:10    06.4   05:37     05.2     00.0    00.0   05.2     37.0    10:26      NE
30    13.5    19.7   14:10    08.3   05:45     04.8     00.0    02.2   03.1     25.9    14:21     ENE
31    15.2    21.3   19:02    10.7   07:40     03.1     00.0    00.0   02.0     20.4    15:20      E 
--------------------------------------------------------------------------------------------------------
15.5 (15.6)   32.6  day 21     02.1  day 01   121.8    035.8   010.6   03.9     55.5   day 26      SW
Max >=  30: 3
Max Rain: 2.2 ON 30-05-21
Days of Rain: 9 (> .2mm) 1 (> 2mm) 0 (> 20mm)