NOAA style reports

NOAA-style Climate Reports

Select NOAA data to display

Select a Year or Month report

Report for 2021 Jun

Daily noaa report



                            MONTHLY CLIMATOLOGICAL SUMMARY for JUN. 2021

NAME: Home Weather Station VP2   CITY: Pointe-Claire STATE: Quebec, Canada
ELEV: 157 LAT: 045:28:02 LONG: 0073:48:18

                            TEMPERATURE ( C), RAIN (mm), WIND SPEED (kmh)

                                               HEAT     COOL           AVG
      MEAN                                     DEG      DEG            WIND                       DOM
DAY   TEMP    HIGH   TIME     LOW    TIME      DAYS     DAYS    RAIN   SPEED    HIGH    TIME      DIR
--------------------------------------------------------------------------------------------------------
01    18.7    25.8   17:01    13.0   05:20     00.0     00.4    02.2   04.9     40.7    18:08      SW
02    21.5    28.2   16:12    14.6   05:38     00.0     03.2    00.0   02.8     29.6    14:45      SW
03    18.0    20.9   00:05    16.2   05:07     00.3     00.0    09.2   00.9     16.6    23:22      S 
04    22.0    28.4   16:43    17.3   05:45     00.0     03.7    00.0   04.7     31.4    19:29      SW
05    22.5    27.4   16:50    19.2   05:31     00.0     04.2    19.6   04.5     38.9    15:12      SW
06    25.7    32.5   17:04    18.6   06:12     00.0     07.4    00.0   04.3     35.1    16:33      SW
07    28.3    33.6   15:04    23.3   05:54     00.0     10.0    00.0   06.4     40.7    16:02      SW
08    27.3    31.2   14:48    23.9   05:55     00.0     09.0    00.0   05.3     31.4    17:00      SW
09    25.8    30.6   15:36    21.5   00:00     00.0     07.5    00.0   01.6     22.2    13:39     NNE
10    19.4    23.8   16:51    15.3   06:06     00.0     01.1    00.0   03.7     27.8    10:18      NE
11    20.8    25.7   17:09    16.4   06:44     00.0     02.5    00.0   02.1     22.2    21:00      E 
12    21.7    28.0   17:17    14.4   05:39     00.0     03.4    00.0   01.2     22.2    15:43     SSW
13    23.7    29.4   16:35    16.2   06:10     00.0     05.4    00.0   00.9     22.2    14:08     SSW
14    19.6    23.4   16:22    17.5   20:30     00.0     01.3    17.0   02.1     31.4    17:13     SSE
15    18.6    23.9   13:48    15.6   00:00     00.0     00.3    00.8   01.6     24.1    16:18      SW
16    17.2    22.1   16:59    11.6   05:33     01.1     00.0    00.0   01.4     31.4    17:34      SW
17    19.8    25.7   16:46    13.3   05:47     00.0     01.5    00.0   02.9     29.6    22:11      SW
18    20.1    25.3   14:31    16.7   05:27     00.0     01.8    07.4   04.7     33.3    12:20     SSW
19    21.9    26.6   14:55    17.1   05:49     00.0     03.6    04.2   02.9     42.5    14:08      SW
20    23.2    29.5   16:39    17.7   03:22     00.0     04.9    00.0   00.9     22.2    11:29     SSW
21    24.1    30.1   14:33    19.6   05:27     00.0     05.8    04.4   04.3     40.7    17:01     SSW
22    16.8    23.1   00:02    13.1   09:07     01.5     00.0    00.0   00.4     24.1    04:00      SW
23    17.2    22.7   17:24    10.8   05:50     01.1     00.0    00.0   01.8     27.8    17:53      SW
24    21.7    28.9   15:32    14.2   06:22     00.0     03.4    00.0   03.0     29.6    18:22      S 
25    22.6    26.8   15:07    18.3   06:16     00.0     04.3    00.0   01.1     18.5    09:38      S 
26    20.9    25.3   18:18    17.8   11:09     00.0     02.6    26.4   01.9     29.6    17:26      S 
27    27.3    32.6   15:46    21.2   02:30     00.0     09.0    00.2   08.9     53.6    11:09      SW
28    27.7    31.8   15:10    24.8   06:27     00.0     09.4    04.4   01.6     25.9    15:28      SW
29    25.8    29.0   13:54    23.0   00:00     00.0     07.5    00.2   01.3     24.1    12:36     SSW
30    23.5    27.0   16:25    20.6   23:37     00.0     05.2    42.8   02.6     29.6    12:13      SW
--------------------------------------------------------------------------------------------------------
22.1 (22.4)   33.6  day 07     10.8  day 23   004.0    118.4   138.8   02.9     53.7   day 27      SW
Max >=  30: 7
Max Rain: 42.8 ON 30-06-21
Days of Rain: 13 (> .2mm) 10 (> 2mm) 2 (> 20mm)