NOAA style reports

NOAA-style Climate Reports

Select NOAA data to display

Select a Year or Month report

Report for 2021 Jul

Daily noaa report



                            MONTHLY CLIMATOLOGICAL SUMMARY for JUL. 2021

NAME: Home Weather Station VP2   CITY: Pointe-Claire STATE: Quebec, Canada
ELEV: 157 LAT: 045:28:02 LONG: 0073:48:18

                            TEMPERATURE ( C), RAIN (mm), WIND SPEED (kmh)

                                               HEAT     COOL           AVG
      MEAN                                     DEG      DEG            WIND                       DOM
DAY   TEMP    HIGH   TIME     LOW    TIME      DAYS     DAYS    RAIN   SPEED    HIGH    TIME      DIR
--------------------------------------------------------------------------------------------------------
01    22.1    25.8   15:31    18.3   06:00     00.0     03.8    00.0   00.7     29.6    23:44      E 
02    17.8    19.7   12:37    15.5   05:30     00.5     00.0    00.0   08.3     37.0    07:39     NNE
03    17.2    19.0   14:19    13.9   07:14     01.1     00.0    00.0   05.2     24.1    14:57      NE
04    19.3    24.9   17:31    13.7   05:52     00.0     01.0    00.0   02.6     25.9    09:13      NE
05    22.0    27.8   16:53    15.2   05:48     00.0     03.7    00.0   00.5     18.5    15:00     SSE
06    24.2    29.6   16:30    21.6   00:00     00.0     05.9    02.2   03.2     27.8    16:49      SW
07    18.6    21.6   00:09    15.9   06:36     00.0     00.3    00.0   00.2     16.6    15:53      SW
08    17.1    19.6   11:12    14.9   08:53     01.2     00.0    17.6   05.0     29.6    10:34      NE
09    19.2    21.7   15:33    16.3   06:20     00.0     00.9    00.0   01.5     29.6    00:42      W 
10    21.4    27.4   17:09    14.6   05:47     00.0     03.1    00.0   00.7     18.5    16:39     SSW
11    22.2    27.7   16:25    15.9   05:50     00.0     03.9    00.0   01.3     18.5    16:05     SSW
12    23.9    29.3   17:25    19.3   05:26     00.0     05.6    00.0   01.8     18.5    21:43     ENE
13    22.8    26.6   15:39    20.9   10:22     00.0     04.5    06.0   01.9     27.8    13:59     ESE
14    24.4    28.6   17:35    20.9   04:54     00.0     06.1    01.6   04.6     35.1    11:35     SSW
15    25.9    31.4   16:11    20.5   05:57     00.0     07.6    00.0   03.4     24.1    23:16     SSW
16    23.7    27.1   17:38    21.3   00:00     00.0     05.4    01.4   03.4     44.4    01:17      SW
17    22.8    26.7   17:22    18.6   05:24     00.0     04.5    00.0   00.1     11.1    10:59     SSW
18    22.5    25.4   17:00    20.3   08:48     00.0     04.2    00.0   00.1     09.3    17:39      S 
19    24.3    29.9   15:52    19.4   06:26     00.0     06.0    04.2   00.5     25.9    17:25     SSW
20    22.1    26.4   15:51    17.6   00:00     00.0     03.8    17.2   01.6     27.8    22:09     ENE
21    19.7    24.6   15:29    16.2   06:03     00.0     01.4    03.6   01.3     18.5    20:12     NNE
22    21.2    26.8   15:34    15.3   06:09     00.0     02.9    00.0   00.6     27.8    15:30      SW
23    22.1    27.2   16:32    16.9   06:17     00.0     03.8    00.0   00.8     24.1    14:17     SSW
24    23.0    28.8   16:15    16.6   05:57     00.0     04.7    00.0   01.4     25.9    21:35     SSW
25    23.9    28.3   16:08    18.3   03:54     00.0     05.6    19.8   03.5     33.3    07:26     SSW
26    23.6    29.4   16:50    19.2   07:12     00.0     05.3    00.0   01.7     27.8    15:09      SW
27    19.8    23.2   11:39    17.8   06:02     00.0     01.5    03.2   00.1     11.1    15:46      SW
28    20.6    25.8   16:46    15.5   06:44     00.0     02.3    00.0   01.2     18.5    14:48     SSW
29    18.1    20.4   11:39    15.3   05:49     00.2     00.0    01.4   00.4     12.9    21:05     SSE
30    17.7    20.5   16:43    15.5   00:00     00.6     00.0    00.0   00.3     18.5    15:30     NNW
31    18.2    24.2   17:02    11.6   05:36     00.1     00.0    00.0   01.1     20.4    13:35      SW
--------------------------------------------------------------------------------------------------------
21.3 (21.4)   31.4  day 15     11.6  day 31   003.7    098.0   078.2   01.9     44.4   day 16      S 
Max >=  30: 1
Max Rain: 19.8 ON 25-07-21
Days of Rain: 11 (> .2mm) 8 (> 2mm) 0 (> 20mm)