NOAA style reports

NOAA-style Climate Reports

Select NOAA data to display

Select a Year or Month report

Report for 2021 Aug

Daily noaa report



                            MONTHLY CLIMATOLOGICAL SUMMARY for AUG. 2021

NAME: Home Weather Station VP2   CITY: Pointe-Claire STATE: Quebec, Canada
ELEV: 157 LAT: 045:28:02 LONG: 0073:48:18

                            TEMPERATURE ( C), RAIN (mm), WIND SPEED (kmh)

                                               HEAT     COOL           AVG
      MEAN                                     DEG      DEG            WIND                       DOM
DAY   TEMP    HIGH   TIME     LOW    TIME      DAYS     DAYS    RAIN   SPEED    HIGH    TIME      DIR
--------------------------------------------------------------------------------------------------------
01    17.8    20.4   13:35    14.7   06:36     00.5     00.0    00.0   00.4     12.9    13:32      S 
02    20.0    24.8   16:52    15.1   06:50     00.0     01.7    00.0   00.5     16.6    22:17      W 
03    21.8    26.9   16:59    16.4   06:02     00.0     03.5    00.0   04.8     31.4    12:01      SW
04    22.4    26.8   18:21    17.2   06:44     00.0     04.1    00.0   00.8     18.5    14:17     SSW
05    24.2    30.2   15:37    17.4   06:31     00.0     05.9    00.0   00.6     18.5    13:34     SSW
06    25.3    31.1   16:34    19.8   06:34     00.0     07.0    00.0   03.9     31.4    16:12      SW
07    24.5    29.1   15:44    19.8   06:48     00.0     06.2    00.8   00.9     20.4    12:46     SSW
08    24.2    29.1   16:16    19.9   06:56     00.0     05.9    00.0   03.4     20.4    17:47      NE
09    25.5    30.9   17:04    20.6   06:51     00.0     07.2    01.4   00.7     16.6    02:26     SSE
10    26.6    32.2   16:29    21.6   06:37     00.0     08.3    25.0   01.0     31.4    21:20     SSE
11    26.6    32.3   16:50    22.9   08:18     00.0     08.3    08.6   02.1     24.1    15:19     SSW
12    27.0    29.6   16:32    24.2   04:11     00.0     08.7    00.0   05.0     38.9    18:31      SW
13    27.1    32.8   15:52    22.3   06:29     00.0     08.8    00.0   03.3     31.4    14:07      SW
14    23.8    27.2   14:43    18.9   00:00     00.0     05.5    00.0   01.5     33.3    15:03      SW
15    20.2    25.1   15:27    14.4   06:44     00.0     01.9    00.0   00.5     18.5    16:26     SSE
16    21.1    26.8   15:46    14.1   06:15     00.0     02.8    00.0   00.7     16.6    16:21     SSW
17    21.4    25.2   15:17    18.1   06:01     00.0     03.1    00.8   00.4     20.4    17:27     SSE
18    24.8    29.8   15:39    21.1   04:35     00.0     06.5    00.6   01.0     18.5    16:12      S 
19    24.1    26.1   16:56    22.2   06:34     00.0     05.8    01.0   00.2     09.3    12:45      E 
20    27.0    32.7   16:45    21.7   07:00     00.0     08.7    00.0   00.7     18.5    16:44     SSW
21    28.1    33.9   16:15    23.2   07:52     00.0     09.8    00.0   00.7     18.5    15:36     SSE
22    27.8    32.4   16:12    24.2   06:43     00.0     09.5    00.0   02.5     27.8    21:49     ENE
23    26.6    31.7   16:04    22.7   06:13     00.0     08.3    00.0   02.4     22.2    01:14      E 
24    27.7    33.1   15:54    23.5   04:11     00.0     09.4    00.0   00.7     24.1    16:47     SSW
25    27.3    32.8   16:18    21.9   07:07     00.0     09.0    00.0   02.5     25.9    16:10     SSW
26    28.4    33.3   16:06    24.6   06:49     00.0     10.1    00.0   01.1     29.6    15:58      SW
27    22.2    26.4   00:10    19.1   08:52     00.0     03.9    00.0   02.5     25.9    13:55     NNE
28    18.4    20.8   00:08    16.6   07:47     00.0     00.1    00.4   04.9     24.1    01:08      NE
29    19.5    22.1   16:54    16.5   08:09     00.0     01.2    11.2   00.8     18.5    00:30     ENE
30    24.6    28.9   16:00    21.2   01:20     00.0     06.3    05.6   02.3     31.4    08:09      SW
31    22.5    26.6   16:18    18.1   07:00     00.0     04.2    00.0   01.6     25.9    12:09      SW
--------------------------------------------------------------------------------------------------------
24.1 (24.3)   33.9  day 21     14.1  day 16   000.5    181.4   055.4   01.8     38.9   day 12     SSW
Max >=  30: 13
Max Rain: 25.0 ON 10-08-21
Days of Rain: 10 (> .2mm) 4 (> 2mm) 1 (> 20mm)