NOAA style reports

NOAA-style Climate Reports

Select NOAA data to display

Select a Year or Month report

Report for 2021 Sep

Daily noaa report



                            MONTHLY CLIMATOLOGICAL SUMMARY for SEP. 2021

NAME: Home Weather Station VP2   CITY: Pointe-Claire STATE: Quebec, Canada
ELEV: 157 LAT: 045:28:02 LONG: 0073:48:18

                            TEMPERATURE ( C), RAIN (mm), WIND SPEED (kmh)

                                               HEAT     COOL           AVG
      MEAN                                     DEG      DEG            WIND                       DOM
DAY   TEMP    HIGH   TIME     LOW    TIME      DAYS     DAYS    RAIN   SPEED    HIGH    TIME      DIR
--------------------------------------------------------------------------------------------------------
01    19.8    24.2   14:53    15.3   04:53     00.0     01.5    00.0   00.4     20.4    16:29      W 
02    16.7    20.3   16:35    12.3   06:51     01.6     00.0    00.2   01.0     18.5    09:04      NW
03    18.8    24.5   15:42    13.7   06:33     00.0     00.5    00.2   00.3     22.2    15:57      SW
04    20.0    25.8   16:38    15.4   07:13     00.0     01.7    00.0   01.6     27.8    18:21      SW
05    18.7    22.9   13:25    16.7   22:39     00.0     00.4    15.8   01.1     20.4    13:22      S 
06    17.4    20.7   11:32    15.5   00:00     00.9     00.0    09.4   02.2     27.8    13:38      SW
07    18.0    23.1   16:44    13.5   06:45     00.3     00.0    00.0   01.4     20.4    06:09      SW
08    18.7    21.1   17:28    17.2   05:41     00.0     00.4    03.4   02.0     24.1    17:15      S 
09    19.6    23.9   12:21    16.4   07:26     00.0     01.3    00.0   02.5     27.8    16:16     SSW
10    17.2    20.7   16:24    14.7   07:14     01.1     00.0    01.4   00.2     18.5    17:18      SW
11    18.8    22.6   18:02    14.7   06:15     00.0     00.5    00.0   04.1     29.6    13:17     SSW
12    21.2    24.3   16:04    16.8   00:00     00.0     02.9    00.6   04.7     38.9    04:43      SW
13    18.2    22.1   12:41    15.1   00:00     00.1     00.0    00.0   00.2     18.5    14:12      W 
14    17.7    21.8   15:29    12.4   06:55     00.6     00.0    00.0   03.0     25.9    23:46      E 
15    19.8    22.0   14:42    15.3   00:00     00.0     01.5    12.8   02.9     35.1    01:02     SSW
16    18.3    24.4   16:38    12.1   06:35     00.0     00.0    00.0   00.4     18.5    15:14     ESE
17    20.5    28.1   16:01    12.9   07:13     00.0     02.2    00.0   01.5     18.5    21:12     SSE
18    20.3    24.7   16:02    15.7   00:00     00.0     02.0    00.0   00.9     22.2    09:41     NNE
19    16.3    21.4   17:11    11.6   07:04     02.0     00.0    00.0   01.7     18.5    15:45     NNW
20    18.0    25.2   16:06    11.1   05:32     00.3     00.0    00.0   00.9     16.6    22:36     SSE
21    19.6    25.2   15:10    15.8   06:37     00.0     01.3    00.0   02.7     18.5    22:45     SSE
22    21.0    24.4   13:58    17.4   03:48     00.0     02.7    02.0   01.8     18.5    18:59     SSE
23    24.0    28.9   15:22    20.1   03:49     00.0     05.7    07.4   03.7     38.9    13:04      SE
24    18.2    21.6   14:14    15.4   08:47     00.1     00.0    34.2   04.8     37.0    15:20      SW
25    17.7    22.3   16:41    12.6   07:20     00.6     00.0    00.0   00.9     20.4    13:04      S 
26    16.3    20.2   15:20    13.8   23:33     02.0     00.0    00.0   01.9     33.3    15:55      SW
27    14.8    16.6   11:51    13.2   03:22     03.5     00.0    02.6   02.3     20.4    11:49      SW
28    12.3    16.5   17:10    07.9   07:42     06.0     00.0    00.2   00.6     14.8    15:10     NNW
29    12.0    14.8   16:09    09.8   07:13     06.3     00.0    00.2   00.1     11.1    11:51      N 
30    12.6    17.6   16:01    07.6   07:28     05.7     00.0    00.2   00.5     18.5    16:07      N 
--------------------------------------------------------------------------------------------------------
18.1 (18.2)   28.9  day 23     07.6  day 30   031.0    024.6   090.6   01.8     38.9   day 12     SSW
Max Rain: 34.2 ON 24-09-21
Days of Rain: 15 (> .2mm) 7 (> 2mm) 1 (> 20mm)