NOAA style reports

NOAA-style Climate Reports

Select NOAA data to display

Select a Year or Month report

Report for 2021 Oct

Daily noaa report



                            MONTHLY CLIMATOLOGICAL SUMMARY for OCT. 2021

NAME: Home Weather Station VP2   CITY: Pointe-Claire STATE: Quebec, Canada
ELEV: 157 LAT: 045:28:02 LONG: 0073:48:18

                            TEMPERATURE ( C), RAIN (mm), WIND SPEED (kmh)

                                               HEAT     COOL           AVG
      MEAN                                     DEG      DEG            WIND                       DOM
DAY   TEMP    HIGH   TIME     LOW    TIME      DAYS     DAYS    RAIN   SPEED    HIGH    TIME      DIR
--------------------------------------------------------------------------------------------------------
01    13.1    17.8   16:30    08.9   04:29     05.2     00.0    00.0   01.1     22.2    12:40      SW
02    12.0    13.3   00:14    11.4   07:49     06.3     00.0    14.0   01.7     16.6    17:25     ENE
03    13.0    16.5   16:32    10.3   08:21     05.3     00.0    01.2   03.0     18.5    23:47      NE
04    12.5    16.8   17:30    07.7   07:30     05.8     00.0    00.0   05.3     27.8    02:22      NE
05    14.0    18.1   17:27    11.6   08:16     04.3     00.0    00.0   02.4     18.5    09:58      NE
06    14.9    21.6   17:06    09.4   06:58     03.4     00.0    00.0   00.4     11.1    14:07      S 
07    15.9    22.6   17:00    09.9   07:24     02.4     00.0    00.2   00.8     16.6    14:13      S 
08    16.8    23.3   15:34    10.9   07:35     01.5     00.0    00.0   01.7     22.2    22:26      NE
09    15.5    20.7   15:16    10.8   05:07     02.8     00.0    00.0   04.5     29.6    17:49     ESE
10    15.7    18.9   17:03    13.5   06:03     02.6     00.0    00.0   01.7     18.5    00:11      SE
11    17.7    22.3   16:42    15.1   05:08     00.6     00.0    00.0   00.2     11.1    20:39     ESE
12    18.4    24.3   15:16    13.5   07:49     00.0     00.1    00.0   00.4     14.8    21:36     ESE
13    17.2    20.8   11:57    14.5   07:47     01.1     00.0    00.6   00.2     12.9    11:45      S 
14    18.5    20.7   16:33    17.2   07:33     00.0     00.2    00.0   00.0     07.4    17:04      S 
15    17.6    20.3   14:59    16.1   10:41     00.7     00.0    00.2   00.8     14.8    10:19     ENE
16    17.4    19.8   13:50    12.7   00:00     00.9     00.0    15.6   04.4     38.9    20:38     SSW
17    11.5    14.4   14:08    09.1   07:58     06.8     00.0    00.4   01.6     27.8    01:17      SW
18    09.6    11.9   16:52    08.1   08:59     08.7     00.0    01.0   00.6     18.5    14:11     WSW
19    08.4    11.5   17:35    06.4   08:52     09.9     00.0    00.4   01.5     22.2    13:54      SW
20    12.9    19.6   16:54    06.6   06:25     05.4     00.0    00.0   00.5     16.6    14:06      SW
21    11.6    14.9   00:04    09.7   12:46     06.7     00.0    04.2   01.9     20.4    08:15      NE
22    09.0    13.7   07:17    05.4   00:00     09.3     00.0    18.0   02.5     31.4    10:35      SW
23    05.5    09.0   14:12    02.7   08:18     12.8     00.0    00.0   00.4     18.5    15:54     SSW
24    07.7    12.9   16:10    03.2   01:37     10.6     00.0    00.0   00.8     18.5    14:14      SW
25    06.6    08.1   15:10    04.9   06:43     11.7     00.0    00.6   06.9     31.4    20:49      NE
26    08.9    11.6   20:55    06.9   00:23     09.4     00.0    07.4   12.4     40.7    13:45      NE
27    09.9    12.8   16:28    07.7   00:00     08.4     00.0    00.0   10.4     38.9    12:38     NNE
28    07.6    10.9   16:02    05.4   05:57     10.7     00.0    00.0   10.3     38.9    09:50      NE
29    07.5    12.9   16:10    02.7   07:36     10.8     00.0    00.0   06.1     27.8    16:15      NE
30    08.3    12.1   16:50    04.2   05:04     10.0     00.0    05.2   05.0     29.6    14:54      NE
31    09.2    11.3   23:03    07.8   10:05     09.1     00.0    43.6   00.0     01.9    11:26     WNW
--------------------------------------------------------------------------------------------------------
12.4 (12.7)   24.3  day 12     02.7  day 29   182.9    000.3   112.6   02.9     40.7   day 28      NE
Max Rain: 43.6 ON 31-10-21
Days of Rain: 15 (> .2mm) 7 (> 2mm) 1 (> 20mm)