NOAA style reports

NOAA-style Climate Reports

Select NOAA data to display

Select a Year or Month report

Report for 2021 Nov

Daily noaa report



                            MONTHLY CLIMATOLOGICAL SUMMARY for NOV. 2021

NAME: Home Weather Station VP2   CITY: Pointe-Claire STATE: Quebec, Canada
ELEV: 157 LAT: 045:28:02 LONG: 0073:48:18

                            TEMPERATURE ( C), RAIN (mm), WIND SPEED (kmh)

                                               HEAT     COOL           AVG
      MEAN                                     DEG      DEG            WIND                       DOM
DAY   TEMP    HIGH   TIME     LOW    TIME      DAYS     DAYS    RAIN   SPEED    HIGH    TIME      DIR
--------------------------------------------------------------------------------------------------------
01    09.1    11.7   15:47    05.5   00:00     09.2     00.0    00.0   01.4     29.6    21:30      SW
02    05.6    09.3   15:15    03.4   07:34     12.7     00.0    06.0   05.4     29.6    13:00      SW
03    03.8    06.5   12:13   -00.4   00:00     14.5     00.0    00.0   01.3     18.5    17:06     WSW
04    02.2    07.2   14:44   -02.1   08:13     16.1     00.0    00.0   00.8     18.5    13:58     WSW
05    03.9    08.4   16:04   -00.1   02:07     14.4     00.0    00.0   03.4     22.2    13:53      SW
06    05.6    10.8   16:02    01.3   07:12     12.7     00.0    00.0   04.6     24.1    16:13      SW
07    07.7    13.6   15:35    01.2   07:17     10.6     00.0    00.0   02.7     18.5    13:55      SW
08    10.6    15.6   15:04    07.2   23:59     07.7     00.0    00.0   02.0     16.6    13:23      SW
09    10.9    15.9   14:10    06.9   02:14     07.4     00.0    00.0   02.3     18.5    09:17     WSW
10    08.1    12.4   15:07    04.1   00:00     10.2     00.0    00.0   03.0     27.8    13:36      W 
11    05.3    08.2   14:50    01.2   06:30     13.0     00.0    00.0   06.9     29.6    17:48      NE
12    08.8    10.5   07:13    05.7   00:00     09.5     00.0    22.8   05.1     29.6    06:39      S 
13    05.5    08.2   13:15    03.5   03:20     12.8     00.0    03.6   03.3     25.9    21:12      SW
14    04.4    06.5   14:40    02.2   07:48     13.9     00.0    02.2   06.3     35.1    10:01     WSW
15    02.9    04.4   15:47    01.2   00:00     15.4     00.0    06.0   04.8     25.9    16:51      W 
16    01.4    02.8   15:32   -00.9   00:00     16.9     00.0    00.0   06.4     29.6    11:06      W 
17    00.1    02.2   19:11   -03.4   06:50     18.2     00.0    01.2   05.8     29.6    14:44      NE
18    04.8    07.4   15:15    01.7   01:20     13.5     00.0    05.0   06.0     37.0    20:58     WSW
19    02.4    04.5   13:59    00.6   00:00     15.9     00.0    00.0   08.3     33.3    11:03     WSW
20    01.8    05.1   14:12   -02.9   07:07     16.5     00.0    00.0   03.5     20.4    11:43     SSW
21    04.3    06.9   15:11    02.2   06:28     14.0     00.0    03.4   04.8     29.6    20:17     SSE
22    03.5    07.2   06:25   -01.2   00:00     14.8     00.0    01.4   11.2     42.5    14:02      SW
23   -02.6   -01.2   00:05   -04.2   00:00     20.9     00.0    00.0   04.3     20.4    12:59      W 
24   -01.6    03.1   15:04   -06.7   05:34     19.9     00.0    00.0   02.9     16.6    12:37      SW
25    01.1    03.1   15:25   -01.4   04:07     17.2     00.0    00.2   02.0     11.1    12:00      NE
26    01.1    02.9   04:47   -00.9   00:00     17.2     00.0    12.6   02.7     18.5    23:59     NNW
27   -03.5   -00.9   00:11   -05.8   23:39     21.8     00.0    00.0   09.9     40.7    14:22     WSW
28   -04.6   -01.8   14:27   -08.2   07:44     22.9     00.0    00.0   04.1     20.4    11:25     WSW
29   -04.0   -01.9   15:28   -06.7   07:48     22.3     00.0    00.0   04.9     20.4    06:37     NNW
30   -02.3   -00.3   12:13   -04.1   02:19     20.6     00.0    00.0   02.1     16.6    13:54      SW
--------------------------------------------------------------------------------------------------------
03.2 (3.1)   15.9  day 09    -08.2  day 28   452.7    000.0   064.4   04.4     42.6   day 22     WSW
Max <=   0: 5
Min <=   0: 15
Min <=  -5: 4
Max Rain: 22.8 ON 12-11-21
Days of Rain: 11 (> .2mm) 8 (> 2mm) 1 (> 20mm)