NOAA style reports

NOAA-style Climate Reports

Select NOAA data to display

Select a Year or Month report

Report for 2022 Feb

Daily noaa report



                            MONTHLY CLIMATOLOGICAL SUMMARY for FEB. 2022

NAME: Home Weather Station VP2   CITY: Pointe-Claire STATE: Quebec, Canada
ELEV: 157 LAT: 045:28:02 LONG: 0073:48:18

                            TEMPERATURE ( C), RAIN (mm), WIND SPEED (kmh)

                                               HEAT     COOL           AVG
      MEAN                                     DEG      DEG            WIND                       DOM
DAY   TEMP    HIGH   TIME     LOW    TIME      DAYS     DAYS    RAIN   SPEED    HIGH    TIME      DIR
--------------------------------------------------------------------------------------------------------
01   -09.7   -00.7   20:38   -16.7   07:33     28.0     00.0    00.0   07.8     29.6    20:47      NE
02    01.7    05.5   13:30   -01.3   00:09     16.6     00.0    00.8   03.1     38.9    00:03     SSE
03   -03.4    01.7   00:55   -10.8   00:00     21.7     00.0    05.2   08.4     27.8    23:11      NE
04   -12.0   -10.8   00:14   -13.2   09:15     30.3     00.0    00.4   13.4     42.5    11:27      NE
05   -13.4   -11.4   01:30   -17.7   23:47     31.7     00.0    00.4   07.3     35.1    14:26     WSW
06   -13.3   -07.1   18:00   -19.3   01:56     31.6     00.0    00.0   03.7     24.1    12:12     ENE
07   -06.0   -00.4   15:16   -10.9   00:04     24.3     00.0    00.0   04.6     18.5    23:59      NE
08   -04.5   -01.2   16:25   -08.1   06:11     22.8     00.0    00.0   05.9     22.2    23:28      NW
09   -01.8    02.0   15:29   -07.1   07:56     20.1     00.0    00.0   05.0     24.1    12:28     SSW
10    02.2    04.0   13:33   -00.6   00:26     16.1     00.0    01.2   09.0     38.9    17:10      SW
11    02.6    05.1   20:48    00.1   07:45     15.7     00.0    00.4   06.1     27.8    00:24     SSW
12   -02.4    04.6   11:45   -14.1   00:00     20.7     00.0    02.0   12.4     55.5    11:25      SW
13   -16.3   -14.1   16:24   -20.3   07:52     34.6     00.0    00.0   07.2     27.8    05:21      NE
14   -14.7   -11.2   15:20   -16.8   07:33     33.0     00.0    00.0   06.7     33.3    18:44     WSW
15   -12.3   -07.7   15:40   -16.3   00:27     30.6     00.0    00.0   07.2     27.8    16:08     WSW
16   -03.1    03.9   00:00   -13.2   00:24     21.4     00.0    00.0   06.9     35.1    21:34     SSE
17    04.1    06.8   15:20   -03.4   00:00     14.2     00.0    26.0   06.4     40.7    22:33     ESE
18   -09.8   -03.5   00:04   -15.8   00:00     28.1     00.0    16.4   07.4     33.3    13:03      W 
19   -09.1   -01.6   12:30   -15.9   00:27     27.4     00.0    04.6   08.9     55.5    12:59      SW
20   -09.6    00.3   00:00   -16.8   05:33     27.9     00.0    00.0   05.1     29.6    15:07      S 
21    00.0    04.3   05:04   -08.3   00:00     18.3     00.0    00.0   10.9     50.0    19:05      NE
22   -07.0   -01.8   00:00   -09.4   07:45     25.3     00.0    06.2   17.4     46.3    07:26      NE
23   -04.2    03.1   04:35   -12.3   00:00     22.5     00.0    03.0   11.1     50.0    12:54      W 
24   -12.0   -07.7   15:57   -15.8   07:23     30.3     00.0    00.0   02.9     18.5    07:12     WSW
25   -12.8   -11.3   01:42   -14.3   00:00     31.1     00.0    00.0   11.6     42.5    10:35      NE
26   -09.9   -04.2   19:05   -16.8   04:56     28.2     00.0    00.0   09.8     40.7    20:34      SW
27   -04.8   -00.2   13:23   -12.0   00:00     23.1     00.0    01.0   11.9     50.0    10:15     WSW
28   -13.7   -10.4   15:58   -17.1   07:15     32.0     00.0    00.0   05.9     25.9    15:02     WSW
--------------------------------------------------------------------------------------------------------
-7.0 (-7.3)   06.8  day 17    -20.3  day 13   707.3    000.0   067.6   08.0     55.5   day 19      W 
Max <=   0: 17
Min <=   0: 27
Min <= -18: 2
Max <=  -5: 9
Min <=  -5: 24
Max <= -10: 6
Min <= -10: 20
Min <= -15: 12
Min <= -20: 1
Max Rain: 26.0 ON 17-02-22
Days of Rain: 13 (> .2mm) 6 (> 2mm) 1 (> 20mm)