NOAA style reports

NOAA-style Climate Reports

Select NOAA data to display

Select a Year or Month report

Report for 2022 Mar

Daily noaa report



                            MONTHLY CLIMATOLOGICAL SUMMARY for MAR. 2022

NAME: Home Weather Station VP2   CITY: Pointe-Claire STATE: Quebec, Canada
ELEV: 157 LAT: 045:28:02 LONG: 0073:48:18

                            TEMPERATURE ( C), RAIN (mm), WIND SPEED (kmh)

                                               HEAT     COOL           AVG
      MEAN                                     DEG      DEG            WIND                       DOM
DAY   TEMP    HIGH   TIME     LOW    TIME      DAYS     DAYS    RAIN   SPEED    HIGH    TIME      DIR
--------------------------------------------------------------------------------------------------------
01   -11.2   -08.6   22:42   -15.5   00:05     29.5     00.0    02.6   06.5     25.9    07:46      NE
02   -07.1   -03.5   16:00   -11.3   07:29     25.4     00.0    00.6   06.2     27.8    15:57      SW
03   -09.4   -05.6   00:04   -13.9   00:00     27.7     00.0    00.0   05.5     33.3    15:29      W 
04   -09.1   -03.1   15:37   -16.4   05:25     27.4     00.0    00.0   08.4     40.7    11:36      SW
05   -04.0    00.7   16:01   -11.4   06:59     22.3     00.0    00.0   04.7     33.3    21:31     ESE
06    03.0    13.2   16:39   -02.8   02:00     15.3     00.0    05.0   10.1     46.3    21:36      W 
07    02.0    05.2   00:07   -00.7   00:00     16.3     00.0    07.4   07.4     42.5    02:05     WSW
08   -03.0   -00.7   00:04   -04.8   21:42     21.3     00.0    00.0   08.1     44.4    11:27     WSW
09    00.4    04.8   14:47   -04.6   00:15     17.9     00.0    00.0   04.4     33.3    23:06      S 
10    00.7    03.3   15:20   -02.3   23:41     17.6     00.0    00.0   09.1     33.3    00:23     WSW
11   -00.4    02.1   12:02   -02.2   07:16     18.7     00.0    02.0   03.7     14.8    20:51      NE
12   -02.8   -00.2   00:11   -06.8   23:37     21.1     00.0    01.8   06.5     29.6    21:18      W 
13   -06.4   -03.1   17:33   -10.1   08:46     24.7     00.0    00.0   11.9     42.5    13:48     WSW
14    00.6    05.7   17:16   -05.1   01:24     17.7     00.0    00.2   10.6     44.4    20:44      SW
15    01.4    03.4   16:02   -01.1   00:00     16.9     00.0    00.0   04.8     24.1    11:22      NE
16    02.8    08.3   16:52   -03.4   05:32     15.5     00.0    00.0   06.0     37.0    11:28      SW
17    09.5    17.6   17:45    02.4   05:11     08.8     00.0    00.0   01.9     14.8    11:21      SE
18    07.6    10.5   00:02    03.9   07:40     10.7     00.0    00.0   07.2     27.8    14:33      NE
19    02.9    06.5   00:02    01.6   21:30     15.4     00.0    15.6   15.7     38.9    10:29      NE
20    03.7    05.6   16:16    01.5   03:12     14.6     00.0    03.8   08.3     44.4    09:03     WSW
21    03.0    07.1   13:48    00.6   00:00     15.3     00.0    00.0   07.9     38.9    12:45     WSW
22    01.0    05.3   17:16   -03.2   07:34     17.3     00.0    00.0   07.2     31.4    12:46      W 
23    01.0    04.3   17:47   -03.5   07:09     17.3     00.0    00.0   07.2     33.3    23:06      NE
24    04.5    08.3   16:45    01.1   02:20     13.8     00.0    25.0   07.3     35.1    01:13      E 
25    04.8    09.4   13:43    02.0   09:04     13.5     00.0    07.6   05.3     38.9    23:48     WSW
26    04.6    07.3   15:54    02.2   07:04     13.7     00.0    00.0   07.8     25.9    13:53      SW
27   -01.1    03.8   00:11   -08.2   00:00     19.4     00.0    00.0   10.4     38.9    17:26     WSW
28   -09.5   -07.3   21:02   -11.6   09:21     27.8     00.0    00.0   08.1     27.8    20:09      W 
29   -04.4   -00.7   18:39   -07.5   00:18     22.7     00.0    00.0   07.2     33.3    13:53      W 
30   -00.6    04.1   15:32   -05.8   07:01     18.9     00.0    00.8   04.8     22.2    23:59     SSE
31    04.4    10.7   23:37    00.3   00:41     13.9     00.0    00.8   07.4     37.0    22:45      NE
--------------------------------------------------------------------------------------------------------
-0.3 (-0.4)   17.6  day 17    -16.4  day 04   578.1    000.0   073.4   07.4     46.3   day 06     WSW
Max <=   0: 9
Min <=   0: 22
Max <=  -5: 3
Min <=  -5: 12
Min <= -10: 7
Min <= -15: 2
Max Rain: 25.0 ON 24-03-22
Days of Rain: 13 (> .2mm) 7 (> 2mm) 1 (> 20mm)