NOAA style reports

NOAA-style Climate Reports

Select NOAA data to display

Select a Year or Month report

Report for 2022 May

Daily noaa report



                            MONTHLY CLIMATOLOGICAL SUMMARY for MAY. 2022

NAME: Home Weather Station VP2   CITY: Pointe-Claire STATE: Quebec, Canada
ELEV: 157 LAT: 045:28:02 LONG: 0073:48:18

                            TEMPERATURE ( C), RAIN (mm), WIND SPEED (kmh)

                                               HEAT     COOL           AVG
      MEAN                                     DEG      DEG            WIND                       DOM
DAY   TEMP    HIGH   TIME     LOW    TIME      DAYS     DAYS    RAIN   SPEED    HIGH    TIME      DIR
--------------------------------------------------------------------------------------------------------
01    13.9    20.7   17:07    05.6   06:03     04.4     00.0    00.0   04.9     29.6    23:35      E 
02    12.3    16.7   12:36    07.4   06:17     06.0     00.0    00.0   07.8     27.8    12:33     ENE
03    14.5    19.0   16:34    10.6   07:35     03.8     00.0    01.0   03.8     25.9    10:14      S 
04    13.1    17.4   17:30    10.8   07:27     05.2     00.0    06.6   06.1     27.8    12:09     ENE
05    11.9    18.6   17:30    05.6   06:04     06.4     00.0    00.0   05.6     33.3    15:25     WNW
06    11.6    16.2   17:39    08.3   08:37     06.7     00.0    00.0   07.4     29.6    23:51      NE
07    09.8    14.3   17:24    04.1   06:04     08.5     00.0    00.0   13.8     38.9    16:09      NE
08    12.5    18.5   15:40    05.1   06:03     05.8     00.0    00.0   08.6     33.3    12:08      NE
09    16.5    24.2   16:26    07.9   05:59     01.8     00.0    00.0   07.2     29.6    13:36      NE
10    19.7    26.5   17:22    11.6   05:56     00.0     01.4    00.0   03.4     27.8    10:42     ENE
11    21.8    29.3   15:37    12.3   06:07     00.0     03.5    00.0   02.4     16.6    16:46      S 
12    24.0    31.6   16:16    15.7   06:11     00.0     05.7    00.0   02.2     18.5    17:31      E 
13    24.4    32.1   16:43    15.4   06:08     00.0     06.1    00.0   06.9     42.5    11:02      SW
14    25.3    32.9   17:25    18.7   06:34     00.0     07.0    00.0   06.2     27.8    12:32      SW
15    20.9    24.3   17:03    18.1   09:18     00.0     02.6    00.8   01.9     16.6    20:51     ENE
16    19.3    24.8   14:21    14.1   00:00     00.0     01.0    12.4   04.4     37.0    23:23      S 
17    13.1    16.6   16:35    11.4   04:51     05.2     00.0    00.2   09.7     42.5    04:03     WSW
18    13.0    18.4   17:05    07.3   05:51     05.3     00.0    00.0   04.7     33.3    18:35     WSW
19    11.0    13.7   11:42    07.7   05:18     07.3     00.0    06.2   02.0     18.5    13:16     ESE
20    17.9    26.4   17:23    09.5   06:06     00.4     00.0    00.2   05.4     31.4    22:56      S 
21    24.2    32.4   16:12    18.5   05:37     00.0     05.9    00.0   08.1     40.7    17:16      SW
22    19.0    26.2   13:44    12.2   00:00     00.0     00.7    00.4   05.4     35.1    12:23     WSW
23    12.8    16.2   16:52    07.9   05:48     05.5     00.0    00.0   03.0     20.4    11:17     NNE
24    14.5    19.9   16:07    08.4   05:54     03.8     00.0    00.0   02.1     24.1    11:57      NE
25    17.7    24.1   16:44    09.4   05:46     00.6     00.0    00.0   02.0     16.6    13:09     SSE
26    18.9    23.3   13:51    14.7   08:38     00.0     00.6    01.4   02.8     25.9    13:13     SSE
27    19.7    21.7   17:41    16.9   07:56     00.0     01.4    25.2   06.1     29.6    13:42      SW
28    18.9    21.1   19:04    16.6   09:24     00.0     00.6    02.8   03.0     18.5    13:26     WSW
29    20.7    26.6   16:27    14.0   05:50     00.0     02.4    00.0   06.8     31.4    17:50      SW
30    22.2    28.6   16:49    16.5   05:09     00.0     03.9    00.0   06.3     29.6    17:07      SW
31    17.3    24.4   00:08    13.5   10:04     01.0     00.0    00.0   06.9     29.6    04:54      NE
--------------------------------------------------------------------------------------------------------
17.2 (17.1)   32.9  day 14     04.1  day 07   077.6    042.7   057.2   05.4     42.6   day 21     SSE
Max >=  30: 4
Max Rain: 25.2 ON 27-05-22
Days of Rain: 11 (> .2mm) 5 (> 2mm) 1 (> 20mm)