NOAA style reports

NOAA-style Climate Reports

Select NOAA data to display

Select a Year or Month report

Report for 2022 Jul

Daily noaa report



                            MONTHLY CLIMATOLOGICAL SUMMARY for JUL. 2022

NAME: Home Weather Station VP2   CITY: Pointe-Claire STATE: Quebec, Canada
ELEV: 157 LAT: 045:28:02 LONG: 0073:48:18

                            TEMPERATURE ( C), RAIN (mm), WIND SPEED (kmh)

                                               HEAT     COOL           AVG
      MEAN                                     DEG      DEG            WIND                       DOM
DAY   TEMP    HIGH   TIME     LOW    TIME      DAYS     DAYS    RAIN   SPEED    HIGH    TIME      DIR
--------------------------------------------------------------------------------------------------------
01    23.5    28.7   17:03    18.9   06:18     00.0     05.2    00.0   04.2     24.1    13:43      SW
02    23.9    27.3   15:13    20.6   06:41     00.0     05.6    00.0   07.3     42.5    18:51     WSW
03    21.0    25.9   16:12    16.1   05:45     00.0     02.7    00.0   03.3     27.8    12:14     WSW
04    22.0    27.1   16:34    15.9   05:36     00.0     03.7    00.0   02.8     29.6    14:35     WSW
05    19.5    21.6   00:05    16.7   00:00     00.0     01.2    01.2   03.3     20.4    16:32     SSW
06    20.6    25.2   17:40    15.9   03:48     00.0     02.3    00.2   02.6     18.5    15:00     NNE
07    21.2    26.4   17:29    15.1   05:49     00.0     02.9    00.0   02.7     18.5    17:22     WSW
08    22.4    27.6   14:41    18.2   00:00     00.0     04.1    00.0   04.1     25.9    12:57      W 
09    19.2    24.1   16:31    13.1   05:44     00.0     00.9    00.0   02.7     24.1    16:41      NW
10    21.9    27.7   16:52    14.3   05:50     00.0     03.6    00.0   06.4     31.4    15:52      SW
11    24.4    30.1   16:53    19.6   05:35     00.0     06.1    00.0   08.6     37.0    18:34      SW
12    22.7    28.5   14:08    19.1   06:25     00.0     04.4    09.6   07.7     40.7    13:43      SW
13    22.7    27.0   15:09    18.4   05:57     00.0     04.4    00.0   02.3     18.5    16:32     WSW
14    21.1    24.9   14:42    17.8   05:41     00.0     02.8    00.2   02.5     20.4    08:49      W 
15    22.8    29.1   16:16    15.2   05:14     00.0     04.5    00.0   02.9     22.2    13:06      SW
16    24.7    29.8   16:52    19.7   06:36     00.0     06.4    00.0   04.6     25.9    11:24     WSW
17    25.8    31.8   16:26    19.2   06:02     00.0     07.5    00.0   04.2     22.2    16:02      SW
18    22.6    26.5   10:44    20.2   23:25     00.0     04.3    40.4   02.2     18.5    19:46      SE
19    24.7    30.5   16:09    19.4   06:19     00.0     06.4    00.2   03.7     27.8    15:24     WSW
20    26.2    31.2   16:50    21.3   05:28     00.0     07.9    00.0   03.1     18.5    15:02     SSW
21    27.6    31.1   15:33    25.0   00:00     00.0     09.3    00.0   11.5     50.0    17:43      SW
22    26.0    30.8   17:15    21.6   05:59     00.0     07.7    00.0   07.3     31.4    18:48     WSW
23    26.6    31.7   16:21    20.9   05:13     00.0     08.3    00.0   08.8     40.7    19:20      SW
24    25.7    29.9   14:18    22.2   19:02     00.0     07.4    11.4   06.9     29.6    11:03      SW
25    23.4    26.8   12:39    20.0   00:00     00.0     05.1    06.0   06.7     40.7    12:01     WSW
26    21.4    25.6   17:29    17.3   06:12     00.0     03.1    00.0   07.9     37.0    12:09     WSW
27    22.8    27.9   17:02    17.4   05:55     00.0     04.5    00.0   05.5     27.8    15:08     WSW
28    23.1    29.9   14:01    18.9   05:53     00.0     04.8    11.0   03.8     37.0    16:12      SW
29    22.7    26.7   17:23    19.2   06:22     00.0     04.4    00.0   07.1     29.6    21:48     WSW
30    21.2    24.1   14:43    17.4   06:12     00.0     02.9    00.0   04.2     22.2    16:26      W 
31    22.7    27.0   17:15    18.3   06:00     00.0     04.4    00.0   06.6     35.1    14:38     WSW
--------------------------------------------------------------------------------------------------------
23.1 (23.2)   31.8  day 17     13.1  day 09   000.0    148.9   080.4   05.1     50.0   day 21     WSW
Max >=  30: 7
Max Rain: 40.4 ON 18-07-22
Days of Rain: 9 (> .2mm) 5 (> 2mm) 1 (> 20mm)