NOAA style reports

NOAA-style Climate Reports

Select NOAA data to display

Select a Year or Month report
2021 > Jan Feb Mar Apr May Jun Jul Aug Sep Oct Nov Dec
2020 > Jan Feb Mar Apr May Jun Jul Aug Sep Oct Nov Dec
2019 > Jan Feb Mar Apr May Jun Jul Aug Sep Oct Nov Dec
2018 > Jan Feb Mar Apr May Jun Jul Aug Sep Oct Nov Dec
2017 > Jan Feb Mar Apr May Jun Jul Aug Sep Oct Nov Dec
2016 > Jan Feb Mar Apr May Jun Jul Aug Sep Oct Nov Dec
2015 > Jan Feb Mar Apr May Jun Jul Aug Sep Oct Nov Dec
2014 > Jan Feb Mar Apr May Jun Jul Aug Sep Oct Nov Dec
2013 > Jan Feb Mar Apr May Jun Jul Aug Sep Oct Nov Dec
2012 > Jan Feb Mar Apr May Jun Jul Aug Sep Oct Nov Dec
2011 > Jan Feb Mar Apr May Jun Jul Aug Sep Oct Nov Dec
2010 > Jan Feb Mar Apr May Jun Jul Aug Sep Oct Nov Dec
2009 > Jan Feb Mar Apr May Jun Jul Aug Sep Oct Nov Dec
2008 > Jan Feb Mar Apr May Jun Jul Aug Sep Oct Nov Dec

Report for 2008 Jan

Daily noaa report



                            MONTHLY CLIMATOLOGICAL SUMMARY for JAN. 2008

NAME: Home Weather Station WMR968   CITY: Beaconsfield STATE: Quebec, Canada
ELEV: 118 LAT: 045:25:46 LONG: 0073:51:35

                            TEMPERATURE ( C), RAIN (mm), WIND SPEED (kmh)

                                                 HEAT     COOL           AVG
      MEAN                                       DEG      DEG            WIND                         DOM
DAY   TEMP    HIGH   TIME      LOW     TIME      DAYS     DAYS   RAIN    SPEED    HIGH    TIME        DIR
----------------------------------------------------------------------------------------------------------------------------------------------------------
01
02
03
04
05
06
07
08
09
10
11
12
13
14
15
16
17
18
19
20   -14.1   -10.4   14:36p   -18.0   00:00a     32.4     00.0    00.0   03.7     27.8    21:09p      NW
21   -14.8   -09.3   14:48p   -20.4   03:30a     33.1     00.0    00.0   02.5     24.1    10:19a     WNW
22   -07.6   -05.0   16:25p   -10.9   00:01a     25.9     00.0    00.0   02.0     16.6    09:46a      S 
23   -09.0   -04.0   12:59p   -14.8   00:00a     27.3     00.0    01.0   05.1     46.3    14:04p     WNW
24   -14.6   -09.4   14:32p   -17.3   04:06a     32.9     00.0    00.2   00.4     07.4    12:53p      N 
25   -10.6   -04.4   15:18p   -18.1   02:18a     28.9     00.0    00.0   03.9     29.6    15:51p     WNW
26   -08.5   -04.0   12:51p   -12.9   07:36a     26.8     00.0    00.0   00.7     07.4    23:25p      NW
27   -09.7   -04.4   14:39p   -13.3   07:31a     28.0     00.0    00.0   02.9     20.4    10:35a      NE
28   -08.6   -02.4   14:12p   -13.9   06:51a     26.9     00.0    00.2   00.6     07.4    10:50a      NW
29   -07.1   -02.1   00:00a   -11.0   05:41a     25.4     00.0    00.0   03.2     20.4    12:25p     ENE
30   -01.8    03.7   09:40a   -09.1   22:37p     20.1     00.0    00.2   14.8     64.8    12:26p      W 
31   -08.0   -04.7   14:06p   -10.4   22:16p     26.3     00.0    00.0   07.2     37.0    09:27a      W 
----------------------------------------------------------------------------------------------------------------------------------------------------------
-9.5 (-9.4)   03.7  day 30    -20.4   day 21     334.0    000.0  056.8   03.9     25.7    day 30     WNW
Max <=   0: 11
Min <=   30: 12
Min <= -18: 2
Max <=  -5: 3
Min <=  -5: 12
Max <= -10: 1
Min <= -10: 11
Min <= -15: 4
Min <= -20: 1
Max Rain: 1.0 ON 23-01-08
Days of Rain: 4 (> .2mm) 0 (> 2mm) 0 (> 20mm)